create schema flexngate;
use flexngate;
-- https://www.phpmyadmin.net/
--
-- Creato il: Dic 13, 2024 alle 09:24
-- Versione del server: 5.7.39
-- Versione PHP: 8.2.0

START TRANSACTION;



--
-- Database: `flexngate`
--

DELIMITER $$
--
-- Procedure
--
CREATE DEFINER=`root`@`localhost` PROCEDURE `getExtMapAlarmDetails` (IN `id` BIGINT)  NO SQL SELECT * FROM map_alarms_ext WHERE id_map_alarms = id$$

CREATE DEFINER=`root`@`localhost` PROCEDURE `get_son_menu_pages_by_id_parent_user_type` (IN `id_parent` VARCHAR(250), IN `user_type` VARCHAR(500))  NO SQL SELECT * FROM user_types_menu_pages WHERE parent_id = id_parent AND type = user_type ORDER BY order_by$$

DELIMITER ;

-- --------------------------------------------------------

--
-- Struttura della tabella `access_events`
--

CREATE TABLE `access_events` (
  `id` bigint(20) NOT NULL,
  `source` longtext NOT NULL,
  `position` longtext,
  `insert_time` varchar(250) DEFAULT NULL,
  `red` tinyint(1) NOT NULL DEFAULT '0',
  `type` longtext
) ENGINE=InnoDB DEFAULT CHARSET=utf8;

-- --------------------------------------------------------

--
-- Struttura della tabella `activities`
--

CREATE TABLE `activities` (
  `id` bigint(20) NOT NULL,
  `name` varchar(500) NOT NULL,
  `note` longtext,
  `active` tinyint(1) NOT NULL DEFAULT '1'
) ENGINE=InnoDB DEFAULT CHARSET=utf8;

-- --------------------------------------------------------

--
-- Struttura della tabella `alarms`
--

CREATE TABLE `alarms` (
  `id` bigint(20) NOT NULL,
  `default_text` longtext,
  `custom_text` longtext,
  `default_short_text` longtext,
  `custom_short_text` longtext,
  `sms_text` longtext,
  `email_text` longtext,
  `active` tinyint(1) NOT NULL DEFAULT '1',
  `insert_date` varchar(250) DEFAULT NULL
) ENGINE=InnoDB DEFAULT CHARSET=utf8;

-- --------------------------------------------------------

--
-- Struttura della tabella `alarm_audio_files`
--

CREATE TABLE `alarm_audio_files` (
  `id` bigint(20) NOT NULL,
  `path` longtext NOT NULL,
  `complete_path` longtext,
  `active` tinyint(1) NOT NULL DEFAULT '1',
  `source_file` varchar(500) DEFAULT NULL,
  `insert_date` varchar(250) DEFAULT NULL,
  `id_alarms` bigint(20) NOT NULL
) ENGINE=InnoDB DEFAULT CHARSET=utf8;

-- --------------------------------------------------------

--
-- Struttura della tabella `alarm_extra_logs`
--

CREATE TABLE `alarm_extra_logs` (
  `id` bigint(20) NOT NULL,
  `id_contacts` bigint(20) DEFAULT NULL,
  `extra_log` longtext,
  `status` varchar(500) DEFAULT NULL,
  `insert_time` varchar(500) NOT NULL,
  `id_alarm_logs` bigint(20) NOT NULL
) ENGINE=InnoDB DEFAULT CHARSET=utf8;

-- --------------------------------------------------------

--
-- Struttura della tabella `alarm_logs`
--

CREATE TABLE `alarm_logs` (
  `id` bigint(20) NOT NULL,
  `json_income` longtext,
  `json_outcome` longtext,
  `id_alarm_statuses` bigint(20) NOT NULL DEFAULT '1',
  `id_alarms` bigint(20) NOT NULL,
  `id_map_alarms` bigint(20) DEFAULT NULL,
  `active` tinyint(1) NOT NULL DEFAULT '1',
  `insert_date` varchar(250) NOT NULL,
  `confirmation` varchar(500) DEFAULT NULL,
  `confirmation_name` varchar(500) DEFAULT NULL,
  `confirmation_date` varchar(500) DEFAULT NULL,
  `default_text` longtext,
  `custom_text` longtext,
  `default_short_text` longtext,
  `custom_short_text` longtext,
  `valueStatus` varchar(500) DEFAULT NULL,
  `textStatus` longtext,
  `id_devices` bigint(20) DEFAULT NULL,
  `device_mac_address` varchar(500) DEFAULT NULL,
  `devices_name` longtext,
  `device_types_name` varchar(250) DEFAULT NULL,
  `id_alarm_extra_logs` bigint(20) DEFAULT NULL,
  `extra_log` longtext,
  `alarm_extra_logs_status` varchar(500) DEFAULT NULL,
  `alarm_extra_logs_insert_time` varchar(500) DEFAULT NULL,
  `contact_value` varchar(250) DEFAULT NULL,
  `contact_name` varchar(250) DEFAULT NULL,
  `alarm_json` longtext,
  `thread_config_json` longtext
) ENGINE=InnoDB DEFAULT CHARSET=utf8;

-- --------------------------------------------------------

--
-- Struttura della tabella `alarm_statuses`
--

CREATE TABLE `alarm_statuses` (
  `id` bigint(20) NOT NULL,
  `value` varchar(250) NOT NULL,
  `text` longtext
) ENGINE=InnoDB DEFAULT CHARSET=utf8;

--
-- Dump dei dati per la tabella `alarm_statuses`
--

INSERT INTO `alarm_statuses` (`id`, `value`, `text`) VALUES
(1, 'in_esecuzione', 'In esecuzione'),
(2, 'confermato', 'Confermato'),
(3, 'non_risposto', 'Nessuna risposta'),
(4, 'errore', 'Errore'),
(5, 'notificato', 'Notificato'),
(6, 'riassegnato', 'Riassegnato'),
(7, 'gestito', 'Gestito');

-- --------------------------------------------------------

--
-- Struttura della tabella `alarm_types`
--

CREATE TABLE `alarm_types` (
  `id` bigint(20) NOT NULL,
  `type` varchar(250) NOT NULL,
  `value` longtext NOT NULL,
  `active` tinyint(1) NOT NULL DEFAULT '1',
  `insert_date` varchar(250) DEFAULT NULL
) ENGINE=InnoDB DEFAULT CHARSET=utf8;

-- --------------------------------------------------------

--
-- Struttura stand-in per le viste `all_users_list`
-- (Vedi sotto per la vista effettiva)
--
CREATE TABLE `all_users_list` (
`id` bigint(20)
,`email` varchar(500)
,`active` tinyint(1)
,`registration_date` varchar(500)
,`type` varchar(500)
,`visible` tinyint(1)
);

-- --------------------------------------------------------

--
-- Struttura della tabella `appointments`
--

CREATE TABLE `appointments` (
  `id` bigint(20) NOT NULL,
  `type` varchar(500) DEFAULT NULL,
  `name` longtext NOT NULL,
  `info` longtext,
  `start_time` varchar(500) NOT NULL,
  `end_time` varchar(500) NOT NULL,
  `active` tinyint(1) NOT NULL DEFAULT '1',
  `insert_time` varchar(500) NOT NULL,
  `id_users` bigint(20) DEFAULT NULL,
  `code` varchar(500) DEFAULT NULL,
  `called` tinyint(1) NOT NULL DEFAULT '0'
) ENGINE=InnoDB DEFAULT CHARSET=utf8;

-- --------------------------------------------------------

--
-- Struttura della tabella `appointment_persons`
--

CREATE TABLE `appointment_persons` (
  `id` bigint(20) NOT NULL,
  `appointment_code` varchar(500) NOT NULL,
  `name` varchar(500) DEFAULT NULL,
  `surname` varchar(500) DEFAULT NULL,
  `company` varchar(500) DEFAULT NULL,
  `email` varchar(500) NOT NULL,
  `path_qr_code` varchar(500) DEFAULT NULL,
  `active` tinyint(1) NOT NULL DEFAULT '1',
  `id_appointments` bigint(20) NOT NULL,
  `badge_number` varchar(500) DEFAULT NULL,
  `badge_insert_time` varchar(250) DEFAULT NULL
) ENGINE=InnoDB DEFAULT CHARSET=utf8;

-- --------------------------------------------------------

--
-- Struttura della tabella `appointment_person_movements`
--

CREATE TABLE `appointment_person_movements` (
  `id` bigint(20) NOT NULL,
  `in_time` varchar(250) DEFAULT NULL,
  `out_time` varchar(250) DEFAULT NULL,
  `id_totem_in` bigint(20) DEFAULT NULL,
  `id_totem_out` bigint(20) DEFAULT NULL,
  `id_appointment_persons` bigint(20) DEFAULT NULL,
  `badge` varchar(500) DEFAULT NULL
) ENGINE=InnoDB DEFAULT CHARSET=utf8;

-- --------------------------------------------------------

--
-- Struttura della tabella `app_alarm_notifications`
--

CREATE TABLE `app_alarm_notifications` (
  `id` bigint(20) NOT NULL,
  `id_alarm_logs` bigint(20) NOT NULL,
  `id_app_users` bigint(20) NOT NULL,
  `id_app_names` bigint(20) NOT NULL,
  `id_devices` bigint(20) NOT NULL,
  `is_push` tinyint(1) NOT NULL DEFAULT '1',
  `sent` tinyint(1) NOT NULL DEFAULT '0',
  `insert_date` varchar(250) NOT NULL,
  `sent_date` varchar(250) DEFAULT NULL,
  `alarm_info` longtext,
  `alarm_message` longtext,
  `alarm_type` varchar(500) DEFAULT NULL,
  `alarm_filter` varchar(500) DEFAULT NULL,
  `alarm_callback` varchar(500) DEFAULT NULL,
  `status` bigint(20) NOT NULL DEFAULT '0',
  `id_contacts` bigint(20) DEFAULT NULL,
  `app_user_name` varchar(500) DEFAULT NULL,
  `app_name` varchar(500) DEFAULT NULL,
  `device_mac_address` varchar(500) DEFAULT NULL,
  `device_name` varchar(500) DEFAULT NULL
) ENGINE=InnoDB DEFAULT CHARSET=utf8;

-- --------------------------------------------------------

--
-- Struttura della tabella `app_keys`
--

CREATE TABLE `app_keys` (
  `id` bigint(20) NOT NULL,
  `name` varchar(250) NOT NULL,
  `provider` varchar(250) DEFAULT NULL,
  `service` varchar(250) DEFAULT NULL,
  `api_key` longtext NOT NULL,
  `id_app_names` bigint(20) NOT NULL
) ENGINE=InnoDB DEFAULT CHARSET=utf8;

--
-- Dump dei dati per la tabella `app_keys`
--

INSERT INTO `app_keys` (`id`, `name`, `provider`, `service`, `api_key`, `id_app_names`) VALUES
(1, 'FCM', 'Google', 'Firebase', 'AAAAg3pQ138:APA91bEkkcdm2lpT1hTli2iEaJVJKYB4pv_MD_Nls2VT7wJaVdC-OY6a8L8qwiEeAVyKu8dtRUsSiPDtpqMAZRlCeC7ZMjpolj7GI94tLBOFqged88lR3_9HVrI4PHtjYifii2V3EjXd', 1),
(3, 'FCM', 'Google', 'Firebase', 'AAAAIRmsLnE:APA91bHXfTLZVPx2gvTk1P6Yt3X6jffY2iqSALWpaTMZ1vb8m2WPsfebgTx0wQnLRDjcZ-QSMibSLXAMtWpqH4qQZtvWLSuR4pljcjSF1mB4DgvouohW8buTXpQ2lnedmWE60D7sDPGL', 5);

-- --------------------------------------------------------

--
-- Struttura della tabella `app_names`
--

CREATE TABLE `app_names` (
  `id` bigint(20) NOT NULL,
  `name` varchar(500) NOT NULL,
  `pbx` tinyint(1) NOT NULL DEFAULT '0'
) ENGINE=InnoDB DEFAULT CHARSET=utf8;

--
-- Dump dei dati per la tabella `app_names`
--

INSERT INTO `app_names` (`id`, `name`, `pbx`) VALUES
(1, 'blumcare', 0),
(2, 'cleaner', 0),
(3, 'agenda', 0),
(4, 'maintenance', 0),
(5, 'zettre_app', 1),
(6, 'logistics', 0),
(7, 'iveco_rfid', 0),
(8, 'custom_coster_3', 0),
(9, 'tt_man', 0);

-- --------------------------------------------------------

--
-- Struttura della tabella `app_names_users_nfc`
--

CREATE TABLE `app_names_users_nfc` (
  `id` bigint(20) NOT NULL,
  `id_app_names` bigint(20) DEFAULT NULL,
  `id_app_users` bigint(20) DEFAULT NULL,
  `id_devices_nfc` bigint(20) DEFAULT NULL,
  `insert_time` varchar(250) COLLATE utf8mb4_unicode_ci DEFAULT NULL
) ENGINE=InnoDB DEFAULT CHARSET=utf8mb4 COLLATE=utf8mb4_unicode_ci;

-- --------------------------------------------------------

--
-- Struttura della tabella `app_users`
--

CREATE TABLE `app_users` (
  `id` bigint(20) NOT NULL,
  `username` varchar(500) DEFAULT NULL,
  `password` varchar(500) DEFAULT NULL,
  `name` varchar(500) DEFAULT NULL,
  `surname` varchar(500) DEFAULT NULL,
  `insert_date` varchar(250) DEFAULT NULL,
  `active` tinyint(1) NOT NULL DEFAULT '1',
  `push_enabled` tinyint(1) NOT NULL DEFAULT '1',
  `reset_pwd_tmp_token` varchar(500) DEFAULT NULL,
  `reset_pwd_tmp_token_time` varchar(250) DEFAULT NULL
) ENGINE=InnoDB DEFAULT CHARSET=utf8;

--
-- Dump dei dati per la tabella `app_users`
--

INSERT INTO `app_users` (`id`, `username`, `password`, `name`, `surname`, `insert_date`, `active`, `push_enabled`, `reset_pwd_tmp_token`, `reset_pwd_tmp_token_time`) VALUES
(1, 'support@blumit.it', '$2y$11$6e15bd73eb25c5740f832uMoKMuASsEAmCFczV3O7KTRe/rLt.I96', '', '', '2024-12-02 14:53:23', 1, 1, NULL, NULL),
(2, 'luca.beretta@blumit.it', '$2y$11$17716b08f74ebdbd28553u38ZBu5Ofbpvx4zrFbP27XVQCj19JPUi', 'Luca', 'Beretta', '2024-12-03 16:46:19', 0, 1, NULL, NULL),
(3, 'berettaluca@me.com', '$2y$11$ae32fb6f442cfee7a7931OYlD0FLBtU4xFVsgIpqbvIoSbfnrtq86', 'Luca', 'Beretta', '2024-12-03 16:50:23', 1, 1, NULL, NULL),
(4, 'luca.beretta@blumit.it', '$2y$11$11d8731b95fe67a1b5844ud3YK5mt5Qh1htnF1.Z7zE5cfKjSdgZ2', '', '', '2024-12-07 14:33:18', 1, 1, NULL, NULL),
(5, 'marco@blumit.it', '$2y$11$520ccf65abeebbd61be22ub.ZmARYpcQiFbCK0eMAGEnh/AS19ht6', 'Marco', 'Sirini', '2024-12-07 22:56:10', 1, 1, NULL, NULL),
(6, 'alexandre@blumit.it', '$2y$11$f2daba1a422d17bc9f140uvaiokunfi8RNg7kv5Yr9ifKUNySQOQu', 'Alexandre', 'Rodrigues', '2024-12-07 22:56:33', 1, 1, NULL, NULL),
(7, 'info@blumit.it', '$2y$11$8ad8134b601f8c4a3428buA8Jz00p9y7e5rVEbusgrrGCZOrrHdlq', '', '', '2024-12-07 22:57:32', 1, 1, NULL, NULL);

-- --------------------------------------------------------

--
-- Struttura della tabella `app_user_pbx`
--

CREATE TABLE `app_user_pbx` (
  `id` int(11) NOT NULL,
  `display_name` varchar(1000) DEFAULT NULL,
  `user` varchar(1000) DEFAULT NULL,
  `protocol` varchar(250) DEFAULT NULL,
  `dtmf_mode` varchar(250) DEFAULT NULL,
  `secret` varchar(1000) DEFAULT NULL,
  `port` varchar(250) DEFAULT NULL,
  `host` varchar(1000) DEFAULT NULL,
  `register` tinyint(1) NOT NULL DEFAULT '1',
  `configuration` longtext,
  `active` tinyint(1) NOT NULL DEFAULT '1',
  `id_app_users` bigint(20) NOT NULL,
  `id_app_names` bigint(20) NOT NULL
) ENGINE=InnoDB DEFAULT CHARSET=utf8;

-- --------------------------------------------------------

--
-- Struttura della tabella `app_user_sessions`
--

CREATE TABLE `app_user_sessions` (
  `id` bigint(20) NOT NULL,
  `token` varchar(500) NOT NULL,
  `creation_date` varchar(250) NOT NULL,
  `update_date` varchar(250) DEFAULT NULL,
  `platform` varchar(500) DEFAULT NULL,
  `version` varchar(1000) DEFAULT NULL,
  `uuid` varchar(1000) DEFAULT NULL,
  `serial_hw` varchar(1000) DEFAULT NULL,
  `registration_id` varchar(500) DEFAULT NULL,
  `registration_type` varchar(500) DEFAULT NULL,
  `active` tinyint(1) NOT NULL DEFAULT '1',
  `id_app_users` bigint(20) NOT NULL,
  `id_app_names` bigint(20) NOT NULL
) ENGINE=InnoDB DEFAULT CHARSET=utf8;

-- --------------------------------------------------------

--
-- Struttura della tabella `app_user_types`
--

CREATE TABLE `app_user_types` (
  `id` bigint(20) NOT NULL,
  `type` varchar(500) NOT NULL
) ENGINE=InnoDB DEFAULT CHARSET=utf8;

--
-- Dump dei dati per la tabella `app_user_types`
--

INSERT INTO `app_user_types` (`id`, `type`) VALUES
(1, 'level1'),
(10, 'level10'),
(11, 'level11'),
(12, 'level12'),
(13, 'level13'),
(14, 'level14'),
(15, 'level15'),
(2, 'level2'),
(3, 'level3'),
(4, 'level4'),
(5, 'level5'),
(6, 'level6'),
(7, 'level7'),
(8, 'level8'),
(9, 'level9');

-- --------------------------------------------------------

--
-- Struttura della tabella `app_user_type_aliases`
--

CREATE TABLE `app_user_type_aliases` (
  `id` bigint(20) NOT NULL,
  `alias` varchar(500) NOT NULL,
  `id_app_names` bigint(20) NOT NULL,
  `id_app_user_types` bigint(20) NOT NULL,
  `active` tinyint(1) NOT NULL DEFAULT '1'
) ENGINE=InnoDB DEFAULT CHARSET=utf8;

--
-- Dump dei dati per la tabella `app_user_type_aliases`
--

INSERT INTO `app_user_type_aliases` (`id`, `alias`, `id_app_names`, `id_app_user_types`, `active`) VALUES
(1, 'administrator', 9, 1, 1),
(2, 'viewer', 9, 2, 1),
(3, 'app', 9, 3, 1);

-- --------------------------------------------------------

--
-- Struttura della tabella `app_zett_presences`
--

CREATE TABLE `app_zett_presences` (
  `id` bigint(20) NOT NULL,
  `nid` bigint(20) DEFAULT NULL,
  `textLocation` varchar(500) DEFAULT NULL,
  `subLocation` varchar(500) DEFAULT NULL,
  `nplvl` varchar(500) DEFAULT NULL,
  `status` tinyint(4) NOT NULL DEFAULT '1',
  `initiatedTime` varchar(500) DEFAULT NULL,
  `deletedTime` varchar(500) DEFAULT NULL
) ENGINE=InnoDB DEFAULT CHARSET=utf8;

-- --------------------------------------------------------

--
-- Struttura della tabella `areas`
--

CREATE TABLE `areas` (
  `id` bigint(20) NOT NULL,
  `name` longtext NOT NULL,
  `active` tinyint(1) NOT NULL DEFAULT '1',
  `insert_date` varchar(250) DEFAULT NULL
) ENGINE=InnoDB DEFAULT CHARSET=utf8;

-- --------------------------------------------------------

--
-- Struttura della tabella `area_coordinates`
--

CREATE TABLE `area_coordinates` (
  `id` bigint(20) NOT NULL,
  `name` varchar(250) NOT NULL,
  `latitude` longtext NOT NULL,
  `longitude` longtext NOT NULL,
  `point` varchar(2) NOT NULL,
  `active` tinyint(1) NOT NULL DEFAULT '1',
  `insert_date` varchar(250) DEFAULT NULL,
  `id_area` bigint(20) NOT NULL
) ENGINE=InnoDB DEFAULT CHARSET=utf8;

-- --------------------------------------------------------

--
-- Struttura della tabella `area_details`
--

CREATE TABLE `area_details` (
  `id` bigint(20) NOT NULL,
  `field_name` varchar(250) NOT NULL,
  `field_value` longtext NOT NULL
) ENGINE=InnoDB DEFAULT CHARSET=utf8;

-- --------------------------------------------------------

--
-- Struttura della tabella `auxiliary_alarms`
--

CREATE TABLE `auxiliary_alarms` (
  `id` bigint(20) NOT NULL,
  `source` longtext NOT NULL,
  `position` longtext,
  `alarm_date` varchar(250) NOT NULL,
  `red` tinyint(1) NOT NULL DEFAULT '0',
  `type` longtext
) ENGINE=InnoDB DEFAULT CHARSET=utf8;

-- --------------------------------------------------------

--
-- Struttura della tabella `auxiliary_datetimes`
--

CREATE TABLE `auxiliary_datetimes` (
  `dtkey` varchar(100) NOT NULL,
  `value` varchar(500) NOT NULL
) ENGINE=InnoDB DEFAULT CHARSET=utf8;

--
-- Dump dei dati per la tabella `auxiliary_datetimes`
--

INSERT INTO `auxiliary_datetimes` (`dtkey`, `value`) VALUES
('dateTimeCitotelefono', '2024-03-22 17:48:13'),
('dateTimeMaster', '2024-03-23 16:09:40'),
('dateTimeMasterConfirmCode', '2021-10-31 15:30:40'),
('dateTimeMasterInternalAlarm', '2021-10-31 15:30:40'),
('dateTimeMasterNumericAlarm', '2024-03-23 16:09:40'),
('dateTimeSnmp', '2022-10-22 00:44:59');

-- --------------------------------------------------------

--
-- Struttura della tabella `auxiliary_device_tracking`
--

CREATE TABLE `auxiliary_device_tracking` (
  `id` bigint(20) NOT NULL,
  `mac_dect` varchar(200) NOT NULL,
  `mac_ap` varchar(200) NOT NULL,
  `datetime` varchar(200) NOT NULL
) ENGINE=InnoDB DEFAULT CHARSET=utf8;

-- --------------------------------------------------------

--
-- Struttura della tabella `calls`
--

CREATE TABLE `calls` (
  `id` bigint(20) NOT NULL,
  `insert_time` varchar(500) NOT NULL,
  `called_number` varchar(500) DEFAULT NULL,
  `result` varchar(500) NOT NULL,
  `server` varchar(500) DEFAULT NULL,
  `id_alarm_logs` bigint(20) DEFAULT NULL
) ENGINE=InnoDB DEFAULT CHARSET=utf8;

-- --------------------------------------------------------

--
-- Struttura della tabella `call_groups`
--

CREATE TABLE `call_groups` (
  `id` bigint(20) NOT NULL,
  `name` longtext NOT NULL,
  `active` tinyint(1) NOT NULL DEFAULT '1',
  `insert_date` varchar(250) DEFAULT NULL
) ENGINE=InnoDB DEFAULT CHARSET=utf8;

--
-- Dump dei dati per la tabella `call_groups`
--

INSERT INTO `call_groups` (`id`, `name`, `active`, `insert_date`) VALUES
(1, 'Test123', 1, '2024-12-07 23:04:02'),
(2, 'test456', 1, '2024-12-07 23:04:11');

-- --------------------------------------------------------

--
-- Struttura della tabella `call_groups_modalities`
--

CREATE TABLE `call_groups_modalities` (
  `id` bigint(20) NOT NULL,
  `modality_name` varchar(500) NOT NULL,
  `cessation` tinyint(1) NOT NULL,
  `group_call` tinyint(1) NOT NULL
) ENGINE=InnoDB DEFAULT CHARSET=utf8;

--
-- Dump dei dati per la tabella `call_groups_modalities`
--

INSERT INTO `call_groups_modalities` (`id`, `modality_name`, `cessation`, `group_call`) VALUES
(1, 'Chiamata di gruppo con cessazione', 1, 1),
(2, 'Chiamata di gruppo senza cessazione', 0, 1),
(3, 'Chiamata ciclica', 1, 0);

-- --------------------------------------------------------

--
-- Struttura della tabella `call_group_settings`
--

CREATE TABLE `call_group_settings` (
  `id` bigint(20) NOT NULL,
  `recall_n_times` bigint(20) NOT NULL DEFAULT '1',
  `recall_delay` bigint(20) NOT NULL DEFAULT '30',
  `id_call_groups` bigint(20) NOT NULL
) ENGINE=InnoDB DEFAULT CHARSET=utf8;

--
-- Dump dei dati per la tabella `call_group_settings`
--

INSERT INTO `call_group_settings` (`id`, `recall_n_times`, `recall_delay`, `id_call_groups`) VALUES
(1, 1, 30, 1),
(2, 1, 30, 2);

-- --------------------------------------------------------

--
-- Struttura della tabella `configurations`
--

CREATE TABLE `configurations` (
  `id` bigint(20) NOT NULL,
  `name_key` varchar(1024) NOT NULL,
  `value` longtext NOT NULL,
  `active` tinyint(1) NOT NULL DEFAULT '1',
  `insert_time` varchar(1024) DEFAULT NULL
) ENGINE=InnoDB DEFAULT CHARSET=utf8;

--
-- Dump dei dati per la tabella `configurations`
--

INSERT INTO `configurations` (`id`, `name_key`, `value`, `active`, `insert_time`) VALUES
(52, 'smtp1', '{\"host\":\"mail.phoenyxsrl.com\",\"port\":\"587\",\"auth\":\"SI\",\"username\":\"phoenyxsrl.com\",\"password\":\"biefeeph\",\"security\":\"starttls\",\"emailMittente\":\"info@phoenyxsrl.com\",\"nameMittente\":\"Phoenyx Srl\"}', 0, '2018-11-21 23:52:19'),
(93, 'pocsag1', '{\"host\":\"10.0.0.20\",\"port1\":\"10001\"}', 1, '2020-10-08 21:17:57'),
(95, 'capcode1', '183', 1, '2020-10-10 16:34:09'),
(99, 'ntp_conf1', '# /etc/ntp.conf, configuration for ntpd; see ntp.conf(5) for help\n\ndriftfile /var/lib/ntp/ntp.drift\n\n# Enable this if you want statistics to be logged.\n#statsdir /var/log/ntpstats/\n\nstatistics loopstats peerstats clockstats\nfilegen loopstats file loopstats type day enable\nfilegen peerstats file peerstats type day enable\nfilegen clockstats file clockstats type day enable\n\n# Specify one or more NTP servers.\n\n# Use servers from the NTP Pool Project. Approved by Ubuntu Technical Board\n# on 2011-02-08 (LP: #104525). See http://www.pool.ntp.org/join.html for\n# more information.\npool 0.ubuntu.pool.ntp.org iburst\npool 1.ubuntu.pool.ntp.org iburst\npool 2.ubuntu.pool.ntp.org iburst\npool 3.ubuntu.pool.ntp.org iburst\n\n# Use Ubuntu\'s ntp server as a fallback.\npool ntp.ubuntu.com\n\n# Access control configuration; see /usr/share/doc/ntp-doc/html/accopt.html for\n# details.  The web page <http://support.ntp.org/bin/view/Support/AccessRestricti$\n# might also be helpful.\n#\n# Note that \"restrict\" applies to both servers and clients, so a configuration\n# that might be intended to block requests from certain clients could also end\n# up blocking replies from your own upstream servers.\n\n# By default, exchange time with everybody, but don\'t allow configuration.\nrestrict -4 default kod notrap nomodify nopeer noquery limited\nrestrict -6 default kod notrap nomodify nopeer noquery limited\n\n# Local users may interrogate the ntp server more closely.\nrestrict 127.0.0.1\nrestrict ::1\n\n# Needed for adding pool entries\nrestrict source notrap nomodify noquery\n\n# Clients from this (example!) subnet have unlimited access, but only if\n# cryptographically authenticated.\n#restrict 192.168.123.0 mask 255.255.255.0 notrust\n\n\n# If you want to provide time to your local subnet, change the next line.\n# (Again, the address is an example only.)\n#broadcast 192.168.123.255\n\n# If you want to listen to time broadcasts on your local subnet, de-comment the\n# next lines.  Please do this only if you trust everybody on the network!\n#disable auth\n#broadcastclient\n\n#Changes recquired to use pps synchonisation as explained in documentation:\n#http://www.ntp.org/ntpfaq/NTP-s-config-adv.htm#AEN3918\n\n#server 127.127.8.1 mode 135 prefer    # Meinberg GPS167 with PPS\n#fudge 127.127.8.1 time1 0.0042        # relative to PPS for my hardware\n\n#server 127.127.22.1                   # ATOM(PPS)\n#fudge 127.127.22.1 flag3 1            # enable PPS API', 1, '2020-10-13 00:34:32'),
(106, 'interfaces_conf1', 'auto eth0\niface eth0 inet dhcp\n\n#iface eth0 inet static\n#address 192.168.1.5\n#netmask 255.255.255.0\n#gateway 192.168.1.254', 0, '2020-10-27 23:14:46'),
(180, 'path_destination_gsm1', '/Applications/MAMP/htdocs/isafe_web/audio_file/gsm', 0, '2021-04-26 08:52:32'),
(181, 'path_sox_command1', '/usr/local/bin/sox', 0, '2021-04-26 08:52:32'),
(218, 'sip_conf1', ';This file was generated and manteined by ga-system.\n;Changes to this file will be lost when it will be regenerated by ga-system.\n\n[general]\ncontext=default\n\n[20]\ncallerid=20\ntype=friend\nhost=dynamic\nbusylevel=1\ncid_number=20\nsecret=20\nnat=yes\ndtmfmode=rfc2833\ninsecure=\ndisallow=all\nallow=alaw\ncontext=default\n\n[30]\ncallerid=30\ntype=friend\nhost=dynamic\nbusylevel=1\ncid_number=30\nsecret=30\nnat=yes\ndtmfmode=rfc2833\ninsecure=\ndisallow=all\nallow=alaw\ncontext=default\n\n[trunk]\ntype=peer\nhost=sip.messagenet.it\nport=5060\nusername=5668799\nsecret=V9h7aE9X\nauth=md5\nfromuser=5668799\nnat=yes\ncanreinvite=no\ninsecure=invite,port\ncontext=default\ndisallow=all\nallow=alaw\ndtmfmode=rfc2833', 0, '2021-11-02 15:58:25'),
(219, 'http_conf1', ';\n; Asterisk Builtin mini-HTTP server\n;\n;\n; Note about Asterisk documentation:\n;   If Asterisk was installed from a tarball, then the HTML documentation should\n;   be installed in the static-http/docs directory which is\n;   (/var/lib/asterisk/static-http/docs) on linux by default.  If the Asterisk\n;   HTTP server is enabled in this file by setting the \"enabled\", \"bindaddr\",\n;   and \"bindport\" options, then you should be able to view the documentation\n;   remotely by browsing to:\n;       http://<server_ip>:<bindport>/static/docs/index.html\n;\n[general]\n;\n; Whether HTTP/HTTPS interface is enabled or not.  Default is no.\n; This also affects manager/rawman/mxml access (see manager.conf)\n;\nenabled=yes\n;\n; Address to bind to, both for HTTP and HTTPS. You MUST specify\n; a bindaddr in order for the HTTP server to run. There is no\n; default value.\n;\nbindaddr=0.0.0.0\n;\n; Port to bind to for HTTP sessions (default is 8088)\n;\n;bindport=8088\n;\n; Prefix allows you to specify a prefix for all requests\n; to the server.  The default is blank.  If uncommented\n; all requests must begin with /asterisk\n;\n;prefix=asterisk\n;\n; sessionlimit specifies the maximum number of httpsessions that will be\n; allowed to exist at any given time. (default: 100)\n;\n;sessionlimit=100\n;\n; session_inactivity specifies the number of milliseconds to wait for\n; more data over the HTTP connection before closing it.\n;\n; Default: 30000\n;session_inactivity=30000\n;\n; session_keep_alive specifies the number of milliseconds to wait for\n; the next HTTP request over a persistent connection.\n;\n; Set to 0 to disable persistent HTTP connections.\n; Default: 15000\n;session_keep_alive=15000\n;\n; Whether Asterisk should serve static content from static-http\n; Default is no.\n;\n;enablestatic=yes\n;\n; Redirect one URI to another.  This is how you would set a\n; default page.\n;   Syntax: redirect=<from here> <to there>\n; For example, if you are using the Asterisk-gui,\n; it is convenient to enable the following redirect:\n;\n;redirect = / /static/config/index.html\n;\n; HTTPS support. In addition to enabled=yes, you need to\n; explicitly enable tls, define the port to use,\n; and have a certificate somewhere.\n;tlsenable=yes          ; enable tls - default no.\n;tlsbindaddr=0.0.0.0:8089    ; address and port to bind to - default is bindaddr and port 8089.\n;\n;tlscertfile=</path/to/certificate.pem>  ; path to the certificate file (*.pem) only.\n;tlsprivatekey=</path/to/private.pem>    ; path to private key file (*.pem) only.\n; If no path is given for tlscertfile or tlsprivatekey, default is to look in current\n; directory. If no tlsprivatekey is given, default is to search tlscertfile for private key.\n;\n; To produce a certificate you can e.g. use openssl. This places both the cert and\n; private in same .pem file.\n; openssl req -new -x509 -days 365 -nodes -out /tmp/foo.pem -keyout /tmp/foo.pem\n;\n; The post_mappings section maps URLs to real paths on the filesystem.  If a\n; POST is done from within an authenticated manager session to one of the\n; configured POST mappings, then any files in the POST will be placed in the\n; configured directory.\n;\n;[post_mappings]\n;\n; NOTE: You need a valid HTTP AMI mansession_id cookie with the manager\n; config permission to POST files.\n;\n; In this example, if the prefix option is set to \"asterisk\", then using the\n; POST URL: /asterisk/uploads will put files in /var/lib/asterisk/uploads/.\n;uploads = /var/lib/asterisk/uploads/\n;', 0, '2021-11-02 15:58:25'),
(220, 'ari_conf1', '[general]\nenabled = yes       ; When set to no, ARI support is disabled.\npretty = yes        ; When set to yes, responses from ARI are\n;                   ; formatted to be human readable.\n;allowed_origins =  ; Comma separated list of allowed origins, for\n;                   ; Cross-Origin Resource Sharing. May be set to * to\n;                   ; allow all origins.\n;auth_realm =       ; Realm to use for authentication. Defaults to Asterisk\n;                   ; REST Interface.\n;\n; Default write timeout to set on websockets. This value may need to be adjusted\n; for connections where Asterisk must write a substantial amount of data and the\n; receiving clients are slow to process the received information. Value is in\n; milliseconds; default is 100 ms.\n;websocket_write_timeout = 100\n\n;[username]\n;type = user        ; Specifies user configuration\n;read_only = no     ; When set to yes, user is only authorized for\n;                   ; read-only requests.\n;\n;password =         ; Crypted or plaintext password (see password_format).\n;\n; password_format may be set to plain (the default) or crypt. When set to crypt,\n; crypt(3) is used to validate the password. A crypted password can be generated\n; using mkpasswd -m sha-512.\n;\n; When set to plain, the password is in plaintext.\n;\n;password_format = plain\n[asterisk]\ntype = user\nread_only = no\npassword = asterisk', 0, '2021-11-02 15:58:25'),
(221, 'extensions_conf1', ';This file was generated and manteined by ga-system.\n;Changes to this file will be lost when it will be regenerated by ga-system.\n\n[default]\n\nexten => _X.,1,Dial(SIP/${EXTEN})\nexten => _9X.,1,Dial(SIP/${EXTEN:1}@trunk)\n\n;exten => _X.,n,Answer()\n;exten => _X.,n,Stasis(pippo)\n\nexten => 1000,1,NoOp()\n exten =>     1000, n,Answer()\n exten =>      1000,n,Stasis(hello-world)\n exten =>      1000,n,Hangup()', 0, '2021-11-02 15:58:25'),
(225, 'snmp1', 'com2sec local     192.168.123.0/24           public\ngroup MyRWGroup v1         local\ngroup MyRWGroup v2c        local\ngroup MyRWGroup usm        local\nview all    included  .1                               80\naccess MyRWGroup \"\"      any       noauth    exact  all    all    none\nsyslocation ClienteX (edit /etc/snmp/snmpd.conf)\nsyscontact PhoenyxSRL  (configure /etc/snmp/snmp.local.conf)\npass .1.3.6.1.4.1.4413.4.1 /usr/bin/ucd5820stat\nproc iSafeService 1 1\nproc mysqld 1 1\nproc apache2 20 1\nproc asterisk 1 1', 1, '2021-11-03 12:38:12'),
(237, 'sms1', '{\"host\":\"192.168.123.160\",\"port1\":\"9991\",\"port2\":\"10991\",\"user\":\"admin\"}', 1, '2021-11-08 20:22:57'),
(342, 'isafe_srv1', '{\"configuration\":[{\"threadConfiguration\":{\"sleepTime\":5000,\"sleepTimeException\":5000,\"isafeWebInfo\":{\"protocol\":\"http\",\"host\":\"192.168.0.51\",\"port\":\"80\",\"token\":\"aYhCfhv0m9LBTpgrgoLBUgSXv1E02qQRg1DdBLAxu2wxstGhDy\",\"path\":\"/isafe_web/api/\"},\"actions\":true}}],\"ari\":{\"active\":false,\"protocol\":\"http\",\"host\":\"192.168.1.169\",\"port\":\"8088\",\"apiKey\":\"asterisk:asterisk\",\"pathSounds\":\"/usr/share/asterisk/sounds/ga\",\"timeout\":120000,\"delayInactiveChannelSeconds\":20,\"trunks\":[{\"trunk\":{\"name\":\"trunk\",\"nChannel\":30,\"protocol\":\"SIP\"}}]}}', 1, '2022-09-27 16:53:08'),
(356, 'voice_rss_parameters', '{\"key\":\"a659f978bec54b5db56cef5423427c63\",\"language\":\"it-it\",\"speed\":\"-1\",\"format\":\"8khz_8bit_mono\",\"codecs\":\"WAV\",\"phrase\":\"Premi uno per riascoltare o premi due per confermare la ricezione del messaggio.\"}', 0, '2022-09-29 18:50:30'),
(360, 'pbx1', '{\"pbxNChannel\":\"30\",\"pbxTrunkName\":\"trunk\",\"pbxActive\":true,\"pbxApiProtocol\":\"http\",\"pbxHost\":\"127.0.0.1\",\"pbxPort\":\"80\"}', 0, '2022-09-30 09:59:46'),
(363, 'isafe_web1', '{\"webName\":\"sviluppowebProtocolIndoor=https\",\"webToken\":\"aYhCfhv0m9LBTpgrgoLBUgSXv1E02qQRg1DdBLAxu2wxstGhDy\",\"webPort\":\"80\",\"webHost\":\"127.0.0.2\",\"webProtocol\":\"http\",\"webPortIndoor\":\"443\",\"webHostIndoor\":\"127.0.0.3\",\"webProtocolIndoor\":\"https\"}', 0, '2022-10-01 09:31:26'),
(364, 'proxy1', '{\"activeProxy\":false,\"protocolProxy\":null,\"hostProxy\":null,\"portProxy\":null}', 0, '2022-10-02 09:32:22'),
(365, 'event1', '{\"enableActionEvent\":true,\"outdoorEmailEvent\":\"false\",\"indoorEmailEvent\":\"false\",\"outdoorSmsEvent\":\"false\",\"indoorSmsEvent\":\"false\",\"enableTtsEvent\":true}', 1, '2022-10-02 09:32:26'),
(366, 'trouble1', '{\"enableActionTrouble\":true,\"outdoorEmailTrouble\":\"false\",\"indoorEmailTrouble\":\"false\",\"outdoorSmsTrouble\":\"false\",\"indoorSmsTrouble\":\"false\",\"enableTtsTrouble\":true}', 1, '2022-10-02 09:32:28'),
(367, 'dect_3', '{\"enableDectAlarm\":false,\"dectTypeAlarm\":\"dect_xml_10\",\"dectApiProtocolAlarm\":\"http\",\"dectApiHostAlarm\":\"\",\"dectApiPortAlarm\":\"\",\"dectApiPathAlarm\":\"\",\"dectApiProtocolCellAlarm\":\"http\",\"dectHtmlHostCellAlarm\":\"\",\"dectHtmlPortCellAlarm\":\"\",\"dectHtmlPathCellAlarm\":\"\",\"path_master\":\"\",\"path_snmp\":\"\",\"internalAlarmPrevText\":\"\",\"internalAlarmNextText\":\"\",\"alarmNumberDect\":\"\",\"numberNormalPositionDect\":\"\",\"numberForcePositionDect\":\"\",\"outdoorEmailDect\":\"false\",\"indoorEmailDect\":\"false\",\"outdoorSmsDect\":\"false\",\"indoorSmsDect\":\"false\"}', 1, '2022-10-02 09:43:11'),
(368, 'app_android_1', '{\"enableAndroidAlarm\":false,\"androidSourceAlarm\":null,\"androidMode\":null,\"smsServerIdCustomer\":null,\"smsServerTokenCustomer\":null,\"customerKey\":null,\"enableKeepAlive\":null,\"keepAlive\":null,\"keepAliveModality\":null,\"keepAliveMap\":null,\"batteryCheck\":null,\"batteryLevel\":null,\"outdoorEmailAndroid\":false,\"indoorEmailAndroid\":false,\"outdoorSmsAndroid\":false,\"indoorSmsAndroid\":false}', 0, '2022-10-02 09:44:45'),
(369, 'serial', '{\"serialDataArray\":[{\"enableSerialAlarm\":\"0\",\"serialTypeAlarm\":\"nurse\",\"serialTypeProtocol\":\"rs232\",\"serialEspa444ModProtocol\":\"\",\"serialRS232EndLine\":\"\",\"serialRS232Timeout\":\"\",\"serialRS232Separator\":\"\",\"serialRS232StartInfo\":\"\",\"serialRS232EndInfo\":\"\",\"serialTcpHost\":\"\",\"serialTcpPort\":\"\"},{\"enableSerialAlarm\":\"0\",\"serialTypeAlarm\":\"nurse\",\"serialTypeProtocol\":\"rs232\",\"serialEspa444ModProtocol\":\"\",\"serialRS232EndLine\":\"\",\"serialRS232Timeout\":\"\",\"serialRS232Separator\":\"\",\"serialRS232StartInfo\":\"\",\"serialRS232EndInfo\":\"\",\"serialTcpHost\":\"\",\"serialTcpPort\":\"\"},{\"enableSerialAlarm\":\"0\",\"serialTypeAlarm\":\"nurse\",\"serialTypeProtocol\":\"rs232\",\"serialEspa444ModProtocol\":\"\",\"serialRS232EndLine\":\"\",\"serialRS232Timeout\":\"\",\"serialRS232Separator\":\"\",\"serialRS232StartInfo\":\"\",\"serialRS232EndInfo\":\"\",\"serialTcpHost\":\"\",\"serialTcpPort\":\"\"},{\"enableSerialAlarm\":\"0\",\"serialTypeAlarm\":\"nurse\",\"serialTypeProtocol\":\"rs232\",\"serialEspa444ModProtocol\":\"\",\"serialRS232EndLine\":\"\",\"serialRS232Timeout\":\"\",\"serialRS232Separator\":\"\",\"serialRS232StartInfo\":\"\",\"serialRS232EndInfo\":\"\",\"serialTcpHost\":\"\",\"serialTcpPort\":\"\"},{\"enableSerialAlarm\":\"0\",\"serialTypeAlarm\":\"nurse\",\"serialTypeProtocol\":\"rs232\",\"serialEspa444ModProtocol\":\"\",\"serialRS232EndLine\":\"\",\"serialRS232Timeout\":\"\",\"serialRS232Separator\":\"\",\"serialRS232StartInfo\":\"\",\"serialRS232EndInfo\":\"\",\"serialTcpHost\":\"\",\"serialTcpPort\":\"\"}],\"outdoorEmailSerial\":false,\"indoorEmailSerial\":false,\"outdoorSmsSerial\":false,\"indoorSmsSerial\":false}', 0, '2022-10-02 09:45:25'),
(370, 'ewon_modbus', '{\"ewonModbusDataArray\":[{\"enableEwonModbus\":\"0\",\"protocolEwonModbus\":\"http\",\"ewonModbusHost\":\"\",\"ewonModbusPort\":\"\",\"ewonModbusRegister\":\"\"},{\"enableEwonModbus\":\"0\",\"protocolEwonModbus\":\"http\",\"ewonModbusHost\":\"\",\"ewonModbusPort\":\"\",\"ewonModbusRegister\":\"\"},{\"enableEwonModbus\":\"0\",\"protocolEwonModbus\":\"http\",\"ewonModbusHost\":\"\",\"ewonModbusPort\":\"\",\"ewonModbusRegister\":\"\"}],\"outdoorEmailEwonModbus\":false,\"indoorEmailEwonModbus\":false,\"outdoorSmsEwonModbus\":false,\"indoorSmsEwonModbus\":false}', 1, '2022-10-02 09:45:30'),
(372, 'pop3_1', '{\"enablePop3ToTrouble\":\"0\",\"sslPop3ToTrouble\":\"0\",\"pop3ToTroubleHost\":\"\",\"pop3ToTroublePort\":\"\",\"pop3ToTroubleUser\":\"\",\"pop3ToTroublePassword\":\"\",\"pop3Infos\":[{\"pop3ToTroubleName\":\"\",\"pop3ToTroubleKeyWords\":\"\",\"pop3ToTroubleWhere\":\"subject\",\"pop3ToTroubleInfo\":\"subject\",\"pop3ToTroubleFilter\":\"contain\",\"pop3ToTroubleInfoSeparator\":\"\",\"pop3ToTroubleInfoPositionAfterSep\":\"\"},{\"pop3ToTroubleName\":\"\",\"pop3ToTroubleKeyWords\":\"\",\"pop3ToTroubleWhere\":\"subject\",\"pop3ToTroubleInfo\":\"subject\",\"pop3ToTroubleFilter\":\"contain\",\"pop3ToTroubleInfoSeparator\":\"\",\"pop3ToTroubleInfoPositionAfterSep\":\"\"},{\"pop3ToTroubleName\":\"\",\"pop3ToTroubleKeyWords\":\"\",\"pop3ToTroubleWhere\":\"subject\",\"pop3ToTroubleInfo\":\"subject\",\"pop3ToTroubleFilter\":\"contain\",\"pop3ToTroubleInfoSeparator\":\"\",\"pop3ToTroubleInfoPositionAfterSep\":\"\"},{\"pop3ToTroubleName\":\"\",\"pop3ToTroubleKeyWords\":\"\",\"pop3ToTroubleWhere\":\"subject\",\"pop3ToTroubleInfo\":\"subject\",\"pop3ToTroubleFilter\":\"contain\",\"pop3ToTroubleInfoSeparator\":\"\",\"pop3ToTroubleInfoPositionAfterSep\":\"\"},{\"pop3ToTroubleName\":\"\",\"pop3ToTroubleKeyWords\":\"\",\"pop3ToTroubleWhere\":\"subject\",\"pop3ToTroubleInfo\":\"subject\",\"pop3ToTroubleFilter\":\"contain\",\"pop3ToTroubleInfoSeparator\":\"\",\"pop3ToTroubleInfoPositionAfterSep\":\"\"}]}', 0, '2022-10-02 09:45:37'),
(373, 'pop3_2', '{\"enablePop3ToTrouble\":\"0\",\"sslPop3ToTrouble\":\"0\",\"pop3ToTroubleHost\":\"\",\"pop3ToTroublePort\":\"\",\"pop3ToTroubleUser\":\"\",\"pop3ToTroublePassword\":\"\",\"pop3Infos\":[{\"pop3ToTroubleName\":\"\",\"pop3ToTroubleKeyWords\":\"\",\"pop3ToTroubleWhere\":\"subject\",\"pop3ToTroubleInfo\":\"subject\",\"pop3ToTroubleFilter\":\"contain\",\"pop3ToTroubleInfoSeparator\":\"\",\"pop3ToTroubleInfoPositionAfterSep\":\"\"},{\"pop3ToTroubleName\":\"\",\"pop3ToTroubleKeyWords\":\"\",\"pop3ToTroubleWhere\":\"subject\",\"pop3ToTroubleInfo\":\"subject\",\"pop3ToTroubleFilter\":\"contain\",\"pop3ToTroubleInfoSeparator\":\"\",\"pop3ToTroubleInfoPositionAfterSep\":\"\"},{\"pop3ToTroubleName\":\"\",\"pop3ToTroubleKeyWords\":\"\",\"pop3ToTroubleWhere\":\"subject\",\"pop3ToTroubleInfo\":\"subject\",\"pop3ToTroubleFilter\":\"contain\",\"pop3ToTroubleInfoSeparator\":\"\",\"pop3ToTroubleInfoPositionAfterSep\":\"\"},{\"pop3ToTroubleName\":\"\",\"pop3ToTroubleKeyWords\":\"\",\"pop3ToTroubleWhere\":\"subject\",\"pop3ToTroubleInfo\":\"subject\",\"pop3ToTroubleFilter\":\"contain\",\"pop3ToTroubleInfoSeparator\":\"\",\"pop3ToTroubleInfoPositionAfterSep\":\"\"},{\"pop3ToTroubleName\":\"\",\"pop3ToTroubleKeyWords\":\"\",\"pop3ToTroubleWhere\":\"subject\",\"pop3ToTroubleInfo\":\"subject\",\"pop3ToTroubleFilter\":\"contain\",\"pop3ToTroubleInfoSeparator\":\"\",\"pop3ToTroubleInfoPositionAfterSep\":\"\"}]}', 0, '2022-10-02 09:45:40'),
(374, 'pocsag_1', '{\"enablePocsagSender\":true,\"pocsagSenderExpireMsg\":\"10\"}', 0, '2022-10-02 09:45:42'),
(375, 'api_1', '{\"enableAPI\":true,\"urlAPI\":\"192.168.0.1\",\"timingAPI\":\"1000\"}', 0, '2022-10-02 09:45:43'),
(376, 'api_2', '{\"enableAPI\":false,\"urlAPI\":\"\",\"timingAPI\":\"\"}', 0, '2022-10-02 09:45:45'),
(377, 'api_3', '{\"enableAPI\":false,\"urlAPI\":\"\",\"timingAPI\":\"\"}', 1, '2022-10-02 09:45:46'),
(378, 'modbus_1', '{\"enableModbus\":true,\"typeModbus\":\"client\",\"hostModbus\":\"192.68.3.2\",\"portModbus\":\"98\",\"modalityModbus\":\"holdingRegisters\",\"startingAddressModbus\":\"1\",\"quantityModbus\":\"5\"}', 0, '2022-10-02 09:45:47'),
(379, 'modbus_2', '{\"enableModbus\":false,\"typeModbus\":null,\"hostModbus\":null,\"portModbus\":null,\"modalityModbus\":null,\"startingAddressModbus\":null,\"quantityModbus\":null}', 1, '2022-10-02 09:47:24'),
(380, 'modbus_3', '{\"enableModbus\":false,\"typeModbus\":null,\"hostModbus\":null,\"portModbus\":null,\"modalityModbus\":null,\"startingAddressModbus\":null,\"quantityModbus\":null}', 1, '2022-10-02 09:47:26'),
(381, 'custom_contact_1', '{\"enableCustomContact\":true}', 0, '2022-10-02 09:47:29'),
(388, 'custom_threshold_1', '{\"enableCustomThreshold\":true}', 0, '2022-10-02 09:47:46'),
(390, 'mc800_xml_1', '{\"enableZettlerXml\":true,\"hostSocketClientZettler\":\"192.168.1.5\",\"portSocketClientZettler\":\"9887\",\"phoneInputTone1\":\"\",\"operationPhoneInputTone1\":\"nothing\",\"phoneInputTone2\":\"\",\"operationPhoneInputTone2\":\"nothing\",\"mitelInputButton1\":\"\",\"operationMitelInputButton1\":\"nothing\",\"mitelInputButton2\":\"\",\"operationMitelInputButton2\":\"nothing\"}', 0, '2022-10-02 09:48:04'),
(393, 'mitel_message_1', '{\"enableMitel\":true,\"hostMitel\":\"192.168.1.5\",\"portMitel\":\"8080\",\"userMitel\":\"pippo\",\"passwordMitel\":\"pippo\",\"hostMitelSocketServer\":\"192.168.1.6\",\"portMitelSocketServer\":\"8081\",\"textButtonMitel1ZetGroup\":\"OK\",\"operationButtonMitel1ZetGroup\":\"nothing\",\"textButtonMitel2ZetGroup\":\"\",\"operationButtonMitel2ZetGroup\":\"nothing\",\"textButtonMitel3ZetGroup\":\"\",\"operationButtonMitel3ZetGroup\":\"nothing\"}', 0, '2022-10-02 09:48:12'),
(394, 'language1', '{\"languageDefault\":\"online\",\"inputKeyVrss\":\"1234567890\",\"languageVrss\":\"it-it\",\"languageVrssFormat\":\"8khz_8bit_mono\",\"languageVrssSpeed\":\"-1\",\"languageOffline\":\"it-IT\"}', 0, '2022-10-02 10:00:56'),
(395, 'app_android_2', '{\"enableAndroidAlarm\":false,\"androidSourceAlarm\":null,\"androidMode\":null,\"smsServerIdCustomer\":null,\"smsServerTokenCustomer\":null,\"customerKey\":null,\"enableKeepAlive\":null,\"keepAlive\":null,\"keepAliveModality\":null,\"keepAliveMap\":null,\"batteryCheck\":null,\"batteryLevel\":null,\"outdoorEmailAndroid\":false,\"indoorEmailAndroid\":false,\"outdoorSmsAndroid\":false,\"indoorSmsAndroid\":false}', 1, '2022-10-02 10:06:21'),
(396, 'app_android_3', '{\"enableAndroidAlarm\":false,\"androidSourceAlarm\":null,\"androidMode\":null,\"smsServerIdCustomer\":null,\"smsServerTokenCustomer\":null,\"customerKey\":null,\"enableKeepAlive\":null,\"keepAlive\":null,\"keepAliveModality\":null,\"keepAliveMap\":null,\"batteryCheck\":null,\"batteryLevel\":null,\"outdoorEmailAndroid\":false,\"indoorEmailAndroid\":false,\"outdoorSmsAndroid\":false,\"indoorSmsAndroid\":false}', 1, '2022-10-02 10:06:23'),
(397, 'dect_1', '{\"enableDectAlarm\":false,\"dectTypeAlarm\":\"dect_xml_10\",\"dectApiProtocolAlarm\":\"http\",\"dectApiHostAlarm\":\"\",\"dectApiPortAlarm\":\"\",\"dectApiPathAlarm\":\"\",\"dectApiProtocolCellAlarm\":\"http\",\"dectHtmlHostCellAlarm\":\"\",\"dectHtmlPortCellAlarm\":\"\",\"dectHtmlPathCellAlarm\":\"\",\"path_master\":\"\",\"path_snmp\":\"\",\"internalAlarmPrevText\":\"\",\"internalAlarmNextText\":\"\",\"alarmNumberDect\":\"\",\"numberNormalPositionDect\":\"\",\"numberForcePositionDect\":\"\",\"outdoorEmailDect\":\"false\",\"indoorEmailDect\":\"false\",\"outdoorSmsDect\":\"false\",\"indoorSmsDect\":\"false\"}', 0, '2022-10-02 10:08:18'),
(398, 'dect_2', '{\"enableDectAlarm\":false,\"dectTypeAlarm\":\"dect_xml_10\",\"dectApiProtocolAlarm\":\"http\",\"dectApiHostAlarm\":\"\",\"dectApiPortAlarm\":\"\",\"dectApiPathAlarm\":\"\",\"dectApiProtocolCellAlarm\":\"http\",\"dectHtmlHostCellAlarm\":\"\",\"dectHtmlPortCellAlarm\":\"\",\"dectHtmlPathCellAlarm\":\"\",\"path_master\":\"\",\"path_snmp\":\"\",\"internalAlarmPrevText\":\"\",\"internalAlarmNextText\":\"\",\"alarmNumberDect\":\"\",\"numberNormalPositionDect\":\"\",\"numberForcePositionDect\":\"\",\"outdoorEmailDect\":\"false\",\"indoorEmailDect\":\"false\",\"outdoorSmsDect\":\"false\",\"indoorSmsDect\":\"false\"}', 0, '2022-10-02 10:08:20'),
(399, 'gsm_portech_1', '{\"enableGsmPortech\":true,\"enableGsmPortechSender\":\"1\"}', 0, '2022-10-02 10:40:13'),
(400, 'isafe_web1', '{\"webName\":\"sviluppo\",\"webToken\":\"aYhCfhv0m9LBTpgrgoLBUgSXv1E02qQRg1DdBLAxu2wxstGhDy\",\"webPort\":\"80\",\"webHost\":\"127.0.0.2\",\"webProtocol\":\"http\",\"webPortIndoor\":\"443\",\"webHostIndoor\":\"127.0.0.3\",\"webProtocolIndoor\":\"https\"}', 0, '2022-10-02 10:45:18'),
(401, 'isafe_web1', '{\"webName\":\"sviluppo\",\"webToken\":\"aYhCfhv0m9LBTpgrgoLBUgSXv1E02qQRg1DdBLAxu2wxstGhDy\",\"webPort\":\"80\",\"webHost\":\"127.0.0.1\",\"webProtocol\":\"http\",\"webPortIndoor\":\"80\",\"webHostIndoor\":\"127.0.0.1\",\"webProtocolIndoor\":\"http\"}', 0, '2022-10-02 10:52:38'),
(402, 'isafe_web1', '{\"webName\":\"sviluppo\",\"webPath\":\"\\/isafe_web\\/api\\/\",\"webToken\":\"aYhCfhv0m9LBTpgrgoLBUgSXv1E02qQRg1DdBLAxu2wxstGhDy\",\"webPort\":\"80\",\"webHost\":\"127.0.0.1\",\"webProtocol\":\"http\",\"webPortIndoor\":\"80\",\"webHostIndoor\":\"127.0.0.1\",\"webProtocolIndoor\":\"http\",\"webPathIndoor\":\"\\/isafe_web\\/\"}', 0, '2022-10-02 11:11:31'),
(403, 'isafe_web1', '{\"webName\":\"sviluppo\",\"webPath\":\"\\/isafe_web\\/api\\/\",\"webToken\":\"aYhCfhv0m9LBTpgrgoLBUgSXv1E02qQRg1DdBLAxu2wxstGhDy\",\"webPort\":\"80\",\"webHost\":\"127.0.0.1\",\"webProtocol\":\"http\",\"webPortIndoor\":\"80\",\"webHostIndoor\":\"127.0.0.1 pippo\",\"webProtocolIndoor\":\"http\",\"webPathIndoor\":\"\\/isafe_web\\/\"}', 0, '2022-10-02 11:36:10'),
(404, 'isafe_web1', '{\"webName\":\"sviluppo\",\"webPath\":\"\\/isafe_web\\/api\\/\",\"webToken\":\"aYhCfhv0m9LBTpgrgoLBUgSXv1E02qQRg1DdBLAxu2wxstGhDy\",\"webPort\":\"80\",\"webHost\":\"127.0.0.1\",\"webProtocol\":\"http\",\"webPortIndoor\":\"80\",\"webHostIndoor\":\"127.0.0.1\",\"webProtocolIndoor\":\"http\",\"webPathIndoor\":\"\\/isafe_web\\/\"}', 0, '2022-10-02 11:36:18'),
(405, 'language1', '{\"languageDefault\":\"online\",\"inputKeyVrss\":\"1234567890\",\"languageVrss\":\"it-it\",\"languageVrssFormat\":\"8khz_8bit_mono\",\"languageVrssSpeed\":\"-1\",\"languageOffline\":\"it-IT\",\"inputEndText\":\"Premi uno per riascoltare o premi due per confermare la ricezione del messaggio.\"}', 0, '2022-10-02 11:42:15'),
(407, 'proxy1', '{\"activeProxy\":false,\"protocolProxy\":\"http\",\"hostProxy\":\"127.0.0.1\",\"portProxy\":\"8080\"}', 1, '2022-10-02 11:49:56'),
(409, 'moxa', '{\"moxaContactDataArray\":[{\"enableMoxa\":\"1\",\"protocolMoxa\":\"http\",\"moxaHost\":\"127.0.05\",\"moxaPort\":\"8080\",\"moxaDelayAlarm\":\"0\",\"moxaPath\":\"/api/slot/0/io/di\",\"moxaHeader\":\"vdn.dac.v1\"},{\"enableMoxa\":\"0\",\"protocolMoxa\":\"\",\"moxaHost\":\"\",\"moxaPort\":\"\",\"moxaDelayAlarm\":\"0\",\"moxaPath\":\"\",\"moxaHeader\":\"\"},{\"enableMoxa\":\"0\",\"protocolMoxa\":\"\",\"moxaHost\":\"\",\"moxaPort\":\"\",\"moxaDelayAlarm\":\"0\",\"moxaPath\":\"\",\"moxaHeader\":\"\"},{\"enableMoxa\":\"0\",\"protocolMoxa\":\"\",\"moxaHost\":\"\",\"moxaPort\":\"\",\"moxaDelayAlarm\":\"0\",\"moxaPath\":\"\",\"moxaHeader\":\"\"},{\"enableMoxa\":\"0\",\"protocolMoxa\":\"\",\"moxaHost\":\"\",\"moxaPort\":\"\",\"moxaDelayAlarm\":\"0\",\"moxaPath\":\"\",\"moxaHeader\":\"\"},{\"enableMoxa\":\"0\",\"protocolMoxa\":\"\",\"moxaHost\":\"\",\"moxaPort\":\"\",\"moxaDelayAlarm\":\"0\",\"moxaPath\":\"\",\"moxaHeader\":\"\"},{\"enableMoxa\":\"0\",\"protocolMoxa\":\"\",\"moxaHost\":\"\",\"moxaPort\":\"\",\"moxaDelayAlarm\":\"0\",\"moxaPath\":\"\",\"moxaHeader\":\"\"},{\"enableMoxa\":\"0\",\"protocolMoxa\":\"\",\"moxaHost\":\"\",\"moxaPort\":\"\",\"moxaDelayAlarm\":\"0\",\"moxaPath\":\"\",\"moxaHeader\":\"\"},{\"enableMoxa\":\"0\",\"protocolMoxa\":\"\",\"moxaHost\":\"\",\"moxaPort\":\"\",\"moxaDelayAlarm\":\"0\",\"moxaPath\":\"\",\"moxaHeader\":\"\"},{\"enableMoxa\":\"0\",\"protocolMoxa\":\"\",\"moxaHost\":\"\",\"moxaPort\":\"\",\"moxaDelayAlarm\":\"0\",\"moxaPath\":\"\",\"moxaHeader\":\"\"},{\"enableMoxa\":\"0\",\"protocolMoxa\":\"\",\"moxaHost\":\"\",\"moxaPort\":\"\",\"moxaDelayAlarm\":\"0\",\"moxaPath\":\"\",\"moxaHeader\":\"\"},{\"enableMoxa\":\"0\",\"protocolMoxa\":\"\",\"moxaHost\":\"\",\"moxaPort\":\"\",\"moxaDelayAlarm\":\"0\",\"moxaPath\":\"\",\"moxaHeader\":\"\"},{\"enableMoxa\":\"0\",\"protocolMoxa\":\"\",\"moxaHost\":\"\",\"moxaPort\":\"\",\"moxaDelayAlarm\":\"0\",\"moxaPath\":\"\",\"moxaHeader\":\"\"},{\"enableMoxa\":\"0\",\"protocolMoxa\":\"\",\"moxaHost\":\"\",\"moxaPort\":\"\",\"moxaDelayAlarm\":\"0\",\"moxaPath\":\"\",\"moxaHeader\":\"\"},{\"enableMoxa\":\"0\",\"protocolMoxa\":\"\",\"moxaHost\":\"\",\"moxaPort\":\"\",\"moxaDelayAlarm\":\"0\",\"moxaPath\":\"\",\"moxaHeader\":\"\"},{\"enableMoxa\":\"0\",\"protocolMoxa\":\"\",\"moxaHost\":\"\",\"moxaPort\":\"\",\"moxaDelayAlarm\":\"0\",\"moxaPath\":\"\",\"moxaHeader\":\"\"},{\"enableMoxa\":\"0\",\"protocolMoxa\":\"\",\"moxaHost\":\"\",\"moxaPort\":\"\",\"moxaDelayAlarm\":\"0\",\"moxaPath\":\"\",\"moxaHeader\":\"\"},{\"enableMoxa\":\"0\",\"protocolMoxa\":\"\",\"moxaHost\":\"\",\"moxaPort\":\"\",\"moxaDelayAlarm\":\"0\",\"moxaPath\":\"\",\"moxaHeader\":\"\"},{\"enableMoxa\":\"0\",\"protocolMoxa\":\"\",\"moxaHost\":\"\",\"moxaPort\":\"\",\"moxaDelayAlarm\":\"0\",\"moxaPath\":\"\",\"moxaHeader\":\"\"},{\"enableMoxa\":\"0\",\"protocolMoxa\":\"\",\"moxaHost\":\"\",\"moxaPort\":\"\",\"moxaDelayAlarm\":\"0\",\"moxaPath\":\"\",\"moxaHeader\":\"\"},{\"enableMoxa\":\"0\",\"protocolMoxa\":\"\",\"moxaHost\":\"\",\"moxaPort\":\"\",\"moxaDelayAlarm\":\"0\",\"moxaPath\":\"\",\"moxaHeader\":\"\"},{\"enableMoxa\":\"0\",\"protocolMoxa\":\"\",\"moxaHost\":\"\",\"moxaPort\":\"\",\"moxaDelayAlarm\":\"0\",\"moxaPath\":\"\",\"moxaHeader\":\"\"}],\"outdoorEmailMoxa\":false,\"indoorEmailMoxa\":true,\"outdoorSmsMoxa\":false,\"indoorSmsMoxa\":true}', 0, '2022-10-02 17:07:33'),
(412, 'sip_message_1', '{\"enableSipMessage\":true,\"enableSipMessageSender\":true}', 0, '2022-10-02 18:42:26'),
(413, 'isafe_web1', '{\"webName\":\"sviluppo\",\"webPath\":\"\\/isafe_web\\/api\\/\",\"webPort\":\"80\",\"webHost\":\"192.168.0.51\",\"webProtocol\":\"http\",\"webPortIndoor\":\"80\",\"webHostIndoor\":\"192.168.0.51\",\"webProtocolIndoor\":\"http\",\"webPathIndoor\":\"\\/isafe_web\\/\"}', 0, '2022-10-03 12:32:47'),
(414, 'pbx1', '{\"pbxNChannel\":\"30\",\"pbxTrunkName\":\"trunk\",\"pbxApiProtocol\":\"http\",\"pbxHost\":\"127.0.0.1\",\"pbxPort\":\"80\"}', 0, '2022-10-03 12:32:53'),
(415, 'language1', '{\"languageDefault\":\"online\",\"inputKeyVrss\":\"a659f978bec54b5db56cef5423427c63\",\"languageVrss\":\"it-it\",\"languageVrssFormat\":\"8khz_8bit_mono\",\"languageVrssSpeed\":\"-1\",\"languageOffline\":\"it-IT\",\"inputEndText\":\"Premi uno per riascoltare o premi due per confermare la ricezione del messaggio.\"}', 0, '2022-10-03 12:34:35'),
(416, 'moxa', '{\"moxaContactDataArray\":[{\"enableMoxa\":\"0\",\"protocolMoxa\":\"http\",\"moxaHost\":\"127.0.05\",\"moxaPort\":\"8080\",\"moxaDelayAlarm\":\"0\",\"moxaPath\":\"/api/slot/0/io/di\",\"moxaHeader\":\"vdn.dac.v1\"},{\"enableMoxa\":\"0\",\"protocolMoxa\":\"\",\"moxaHost\":\"\",\"moxaPort\":\"\",\"moxaDelayAlarm\":\"0\",\"moxaPath\":\"\",\"moxaHeader\":\"\"},{\"enableMoxa\":\"0\",\"protocolMoxa\":\"\",\"moxaHost\":\"\",\"moxaPort\":\"\",\"moxaDelayAlarm\":\"0\",\"moxaPath\":\"\",\"moxaHeader\":\"\"},{\"enableMoxa\":\"0\",\"protocolMoxa\":\"\",\"moxaHost\":\"\",\"moxaPort\":\"\",\"moxaDelayAlarm\":\"0\",\"moxaPath\":\"\",\"moxaHeader\":\"\"},{\"enableMoxa\":\"0\",\"protocolMoxa\":\"\",\"moxaHost\":\"\",\"moxaPort\":\"\",\"moxaDelayAlarm\":\"0\",\"moxaPath\":\"\",\"moxaHeader\":\"\"},{\"enableMoxa\":\"0\",\"protocolMoxa\":\"\",\"moxaHost\":\"\",\"moxaPort\":\"\",\"moxaDelayAlarm\":\"0\",\"moxaPath\":\"\",\"moxaHeader\":\"\"},{\"enableMoxa\":\"0\",\"protocolMoxa\":\"\",\"moxaHost\":\"\",\"moxaPort\":\"\",\"moxaDelayAlarm\":\"0\",\"moxaPath\":\"\",\"moxaHeader\":\"\"},{\"enableMoxa\":\"0\",\"protocolMoxa\":\"\",\"moxaHost\":\"\",\"moxaPort\":\"\",\"moxaDelayAlarm\":\"0\",\"moxaPath\":\"\",\"moxaHeader\":\"\"},{\"enableMoxa\":\"0\",\"protocolMoxa\":\"\",\"moxaHost\":\"\",\"moxaPort\":\"\",\"moxaDelayAlarm\":\"0\",\"moxaPath\":\"\",\"moxaHeader\":\"\"},{\"enableMoxa\":\"0\",\"protocolMoxa\":\"\",\"moxaHost\":\"\",\"moxaPort\":\"\",\"moxaDelayAlarm\":\"0\",\"moxaPath\":\"\",\"moxaHeader\":\"\"},{\"enableMoxa\":\"0\",\"protocolMoxa\":\"\",\"moxaHost\":\"\",\"moxaPort\":\"\",\"moxaDelayAlarm\":\"0\",\"moxaPath\":\"\",\"moxaHeader\":\"\"},{\"enableMoxa\":\"0\",\"protocolMoxa\":\"\",\"moxaHost\":\"\",\"moxaPort\":\"\",\"moxaDelayAlarm\":\"0\",\"moxaPath\":\"\",\"moxaHeader\":\"\"},{\"enableMoxa\":\"0\",\"protocolMoxa\":\"\",\"moxaHost\":\"\",\"moxaPort\":\"\",\"moxaDelayAlarm\":\"0\",\"moxaPath\":\"\",\"moxaHeader\":\"\"},{\"enableMoxa\":\"0\",\"protocolMoxa\":\"\",\"moxaHost\":\"\",\"moxaPort\":\"\",\"moxaDelayAlarm\":\"0\",\"moxaPath\":\"\",\"moxaHeader\":\"\"},{\"enableMoxa\":\"0\",\"protocolMoxa\":\"\",\"moxaHost\":\"\",\"moxaPort\":\"\",\"moxaDelayAlarm\":\"0\",\"moxaPath\":\"\",\"moxaHeader\":\"\"},{\"enableMoxa\":\"0\",\"protocolMoxa\":\"\",\"moxaHost\":\"\",\"moxaPort\":\"\",\"moxaDelayAlarm\":\"0\",\"moxaPath\":\"\",\"moxaHeader\":\"\"},{\"enableMoxa\":\"0\",\"protocolMoxa\":\"\",\"moxaHost\":\"\",\"moxaPort\":\"\",\"moxaDelayAlarm\":\"0\",\"moxaPath\":\"\",\"moxaHeader\":\"\"},{\"enableMoxa\":\"0\",\"protocolMoxa\":\"\",\"moxaHost\":\"\",\"moxaPort\":\"\",\"moxaDelayAlarm\":\"0\",\"moxaPath\":\"\",\"moxaHeader\":\"\"},{\"enableMoxa\":\"0\",\"protocolMoxa\":\"\",\"moxaHost\":\"\",\"moxaPort\":\"\",\"moxaDelayAlarm\":\"0\",\"moxaPath\":\"\",\"moxaHeader\":\"\"},{\"enableMoxa\":\"0\",\"protocolMoxa\":\"\",\"moxaHost\":\"\",\"moxaPort\":\"\",\"moxaDelayAlarm\":\"0\",\"moxaPath\":\"\",\"moxaHeader\":\"\"},{\"enableMoxa\":\"0\",\"protocolMoxa\":\"\",\"moxaHost\":\"\",\"moxaPort\":\"\",\"moxaDelayAlarm\":\"0\",\"moxaPath\":\"\",\"moxaHeader\":\"\"},{\"enableMoxa\":\"0\",\"protocolMoxa\":\"\",\"moxaHost\":\"\",\"moxaPort\":\"\",\"moxaDelayAlarm\":\"0\",\"moxaPath\":\"\",\"moxaHeader\":\"\"}],\"outdoorEmailMoxa\":false,\"indoorEmailMoxa\":false,\"outdoorSmsMoxa\":false,\"indoorSmsMoxa\":false}', 0, '2022-10-03 12:35:02'),
(417, 'pocsag_1', '{\"enablePocsagSender\":false,\"pocsagSenderExpireMsg\":\"10\"}', 1, '2022-10-03 12:35:07'),
(418, 'api_1', '{\"enableAPI\":false,\"urlAPI\":\"192.168.0.1\",\"timingAPI\":\"1000\"}', 0, '2022-10-03 12:35:11'),
(419, 'modbus_1', '{\"enableModbus\":false,\"typeModbus\":null,\"hostModbus\":null,\"portModbus\":null,\"modalityModbus\":null,\"startingAddressModbus\":null,\"quantityModbus\":null}', 1, '2022-10-03 12:35:16'),
(420, 'custom_contact_1', '{\"enableCustomContact\":false}', 0, '2022-10-03 12:35:19'),
(421, 'gsm_portech_1', '{\"enableGsmPortech\":false,\"enableGsmPortechSender\":\"0\"}', 1, '2022-10-03 12:35:24'),
(422, 'mitel_message_1', '{\"enableMitel\":false,\"hostMitel\":\"192.168.1.5\",\"portMitel\":\"8080\",\"userMitel\":\"pippo\",\"passwordMitel\":\"pippo\",\"hostMitelSocketServer\":\"192.168.1.6\",\"portMitelSocketServer\":\"8081\",\"textButtonMitel1ZetGroup\":\"OK\",\"operationButtonMitel1ZetGroup\":\"nothing\",\"textButtonMitel2ZetGroup\":\"\",\"operationButtonMitel2ZetGroup\":\"nothing\",\"textButtonMitel3ZetGroup\":\"\",\"operationButtonMitel3ZetGroup\":\"nothing\"}', 1, '2022-10-03 12:35:27'),
(423, 'mc800_xml_1', '{\"enableZettlerXml\":false,\"hostSocketClientZettler\":\"192.168.1.5\",\"portSocketClientZettler\":\"9887\",\"phoneInputTone1\":\"\",\"operationPhoneInputTone1\":\"nothing\",\"phoneInputTone2\":\"\",\"operationPhoneInputTone2\":\"nothing\",\"mitelInputButton1\":\"\",\"operationMitelInputButton1\":\"nothing\",\"mitelInputButton2\":\"\",\"operationMitelInputButton2\":\"nothing\"}', 0, '2022-10-03 12:35:31'),
(424, 'sip_message_1', '{\"enableSipMessage\":false,\"enableSipMessageSender\":false}', 1, '2022-10-03 12:35:36'),
(425, 'custom_threshold_1', '{\"enableCustomThreshold\":false}', 0, '2022-10-03 12:35:40'),
(426, 'app_android_1', '{\"enableAndroidAlarm\":true,\"androidSourceAlarm\":\"dati\",\"androidMode\":\"first_beacon_second_area\",\"smsServerIdCustomer\":\"7\",\"smsServerTokenCustomer\":\"da39a3ee5e6b4b0d3255bfef95601890afd807098685b7bb55f4525923e7ab8bd82bd8ae9fd65abf\",\"customerKey\":\"23c70eb12082307fe7b06923d3aacd0e\",\"enableKeepAlive\":\"1\",\"keepAlive\":\"30\",\"keepAliveModality\":\"manDown\",\"keepAliveMap\":\"0\",\"batteryCheck\":\"0\",\"batteryLevel\":\"15\",\"outdoorEmailAndroid\":true,\"indoorEmailAndroid\":true,\"outdoorSmsAndroid\":true,\"indoorSmsAndroid\":true}', 0, '2022-10-03 12:38:57'),
(427, 'app_android_1', '{\"enableAndroidAlarm\":true,\"androidSourceAlarm\":\"dati\",\"androidMode\":\"first_beacon_second_area\",\"smsServerIdCustomer\":\"7\",\"smsServerTokenCustomer\":\"da39a3ee5e6b4b0d3255bfef95601890afd807098685b7bb55f4525923e7ab8bd82bd8ae9fd65abf\",\"customerKey\":\"23c70eb12082307fe7b06923d3aacd0e\",\"enableKeepAlive\":\"1\",\"keepAlive\":\"30\",\"keepAliveModality\":\"manDown\",\"keepAliveMap\":\"1\",\"batteryCheck\":\"1\",\"batteryLevel\":\"15\",\"outdoorEmailAndroid\":true,\"indoorEmailAndroid\":true,\"outdoorSmsAndroid\":true,\"indoorSmsAndroid\":true}', 0, '2022-10-03 12:59:08'),
(428, 'moxa', '{\"moxaContactDataArray\":[{\"enableMoxa\":\"1\",\"protocolMoxa\":\"http\",\"moxaHost\":\"127.0.05\",\"moxaPort\":\"8080\",\"moxaDelayAlarm\":\"0\",\"moxaPath\":\"/api/slot/0/io/di\",\"moxaHeader\":\"vdn.dac.v1\"},{\"enableMoxa\":\"0\",\"protocolMoxa\":\"\",\"moxaHost\":\"\",\"moxaPort\":\"\",\"moxaDelayAlarm\":\"0\",\"moxaPath\":\"\",\"moxaHeader\":\"\"},{\"enableMoxa\":\"0\",\"protocolMoxa\":\"\",\"moxaHost\":\"\",\"moxaPort\":\"\",\"moxaDelayAlarm\":\"0\",\"moxaPath\":\"\",\"moxaHeader\":\"\"},{\"enableMoxa\":\"0\",\"protocolMoxa\":\"\",\"moxaHost\":\"\",\"moxaPort\":\"\",\"moxaDelayAlarm\":\"0\",\"moxaPath\":\"\",\"moxaHeader\":\"\"},{\"enableMoxa\":\"0\",\"protocolMoxa\":\"\",\"moxaHost\":\"\",\"moxaPort\":\"\",\"moxaDelayAlarm\":\"0\",\"moxaPath\":\"\",\"moxaHeader\":\"\"},{\"enableMoxa\":\"0\",\"protocolMoxa\":\"\",\"moxaHost\":\"\",\"moxaPort\":\"\",\"moxaDelayAlarm\":\"0\",\"moxaPath\":\"\",\"moxaHeader\":\"\"},{\"enableMoxa\":\"0\",\"protocolMoxa\":\"\",\"moxaHost\":\"\",\"moxaPort\":\"\",\"moxaDelayAlarm\":\"0\",\"moxaPath\":\"\",\"moxaHeader\":\"\"},{\"enableMoxa\":\"0\",\"protocolMoxa\":\"\",\"moxaHost\":\"\",\"moxaPort\":\"\",\"moxaDelayAlarm\":\"0\",\"moxaPath\":\"\",\"moxaHeader\":\"\"},{\"enableMoxa\":\"0\",\"protocolMoxa\":\"\",\"moxaHost\":\"\",\"moxaPort\":\"\",\"moxaDelayAlarm\":\"0\",\"moxaPath\":\"\",\"moxaHeader\":\"\"},{\"enableMoxa\":\"0\",\"protocolMoxa\":\"\",\"moxaHost\":\"\",\"moxaPort\":\"\",\"moxaDelayAlarm\":\"0\",\"moxaPath\":\"\",\"moxaHeader\":\"\"},{\"enableMoxa\":\"0\",\"protocolMoxa\":\"\",\"moxaHost\":\"\",\"moxaPort\":\"\",\"moxaDelayAlarm\":\"0\",\"moxaPath\":\"\",\"moxaHeader\":\"\"},{\"enableMoxa\":\"0\",\"protocolMoxa\":\"\",\"moxaHost\":\"\",\"moxaPort\":\"\",\"moxaDelayAlarm\":\"0\",\"moxaPath\":\"\",\"moxaHeader\":\"\"},{\"enableMoxa\":\"0\",\"protocolMoxa\":\"\",\"moxaHost\":\"\",\"moxaPort\":\"\",\"moxaDelayAlarm\":\"0\",\"moxaPath\":\"\",\"moxaHeader\":\"\"},{\"enableMoxa\":\"0\",\"protocolMoxa\":\"\",\"moxaHost\":\"\",\"moxaPort\":\"\",\"moxaDelayAlarm\":\"0\",\"moxaPath\":\"\",\"moxaHeader\":\"\"},{\"enableMoxa\":\"0\",\"protocolMoxa\":\"\",\"moxaHost\":\"\",\"moxaPort\":\"\",\"moxaDelayAlarm\":\"0\",\"moxaPath\":\"\",\"moxaHeader\":\"\"},{\"enableMoxa\":\"0\",\"protocolMoxa\":\"\",\"moxaHost\":\"\",\"moxaPort\":\"\",\"moxaDelayAlarm\":\"0\",\"moxaPath\":\"\",\"moxaHeader\":\"\"},{\"enableMoxa\":\"0\",\"protocolMoxa\":\"\",\"moxaHost\":\"\",\"moxaPort\":\"\",\"moxaDelayAlarm\":\"0\",\"moxaPath\":\"\",\"moxaHeader\":\"\"},{\"enableMoxa\":\"0\",\"protocolMoxa\":\"\",\"moxaHost\":\"\",\"moxaPort\":\"\",\"moxaDelayAlarm\":\"0\",\"moxaPath\":\"\",\"moxaHeader\":\"\"},{\"enableMoxa\":\"0\",\"protocolMoxa\":\"\",\"moxaHost\":\"\",\"moxaPort\":\"\",\"moxaDelayAlarm\":\"0\",\"moxaPath\":\"\",\"moxaHeader\":\"\"},{\"enableMoxa\":\"0\",\"protocolMoxa\":\"\",\"moxaHost\":\"\",\"moxaPort\":\"\",\"moxaDelayAlarm\":\"0\",\"moxaPath\":\"\",\"moxaHeader\":\"\"},{\"enableMoxa\":\"0\",\"protocolMoxa\":\"\",\"moxaHost\":\"\",\"moxaPort\":\"\",\"moxaDelayAlarm\":\"0\",\"moxaPath\":\"\",\"moxaHeader\":\"\"},{\"enableMoxa\":\"0\",\"protocolMoxa\":\"\",\"moxaHost\":\"\",\"moxaPort\":\"\",\"moxaDelayAlarm\":\"0\",\"moxaPath\":\"\",\"moxaHeader\":\"\"}],\"outdoorEmailMoxa\":false,\"indoorEmailMoxa\":false,\"outdoorSmsMoxa\":false,\"indoorSmsMoxa\":false}', 0, '2022-10-03 14:14:16'),
(429, 'moxa', '{\"moxaContactDataArray\":[{\"enableMoxa\":\"0\",\"protocolMoxa\":\"http\",\"moxaHost\":\"127.0.05\",\"moxaPort\":\"8080\",\"moxaDelayAlarm\":\"0\",\"moxaPath\":\"/api/slot/0/io/di\",\"moxaHeader\":\"vdn.dac.v1\"},{\"enableMoxa\":\"0\",\"protocolMoxa\":\"\",\"moxaHost\":\"\",\"moxaPort\":\"\",\"moxaDelayAlarm\":\"0\",\"moxaPath\":\"\",\"moxaHeader\":\"\"},{\"enableMoxa\":\"0\",\"protocolMoxa\":\"\",\"moxaHost\":\"\",\"moxaPort\":\"\",\"moxaDelayAlarm\":\"0\",\"moxaPath\":\"\",\"moxaHeader\":\"\"},{\"enableMoxa\":\"0\",\"protocolMoxa\":\"\",\"moxaHost\":\"\",\"moxaPort\":\"\",\"moxaDelayAlarm\":\"0\",\"moxaPath\":\"\",\"moxaHeader\":\"\"},{\"enableMoxa\":\"0\",\"protocolMoxa\":\"\",\"moxaHost\":\"\",\"moxaPort\":\"\",\"moxaDelayAlarm\":\"0\",\"moxaPath\":\"\",\"moxaHeader\":\"\"},{\"enableMoxa\":\"0\",\"protocolMoxa\":\"\",\"moxaHost\":\"\",\"moxaPort\":\"\",\"moxaDelayAlarm\":\"0\",\"moxaPath\":\"\",\"moxaHeader\":\"\"},{\"enableMoxa\":\"0\",\"protocolMoxa\":\"\",\"moxaHost\":\"\",\"moxaPort\":\"\",\"moxaDelayAlarm\":\"0\",\"moxaPath\":\"\",\"moxaHeader\":\"\"},{\"enableMoxa\":\"0\",\"protocolMoxa\":\"\",\"moxaHost\":\"\",\"moxaPort\":\"\",\"moxaDelayAlarm\":\"0\",\"moxaPath\":\"\",\"moxaHeader\":\"\"},{\"enableMoxa\":\"0\",\"protocolMoxa\":\"\",\"moxaHost\":\"\",\"moxaPort\":\"\",\"moxaDelayAlarm\":\"0\",\"moxaPath\":\"\",\"moxaHeader\":\"\"},{\"enableMoxa\":\"0\",\"protocolMoxa\":\"\",\"moxaHost\":\"\",\"moxaPort\":\"\",\"moxaDelayAlarm\":\"0\",\"moxaPath\":\"\",\"moxaHeader\":\"\"},{\"enableMoxa\":\"0\",\"protocolMoxa\":\"\",\"moxaHost\":\"\",\"moxaPort\":\"\",\"moxaDelayAlarm\":\"0\",\"moxaPath\":\"\",\"moxaHeader\":\"\"},{\"enableMoxa\":\"0\",\"protocolMoxa\":\"\",\"moxaHost\":\"\",\"moxaPort\":\"\",\"moxaDelayAlarm\":\"0\",\"moxaPath\":\"\",\"moxaHeader\":\"\"},{\"enableMoxa\":\"0\",\"protocolMoxa\":\"\",\"moxaHost\":\"\",\"moxaPort\":\"\",\"moxaDelayAlarm\":\"0\",\"moxaPath\":\"\",\"moxaHeader\":\"\"},{\"enableMoxa\":\"0\",\"protocolMoxa\":\"\",\"moxaHost\":\"\",\"moxaPort\":\"\",\"moxaDelayAlarm\":\"0\",\"moxaPath\":\"\",\"moxaHeader\":\"\"},{\"enableMoxa\":\"0\",\"protocolMoxa\":\"\",\"moxaHost\":\"\",\"moxaPort\":\"\",\"moxaDelayAlarm\":\"0\",\"moxaPath\":\"\",\"moxaHeader\":\"\"},{\"enableMoxa\":\"0\",\"protocolMoxa\":\"\",\"moxaHost\":\"\",\"moxaPort\":\"\",\"moxaDelayAlarm\":\"0\",\"moxaPath\":\"\",\"moxaHeader\":\"\"},{\"enableMoxa\":\"0\",\"protocolMoxa\":\"\",\"moxaHost\":\"\",\"moxaPort\":\"\",\"moxaDelayAlarm\":\"0\",\"moxaPath\":\"\",\"moxaHeader\":\"\"},{\"enableMoxa\":\"0\",\"protocolMoxa\":\"\",\"moxaHost\":\"\",\"moxaPort\":\"\",\"moxaDelayAlarm\":\"0\",\"moxaPath\":\"\",\"moxaHeader\":\"\"},{\"enableMoxa\":\"0\",\"protocolMoxa\":\"\",\"moxaHost\":\"\",\"moxaPort\":\"\",\"moxaDelayAlarm\":\"0\",\"moxaPath\":\"\",\"moxaHeader\":\"\"},{\"enableMoxa\":\"0\",\"protocolMoxa\":\"\",\"moxaHost\":\"\",\"moxaPort\":\"\",\"moxaDelayAlarm\":\"0\",\"moxaPath\":\"\",\"moxaHeader\":\"\"},{\"enableMoxa\":\"0\",\"protocolMoxa\":\"\",\"moxaHost\":\"\",\"moxaPort\":\"\",\"moxaDelayAlarm\":\"0\",\"moxaPath\":\"\",\"moxaHeader\":\"\"},{\"enableMoxa\":\"0\",\"protocolMoxa\":\"\",\"moxaHost\":\"\",\"moxaPort\":\"\",\"moxaDelayAlarm\":\"0\",\"moxaPath\":\"\",\"moxaHeader\":\"\"}],\"outdoorEmailMoxa\":false,\"indoorEmailMoxa\":false,\"outdoorSmsMoxa\":false,\"indoorSmsMoxa\":false}', 0, '2022-10-03 14:25:40'),
(430, 'pbx1', '{\"pbxNChannel\":\"30\",\"pbxTrunkName\":\"trunk\",\"pbxActive\":true,\"pbxApiProtocol\":\"http\",\"pbxHost\":\"127.0.0.1\",\"pbxPort\":\"80\"}', 0, '2022-10-03 15:08:59'),
(433, 'pop3_1', '{\"enablePop3ToTrouble\":\"0\",\"sslPop3ToTrouble\":\"0\",\"pop3ToTroubleHost\":\"\",\"pop3ToTroublePort\":\"\",\"pop3ToTroubleUser\":\"\",\"pop3ToTroublePassword\":\"\",\"pop3Infos\":[{\"pop3ToTroubleName\":\"\",\"pop3ToTroubleKeyWords\":\"\",\"pop3ToTroubleWhere\":\"subject\",\"pop3ToTroubleInfo\":\"subject\",\"pop3ToTroubleFilter\":\"contain\",\"pop3ToTroubleInfoSeparator\":\"\",\"pop3ToTroubleInfoPositionAfterSep\":\"\"},{\"pop3ToTroubleName\":\"\",\"pop3ToTroubleKeyWords\":\"\",\"pop3ToTroubleWhere\":\"subject\",\"pop3ToTroubleInfo\":\"subject\",\"pop3ToTroubleFilter\":\"contain\",\"pop3ToTroubleInfoSeparator\":\"\",\"pop3ToTroubleInfoPositionAfterSep\":\"\"},{\"pop3ToTroubleName\":\"\",\"pop3ToTroubleKeyWords\":\"\",\"pop3ToTroubleWhere\":\"subject\",\"pop3ToTroubleInfo\":\"subject\",\"pop3ToTroubleFilter\":\"contain\",\"pop3ToTroubleInfoSeparator\":\"\",\"pop3ToTroubleInfoPositionAfterSep\":\"\"},{\"pop3ToTroubleName\":\"\",\"pop3ToTroubleKeyWords\":\"\",\"pop3ToTroubleWhere\":\"subject\",\"pop3ToTroubleInfo\":\"subject\",\"pop3ToTroubleFilter\":\"contain\",\"pop3ToTroubleInfoSeparator\":\"\",\"pop3ToTroubleInfoPositionAfterSep\":\"\"},{\"pop3ToTroubleName\":\"\",\"pop3ToTroubleKeyWords\":\"\",\"pop3ToTroubleWhere\":\"subject\",\"pop3ToTroubleInfo\":\"subject\",\"pop3ToTroubleFilter\":\"contain\",\"pop3ToTroubleInfoSeparator\":\"\",\"pop3ToTroubleInfoPositionAfterSep\":\"\"}]}', 0, '2022-10-03 15:16:45'),
(434, 'pop3_2', '{\"enablePop3ToTrouble\":\"0\",\"sslPop3ToTrouble\":\"0\",\"pop3ToTroubleHost\":\"\",\"pop3ToTroublePort\":\"\",\"pop3ToTroubleUser\":\"\",\"pop3ToTroublePassword\":\"\",\"pop3Infos\":[{\"pop3ToTroubleName\":\"\",\"pop3ToTroubleKeyWords\":\"\",\"pop3ToTroubleWhere\":\"subject\",\"pop3ToTroubleInfo\":\"subject\",\"pop3ToTroubleFilter\":\"contain\",\"pop3ToTroubleInfoSeparator\":\"\",\"pop3ToTroubleInfoPositionAfterSep\":\"\"},{\"pop3ToTroubleName\":\"\",\"pop3ToTroubleKeyWords\":\"\",\"pop3ToTroubleWhere\":\"subject\",\"pop3ToTroubleInfo\":\"subject\",\"pop3ToTroubleFilter\":\"contain\",\"pop3ToTroubleInfoSeparator\":\"\",\"pop3ToTroubleInfoPositionAfterSep\":\"\"},{\"pop3ToTroubleName\":\"\",\"pop3ToTroubleKeyWords\":\"\",\"pop3ToTroubleWhere\":\"subject\",\"pop3ToTroubleInfo\":\"subject\",\"pop3ToTroubleFilter\":\"contain\",\"pop3ToTroubleInfoSeparator\":\"\",\"pop3ToTroubleInfoPositionAfterSep\":\"\"},{\"pop3ToTroubleName\":\"\",\"pop3ToTroubleKeyWords\":\"\",\"pop3ToTroubleWhere\":\"subject\",\"pop3ToTroubleInfo\":\"subject\",\"pop3ToTroubleFilter\":\"contain\",\"pop3ToTroubleInfoSeparator\":\"\",\"pop3ToTroubleInfoPositionAfterSep\":\"\"},{\"pop3ToTroubleName\":\"\",\"pop3ToTroubleKeyWords\":\"\",\"pop3ToTroubleWhere\":\"subject\",\"pop3ToTroubleInfo\":\"subject\",\"pop3ToTroubleFilter\":\"contain\",\"pop3ToTroubleInfoSeparator\":\"\",\"pop3ToTroubleInfoPositionAfterSep\":\"\"}]}', 1, '2022-10-03 15:16:48'),
(435, 'app_android_1', '{\"enableAndroidAlarm\":true,\"androidSourceAlarm\":\"dati\",\"androidMode\":\"first_beacon_second_area\",\"smsServerApp\":\"sms.phoenyxsrl.com\",\"backEndApp\":\"app.phoenyxsrl.com\",\"smsServerIdCustomer\":\"7\",\"smsServerTokenCustomer\":\"da39a3ee5e6b4b0d3255bfef95601890afd807098685b7bb55f4525923e7ab8bd82bd8ae9fd65abf\",\"customerKey\":\"23c70eb12082307fe7b06923d3aacd0e\",\"enableKeepAlive\":\"0\",\"keepAlive\":\"30\",\"keepAliveModality\":\"manDown\",\"keepAliveMap\":\"1\",\"batteryCheck\":\"1\",\"batteryLevel\":\"15\",\"outdoorEmailAndroid\":true,\"indoorEmailAndroid\":true,\"outdoorSmsAndroid\":true,\"indoorSmsAndroid\":true}', 0, '2022-10-06 11:16:14'),
(436, 'voice_rss_parameters', '{\"key\":\"a659f978bec54b5db56cef5423427c63\",\"language\":\"it-it\",\"speed\":\"-1\",\"format\":\"8khz_8bit_mono\",\"codecs\":\"WAV\",\"phrase\":\"Premi uno per riascoltare o premi due per confermare la ricezione del messaggio.\"}', 0, '2022-10-10 15:57:07'),
(437, 'voice_rss_parameters', '{\"key\":\"a659f978bec54b5db56cef5423427c63\",\"language\":\"it-it\",\"speed\":\"-1\",\"format\":\"8khz_8bit_mono\",\"codecs\":\"WAV\",\"phrase\":\"Premi uno per riascoltare o premi due per confermare la ricezione del messaggio.\"}', 0, '2022-10-10 15:57:39'),
(438, 'voice_rss_parameters', '{\"key\":\"a659f978bec54b5db56cef5423427c63\",\"language\":\"it-it\",\"speed\":\"-1\",\"format\":\"8khz_8bit_mono\",\"codecs\":\"WAV\",\"phrase\":\"Premi uno per riascoltare o premi due per confermare la ricezione del messaggio.\"}', 0, '2022-10-10 15:58:56'),
(439, 'voice_rss_parameters', '{\"key\":\"a659f978bec54b5db56cef5423427c63\",\"language\":\"it-it\",\"speed\":\"-1\",\"format\":\"8khz_8bit_mono\",\"codecs\":\"WAV\",\"phrase\":\"Premi uno per riascoltare o premi due per confermare la ricezione del messaggio.\"}', 0, '2022-10-10 15:59:18'),
(440, 'voice_rss_parameters', '{\"key\":\"a659f978bec54b5db56cef5423427c63\",\"language\":\"it-it\",\"speed\":\"-1\",\"format\":\"8khz_8bit_mono\",\"codecs\":\"WAV\",\"phrase\":\"Premi uno per riascoltare o premi due per confermare la ricezione del messaggio.\"}', 0, '2022-10-10 16:00:17'),
(441, 'voice_rss_parameters', '{\"key\":\"a659f978bec54b5db56cef5423427c63\",\"language\":\"it-it\",\"speed\":\"-1\",\"format\":\"8khz_8bit_mono\",\"codecs\":\"WAV\",\"phrase\":\"Premi uno per riascoltare o premi due per confermare la ricezione del messaggio.\"}', 0, '2022-10-10 16:01:14'),
(442, 'voice_rss_parameters', '{\"key\":\"a659f978bec54b5db56cef5423427c63\",\"language\":\"it-it\",\"speed\":\"-1\",\"format\":\"8khz_8bit_mono\",\"codecs\":\"WAV\",\"phrase\":\"Premi uno per riascoltare o premi due per confermare la ricezione del messaggio.\"}', 0, '2022-10-10 16:02:20'),
(443, 'voice_rss_parameters', '{\"key\":\"a659f978bec54b5db56cef5423427c63\",\"language\":\"it-it\",\"speed\":\"-1\",\"format\":\"8khz_8bit_mono\",\"codecs\":\"WAV\",\"phrase\":\"Premi uno per riascoltare o premi due per confermare la ricezione del messaggio.\"}', 0, '2022-10-10 16:03:54'),
(444, 'voice_rss_parameters', '{\"key\":\"a659f978bec54b5db56cef5423427c63\",\"language\":\"it-it\",\"speed\":\"-1\",\"format\":\"8khz_8bit_mono\",\"codecs\":\"WAV\",\"phrase\":\"Premi uno per riascoltare o premi due per confermare la ricezione del messaggio.\"}', 0, '2022-10-10 17:07:40');
INSERT INTO `configurations` (`id`, `name_key`, `value`, `active`, `insert_time`) VALUES
(445, 'voice_rss_parameters', '{\"key\":\"a659f978bec54b5db56cef5423427c63\",\"language\":\"it-it\",\"speed\":\"-1\",\"format\":\"8khz_8bit_mono\",\"codecs\":\"WAV\",\"phrase\":\"Premi uno per riascoltare o premi due per confermare la ricezione del messaggio.\"}', 0, '2022-10-10 17:09:00'),
(446, 'serial', '{\"serialDataArray\":[{\"enableSerialAlarm\":\"0\",\"serialTypeAlarm\":\"nurse\",\"serialTypeProtocol\":\"rs232\",\"serialEspa444ModProtocol\":\"\",\"serialRS232EndLine\":\"\",\"serialRS232Timeout\":\"\",\"serialRS232Separator\":\"\",\"serialRS232StartInfo\":\"\",\"serialRS232EndInfo\":\"\",\"serialTcpHost\":\"\",\"serialTcpPort\":\"\"},{\"enableSerialAlarm\":\"0\",\"serialTypeAlarm\":\"nurse\",\"serialTypeProtocol\":\"rs232\",\"serialEspa444ModProtocol\":\"\",\"serialRS232EndLine\":\"nurse\",\"serialRS232Timeout\":\"\",\"serialRS232Separator\":\"\",\"serialRS232StartInfo\":\"\",\"serialRS232EndInfo\":\"\",\"serialTcpHost\":\"\",\"serialTcpPort\":\"\"},{\"enableSerialAlarm\":\"0\",\"serialTypeAlarm\":\"nurse\",\"serialTypeProtocol\":\"rs232\",\"serialEspa444ModProtocol\":\"\",\"serialRS232EndLine\":\"nurse\",\"serialRS232Timeout\":\"\",\"serialRS232Separator\":\"\",\"serialRS232StartInfo\":\"\",\"serialRS232EndInfo\":\"\",\"serialTcpHost\":\"\",\"serialTcpPort\":\"\"},{\"enableSerialAlarm\":\"0\",\"serialTypeAlarm\":\"nurse\",\"serialTypeProtocol\":\"rs232\",\"serialEspa444ModProtocol\":\"\",\"serialRS232EndLine\":\"nurse\",\"serialRS232Timeout\":\"\",\"serialRS232Separator\":\"\",\"serialRS232StartInfo\":\"\",\"serialRS232EndInfo\":\"\",\"serialTcpHost\":\"\",\"serialTcpPort\":\"\"},{\"enableSerialAlarm\":\"0\",\"serialTypeAlarm\":\"nurse\",\"serialTypeProtocol\":\"rs232\",\"serialEspa444ModProtocol\":\"\",\"serialRS232EndLine\":\"nurse\",\"serialRS232Timeout\":\"\",\"serialRS232Separator\":\"\",\"serialRS232StartInfo\":\"\",\"serialRS232EndInfo\":\"\",\"serialTcpHost\":\"\",\"serialTcpPort\":\"\"}],\"outdoorEmailSerial\":false,\"indoorEmailSerial\":false,\"outdoorSmsSerial\":false,\"indoorSmsSerial\":false}', 0, '2022-10-21 20:54:32'),
(447, 'serial', '{\"serialDataArray\":[{\"enableSerialAlarm\":\"0\",\"serialTypeAlarm\":\"nurse\",\"serialTypeProtocol\":\"rs232\",\"serialEspa444ModProtocol\":\"\",\"serialRS232EndLine\":\"\",\"serialRS232Timeout\":\"\",\"serialRS232Separator\":\"\",\"serialRS232StartInfo\":\"\",\"serialRS232EndInfo\":\"\",\"serialTcpHost\":\"\",\"serialTcpPort\":\"\"},{\"enableSerialAlarm\":\"0\",\"serialTypeAlarm\":\"nurse\",\"serialTypeProtocol\":\"rs232\",\"serialEspa444ModProtocol\":\"\",\"serialRS232EndLine\":\"\",\"serialRS232Timeout\":\"\",\"serialRS232Separator\":\"\",\"serialRS232StartInfo\":\"\",\"serialRS232EndInfo\":\"\",\"serialTcpHost\":\"\",\"serialTcpPort\":\"\"},{\"enableSerialAlarm\":\"0\",\"serialTypeAlarm\":\"nurse\",\"serialTypeProtocol\":\"rs232\",\"serialEspa444ModProtocol\":\"\",\"serialRS232EndLine\":\"nurse\",\"serialRS232Timeout\":\"\",\"serialRS232Separator\":\"\",\"serialRS232StartInfo\":\"\",\"serialRS232EndInfo\":\"\",\"serialTcpHost\":\"\",\"serialTcpPort\":\"\"},{\"enableSerialAlarm\":\"0\",\"serialTypeAlarm\":\"nurse\",\"serialTypeProtocol\":\"rs232\",\"serialEspa444ModProtocol\":\"\",\"serialRS232EndLine\":\"nurse\",\"serialRS232Timeout\":\"\",\"serialRS232Separator\":\"\",\"serialRS232StartInfo\":\"\",\"serialRS232EndInfo\":\"\",\"serialTcpHost\":\"\",\"serialTcpPort\":\"\"},{\"enableSerialAlarm\":\"0\",\"serialTypeAlarm\":\"nurse\",\"serialTypeProtocol\":\"rs232\",\"serialEspa444ModProtocol\":\"\",\"serialRS232EndLine\":\"nurse\",\"serialRS232Timeout\":\"\",\"serialRS232Separator\":\"\",\"serialRS232StartInfo\":\"\",\"serialRS232EndInfo\":\"\",\"serialTcpHost\":\"\",\"serialTcpPort\":\"\"}],\"outdoorEmailSerial\":false,\"indoorEmailSerial\":false,\"outdoorSmsSerial\":false,\"indoorSmsSerial\":false}', 0, '2022-10-21 20:56:41'),
(448, 'serial', '{\"serialDataArray\":[{\"enableSerialAlarm\":\"0\",\"serialTypeAlarm\":\"nurse\",\"serialTypeProtocol\":\"rs232\",\"serialEspa444ModProtocol\":\"\",\"serialRS232EndLine\":\"\",\"serialRS232Timeout\":\"\",\"serialRS232Separator\":\"\",\"serialRS232StartInfo\":\"\",\"serialRS232EndInfo\":\"\",\"serialTcpHost\":\"\",\"serialTcpPort\":\"\"},{\"enableSerialAlarm\":\"0\",\"serialTypeAlarm\":\"nurse\",\"serialTypeProtocol\":\"rs232\",\"serialEspa444ModProtocol\":\"\",\"serialRS232EndLine\":\"\",\"serialRS232Timeout\":\"\",\"serialRS232Separator\":\"\",\"serialRS232StartInfo\":\"\",\"serialRS232EndInfo\":\"\",\"serialTcpHost\":\"\",\"serialTcpPort\":\"\"},{\"enableSerialAlarm\":\"0\",\"serialTypeAlarm\":\"nurse\",\"serialTypeProtocol\":\"rs232\",\"serialEspa444ModProtocol\":\"\",\"serialRS232EndLine\":\"\",\"serialRS232Timeout\":\"\",\"serialRS232Separator\":\"\",\"serialRS232StartInfo\":\"\",\"serialRS232EndInfo\":\"\",\"serialTcpHost\":\"\",\"serialTcpPort\":\"\"},{\"enableSerialAlarm\":\"0\",\"serialTypeAlarm\":\"nurse\",\"serialTypeProtocol\":\"rs232\",\"serialEspa444ModProtocol\":\"\",\"serialRS232EndLine\":\"nurse\",\"serialRS232Timeout\":\"\",\"serialRS232Separator\":\"\",\"serialRS232StartInfo\":\"\",\"serialRS232EndInfo\":\"\",\"serialTcpHost\":\"\",\"serialTcpPort\":\"\"},{\"enableSerialAlarm\":\"0\",\"serialTypeAlarm\":\"nurse\",\"serialTypeProtocol\":\"rs232\",\"serialEspa444ModProtocol\":\"\",\"serialRS232EndLine\":\"nurse\",\"serialRS232Timeout\":\"\",\"serialRS232Separator\":\"\",\"serialRS232StartInfo\":\"\",\"serialRS232EndInfo\":\"\",\"serialTcpHost\":\"\",\"serialTcpPort\":\"\"}],\"outdoorEmailSerial\":false,\"indoorEmailSerial\":false,\"outdoorSmsSerial\":false,\"indoorSmsSerial\":false}', 0, '2022-10-21 20:56:43'),
(449, 'serial', '{\"serialDataArray\":[{\"enableSerialAlarm\":\"0\",\"serialTypeAlarm\":\"nurse\",\"serialTypeProtocol\":\"rs232\",\"serialEspa444ModProtocol\":\"\",\"serialRS232EndLine\":\"\",\"serialRS232Timeout\":\"\",\"serialRS232Separator\":\"\",\"serialRS232StartInfo\":\"\",\"serialRS232EndInfo\":\"\",\"serialTcpHost\":\"\",\"serialTcpPort\":\"\"},{\"enableSerialAlarm\":\"0\",\"serialTypeAlarm\":\"nurse\",\"serialTypeProtocol\":\"rs232\",\"serialEspa444ModProtocol\":\"\",\"serialRS232EndLine\":\"\",\"serialRS232Timeout\":\"\",\"serialRS232Separator\":\"\",\"serialRS232StartInfo\":\"\",\"serialRS232EndInfo\":\"\",\"serialTcpHost\":\"\",\"serialTcpPort\":\"\"},{\"enableSerialAlarm\":\"0\",\"serialTypeAlarm\":\"nurse\",\"serialTypeProtocol\":\"rs232\",\"serialEspa444ModProtocol\":\"\",\"serialRS232EndLine\":\"\",\"serialRS232Timeout\":\"\",\"serialRS232Separator\":\"\",\"serialRS232StartInfo\":\"\",\"serialRS232EndInfo\":\"\",\"serialTcpHost\":\"\",\"serialTcpPort\":\"\"},{\"enableSerialAlarm\":\"0\",\"serialTypeAlarm\":\"nurse\",\"serialTypeProtocol\":\"rs232\",\"serialEspa444ModProtocol\":\"\",\"serialRS232EndLine\":\"\",\"serialRS232Timeout\":\"\",\"serialRS232Separator\":\"\",\"serialRS232StartInfo\":\"\",\"serialRS232EndInfo\":\"\",\"serialTcpHost\":\"\",\"serialTcpPort\":\"\"},{\"enableSerialAlarm\":\"0\",\"serialTypeAlarm\":\"nurse\",\"serialTypeProtocol\":\"rs232\",\"serialEspa444ModProtocol\":\"\",\"serialRS232EndLine\":\"nurse\",\"serialRS232Timeout\":\"\",\"serialRS232Separator\":\"\",\"serialRS232StartInfo\":\"\",\"serialRS232EndInfo\":\"\",\"serialTcpHost\":\"\",\"serialTcpPort\":\"\"}],\"outdoorEmailSerial\":false,\"indoorEmailSerial\":false,\"outdoorSmsSerial\":false,\"indoorSmsSerial\":false}', 0, '2022-10-21 20:56:45'),
(450, 'serial', '{\"serialDataArray\":[{\"enableSerialAlarm\":\"0\",\"serialTypeAlarm\":\"nurse\",\"serialTypeProtocol\":\"rs232\",\"serialEspa444ModProtocol\":\"\",\"serialRS232EndLine\":\"\",\"serialRS232Timeout\":\"\",\"serialRS232Separator\":\"\",\"serialRS232StartInfo\":\"\",\"serialRS232EndInfo\":\"\",\"serialTcpHost\":\"\",\"serialTcpPort\":\"\"},{\"enableSerialAlarm\":\"0\",\"serialTypeAlarm\":\"nurse\",\"serialTypeProtocol\":\"rs232\",\"serialEspa444ModProtocol\":\"\",\"serialRS232EndLine\":\"\",\"serialRS232Timeout\":\"\",\"serialRS232Separator\":\"\",\"serialRS232StartInfo\":\"\",\"serialRS232EndInfo\":\"\",\"serialTcpHost\":\"\",\"serialTcpPort\":\"\"},{\"enableSerialAlarm\":\"0\",\"serialTypeAlarm\":\"nurse\",\"serialTypeProtocol\":\"rs232\",\"serialEspa444ModProtocol\":\"\",\"serialRS232EndLine\":\"\",\"serialRS232Timeout\":\"\",\"serialRS232Separator\":\"\",\"serialRS232StartInfo\":\"\",\"serialRS232EndInfo\":\"\",\"serialTcpHost\":\"\",\"serialTcpPort\":\"\"},{\"enableSerialAlarm\":\"0\",\"serialTypeAlarm\":\"nurse\",\"serialTypeProtocol\":\"rs232\",\"serialEspa444ModProtocol\":\"\",\"serialRS232EndLine\":\"\",\"serialRS232Timeout\":\"\",\"serialRS232Separator\":\"\",\"serialRS232StartInfo\":\"\",\"serialRS232EndInfo\":\"\",\"serialTcpHost\":\"\",\"serialTcpPort\":\"\"},{\"enableSerialAlarm\":\"0\",\"serialTypeAlarm\":\"nurse\",\"serialTypeProtocol\":\"rs232\",\"serialEspa444ModProtocol\":\"\",\"serialRS232EndLine\":\"\",\"serialRS232Timeout\":\"\",\"serialRS232Separator\":\"\",\"serialRS232StartInfo\":\"\",\"serialRS232EndInfo\":\"\",\"serialTcpHost\":\"\",\"serialTcpPort\":\"\"}],\"outdoorEmailSerial\":false,\"indoorEmailSerial\":false,\"outdoorSmsSerial\":false,\"indoorSmsSerial\":false}', 0, '2022-10-21 20:56:47'),
(451, 'serial', '{\"serialDataArray\":[{\"enableSerialAlarm\":\"1\",\"serialTypeAlarm\":\"fire\",\"serialTypeProtocol\":\"rs232\",\"serialEspa444ModProtocol\":\"\",\"serialRS232EndLine\":\"\",\"serialRS232Timeout\":\"5000\",\"serialRS232Separator\":\" \",\"serialRS232StartInfo\":\"1\",\"serialRS232EndInfo\":\"2\",\"serialTcpHost\":\"192.168.0.1\",\"serialTcpPort\":\"23\"},{\"enableSerialAlarm\":\"0\",\"serialTypeAlarm\":\"nurse\",\"serialTypeProtocol\":\"rs232\",\"serialEspa444ModProtocol\":\"\",\"serialRS232EndLine\":\"nurse\",\"serialRS232Timeout\":\"\",\"serialRS232Separator\":\"\",\"serialRS232StartInfo\":\"\",\"serialRS232EndInfo\":\"\",\"serialTcpHost\":\"\",\"serialTcpPort\":\"\"},{\"enableSerialAlarm\":\"0\",\"serialTypeAlarm\":\"nurse\",\"serialTypeProtocol\":\"rs232\",\"serialEspa444ModProtocol\":\"\",\"serialRS232EndLine\":\"nurse\",\"serialRS232Timeout\":\"\",\"serialRS232Separator\":\"\",\"serialRS232StartInfo\":\"\",\"serialRS232EndInfo\":\"\",\"serialTcpHost\":\"\",\"serialTcpPort\":\"\"},{\"enableSerialAlarm\":\"0\",\"serialTypeAlarm\":\"nurse\",\"serialTypeProtocol\":\"rs232\",\"serialEspa444ModProtocol\":\"\",\"serialRS232EndLine\":\"nurse\",\"serialRS232Timeout\":\"\",\"serialRS232Separator\":\"\",\"serialRS232StartInfo\":\"\",\"serialRS232EndInfo\":\"\",\"serialTcpHost\":\"\",\"serialTcpPort\":\"\"},{\"enableSerialAlarm\":\"0\",\"serialTypeAlarm\":\"nurse\",\"serialTypeProtocol\":\"rs232\",\"serialEspa444ModProtocol\":\"\",\"serialRS232EndLine\":\"nurse\",\"serialRS232Timeout\":\"\",\"serialRS232Separator\":\"\",\"serialRS232StartInfo\":\"\",\"serialRS232EndInfo\":\"\",\"serialTcpHost\":\"\",\"serialTcpPort\":\"\"}],\"outdoorEmailSerial\":false,\"indoorEmailSerial\":false,\"outdoorSmsSerial\":false,\"indoorSmsSerial\":false}', 0, '2022-10-22 01:13:24'),
(452, 'serial', '{\"serialDataArray\":[{\"enableSerialAlarm\":\"1\",\"serialTypeAlarm\":\"fire\",\"serialTypeProtocol\":\"rs232\",\"serialEspa444ModProtocol\":\"\",\"serialRS232EndLine\":\"\",\"serialRS232Timeout\":\"5000\",\"serialRS232Separator\":\" \",\"serialRS232StartInfo\":\"1\",\"serialRS232EndInfo\":\"2\",\"serialTcpHost\":\"192.168.0.1\",\"serialTcpPort\":\"23\",\"serialRepetitionTimeCat\":\"undefined\",\"serialPositionCat\":\"undefined\",\"stopOnEndLineSerial\":true},{\"enableSerialAlarm\":\"0\",\"serialTypeAlarm\":\"nurse\",\"serialTypeProtocol\":\"rs232\",\"serialEspa444ModProtocol\":\"\",\"serialRS232EndLine\":\"nurse\",\"serialRS232Timeout\":\"\",\"serialRS232Separator\":\"\",\"serialRS232StartInfo\":\"\",\"serialRS232EndInfo\":\"\",\"serialTcpHost\":\"\",\"serialTcpPort\":\"\",\"serialRepetitionTimeCat\":\"undefined\",\"serialPositionCat\":\"undefined\",\"stopOnEndLineSerial\":false},{\"enableSerialAlarm\":\"0\",\"serialTypeAlarm\":\"nurse\",\"serialTypeProtocol\":\"rs232\",\"serialEspa444ModProtocol\":\"\",\"serialRS232EndLine\":\"nurse\",\"serialRS232Timeout\":\"\",\"serialRS232Separator\":\"\",\"serialRS232StartInfo\":\"\",\"serialRS232EndInfo\":\"\",\"serialTcpHost\":\"\",\"serialTcpPort\":\"\",\"serialRepetitionTimeCat\":\"undefined\",\"serialPositionCat\":\"undefined\",\"stopOnEndLineSerial\":false},{\"enableSerialAlarm\":\"0\",\"serialTypeAlarm\":\"nurse\",\"serialTypeProtocol\":\"rs232\",\"serialEspa444ModProtocol\":\"\",\"serialRS232EndLine\":\"nurse\",\"serialRS232Timeout\":\"\",\"serialRS232Separator\":\"\",\"serialRS232StartInfo\":\"\",\"serialRS232EndInfo\":\"\",\"serialTcpHost\":\"\",\"serialTcpPort\":\"\",\"serialRepetitionTimeCat\":\"undefined\",\"serialPositionCat\":\"undefined\",\"stopOnEndLineSerial\":false},{\"enableSerialAlarm\":\"0\",\"serialTypeAlarm\":\"nurse\",\"serialTypeProtocol\":\"rs232\",\"serialEspa444ModProtocol\":\"\",\"serialRS232EndLine\":\"nurse\",\"serialRS232Timeout\":\"\",\"serialRS232Separator\":\"\",\"serialRS232StartInfo\":\"\",\"serialRS232EndInfo\":\"\",\"serialTcpHost\":\"\",\"serialTcpPort\":\"\",\"serialRepetitionTimeCat\":\"undefined\",\"serialPositionCat\":\"undefined\",\"stopOnEndLineSerial\":false}],\"outdoorEmailSerial\":false,\"indoorEmailSerial\":false,\"outdoorSmsSerial\":false,\"indoorSmsSerial\":false}', 0, '2022-10-22 01:20:54'),
(453, 'serial', '{\"serialDataArray\":[{\"enableSerialAlarm\":\"1\",\"serialTypeAlarm\":\"fire\",\"serialTypeProtocol\":\"rs232\",\"serialEspa444ModProtocol\":\"\",\"serialRS232EndLine\":\"\",\"serialRS232Timeout\":\"5000\",\"serialRS232Separator\":\" \",\"serialRS232StartInfo\":\"1\",\"serialRS232EndInfo\":\"2\",\"serialTcpHost\":\"192.168.0.1\",\"serialTcpPort\":\"23\",\"serialRepetitionTimeCat\":\"5000\",\"serialPositionCat\":\"1,2,3\",\"stopOnEndLineSerial\":true},{\"enableSerialAlarm\":\"0\",\"serialTypeAlarm\":\"nurse\",\"serialTypeProtocol\":\"rs232\",\"serialEspa444ModProtocol\":\"\",\"serialRS232EndLine\":\"nurse\",\"serialRS232Timeout\":\"\",\"serialRS232Separator\":\"\",\"serialRS232StartInfo\":\"\",\"serialRS232EndInfo\":\"\",\"serialTcpHost\":\"\",\"serialTcpPort\":\"\",\"serialRepetitionTimeCat\":\"\",\"serialPositionCat\":\"\",\"stopOnEndLineSerial\":false},{\"enableSerialAlarm\":\"0\",\"serialTypeAlarm\":\"nurse\",\"serialTypeProtocol\":\"rs232\",\"serialEspa444ModProtocol\":\"\",\"serialRS232EndLine\":\"nurse\",\"serialRS232Timeout\":\"\",\"serialRS232Separator\":\"\",\"serialRS232StartInfo\":\"\",\"serialRS232EndInfo\":\"\",\"serialTcpHost\":\"\",\"serialTcpPort\":\"\",\"serialRepetitionTimeCat\":\"\",\"serialPositionCat\":\"\",\"stopOnEndLineSerial\":false},{\"enableSerialAlarm\":\"0\",\"serialTypeAlarm\":\"nurse\",\"serialTypeProtocol\":\"rs232\",\"serialEspa444ModProtocol\":\"\",\"serialRS232EndLine\":\"nurse\",\"serialRS232Timeout\":\"\",\"serialRS232Separator\":\"\",\"serialRS232StartInfo\":\"\",\"serialRS232EndInfo\":\"\",\"serialTcpHost\":\"\",\"serialTcpPort\":\"\",\"serialRepetitionTimeCat\":\"\",\"serialPositionCat\":\"\",\"stopOnEndLineSerial\":false},{\"enableSerialAlarm\":\"0\",\"serialTypeAlarm\":\"nurse\",\"serialTypeProtocol\":\"rs232\",\"serialEspa444ModProtocol\":\"\",\"serialRS232EndLine\":\"nurse\",\"serialRS232Timeout\":\"\",\"serialRS232Separator\":\"\",\"serialRS232StartInfo\":\"\",\"serialRS232EndInfo\":\"\",\"serialTcpHost\":\"\",\"serialTcpPort\":\"\",\"serialRepetitionTimeCat\":\"\",\"serialPositionCat\":\"\",\"stopOnEndLineSerial\":false}],\"outdoorEmailSerial\":false,\"indoorEmailSerial\":false,\"outdoorSmsSerial\":false,\"indoorSmsSerial\":false}', 0, '2022-10-22 01:22:48'),
(454, 'serial', '{\"serialDataArray\":[{\"enableSerialAlarm\":\"1\",\"serialTypeAlarm\":\"fire\",\"serialTypeProtocol\":\"rs232\",\"serialEspa444ModProtocol\":\"\",\"serialRS232EndLine\":\"\",\"serialRS232Timeout\":\"5000\",\"serialRS232Separator\":\" \",\"serialRS232StartInfo\":\"1\",\"serialRS232EndInfo\":\"2\",\"serialTcpHost\":\"192.168.0.1\",\"serialTcpPort\":\"23\",\"serialRepetitionTimeCat\":\"5000\",\"serialPositionCat\":\"1,2,3\",\"stopOnEndLineSerial\":true},{\"enableSerialAlarm\":\"0\",\"serialTypeAlarm\":\"nurse\",\"serialTypeProtocol\":\"rs232\",\"serialEspa444ModProtocol\":\"\",\"serialRS232EndLine\":\"nurse\",\"serialRS232Timeout\":\"\",\"serialRS232Separator\":\"\",\"serialRS232StartInfo\":\"\",\"serialRS232EndInfo\":\"\",\"serialTcpHost\":\"\",\"serialTcpPort\":\"\",\"serialRepetitionTimeCat\":\"\",\"serialPositionCat\":\"\",\"stopOnEndLineSerial\":false},{\"enableSerialAlarm\":\"0\",\"serialTypeAlarm\":\"nurse\",\"serialTypeProtocol\":\"rs232\",\"serialEspa444ModProtocol\":\"\",\"serialRS232EndLine\":\"nurse\",\"serialRS232Timeout\":\"\",\"serialRS232Separator\":\"\",\"serialRS232StartInfo\":\"\",\"serialRS232EndInfo\":\"\",\"serialTcpHost\":\"\",\"serialTcpPort\":\"\",\"serialRepetitionTimeCat\":\"\",\"serialPositionCat\":\"\",\"stopOnEndLineSerial\":false},{\"enableSerialAlarm\":\"0\",\"serialTypeAlarm\":\"nurse\",\"serialTypeProtocol\":\"rs232\",\"serialEspa444ModProtocol\":\"\",\"serialRS232EndLine\":\"nurse\",\"serialRS232Timeout\":\"\",\"serialRS232Separator\":\"\",\"serialRS232StartInfo\":\"\",\"serialRS232EndInfo\":\"\",\"serialTcpHost\":\"\",\"serialTcpPort\":\"\",\"serialRepetitionTimeCat\":\"\",\"serialPositionCat\":\"\",\"stopOnEndLineSerial\":false},{\"enableSerialAlarm\":\"0\",\"serialTypeAlarm\":\"nurse\",\"serialTypeProtocol\":\"rs232\",\"serialEspa444ModProtocol\":\"\",\"serialRS232EndLine\":\"nurse\",\"serialRS232Timeout\":\"\",\"serialRS232Separator\":\"\",\"serialRS232StartInfo\":\"\",\"serialRS232EndInfo\":\"\",\"serialTcpHost\":\"\",\"serialTcpPort\":\"\",\"serialRepetitionTimeCat\":\"\",\"serialPositionCat\":\"\",\"stopOnEndLineSerial\":false}],\"outdoorEmailSerial\":false,\"indoorEmailSerial\":false,\"outdoorSmsSerial\":false,\"indoorSmsSerial\":false}', 0, '2022-10-22 01:26:46'),
(455, 'serial', '{\"serialDataArray\":[{\"enableSerialAlarm\":\"1\",\"serialTypeAlarm\":\"fire\",\"serialTypeProtocol\":\"rs232\",\"serialEspa444ModProtocol\":\"\",\"serialRS232EndLine\":\"\",\"serialRS232Timeout\":\"5000\",\"serialRS232Separator\":\" \",\"serialRS232StartInfo\":\"1\",\"serialRS232EndInfo\":\"2\",\"serialTcpHost\":\"192.168.0.1\",\"serialTcpPort\":\"23\",\"serialRepetitionTimeCat\":\"5000\",\"serialPositionCat\":\"1,2,3\",\"stopOnEndLineSerial\":true},{\"enableSerialAlarm\":\"0\",\"serialTypeAlarm\":\"nurse\",\"serialTypeProtocol\":\"rs232\",\"serialEspa444ModProtocol\":\"\",\"serialRS232EndLine\":\"nurse\",\"serialRS232Timeout\":\"\",\"serialRS232Separator\":\"\",\"serialRS232StartInfo\":\"\",\"serialRS232EndInfo\":\"\",\"serialTcpHost\":\"\",\"serialTcpPort\":\"\",\"serialRepetitionTimeCat\":\"\",\"serialPositionCat\":\"\",\"stopOnEndLineSerial\":false},{\"enableSerialAlarm\":\"0\",\"serialTypeAlarm\":\"nurse\",\"serialTypeProtocol\":\"rs232\",\"serialEspa444ModProtocol\":\"\",\"serialRS232EndLine\":\"nurse\",\"serialRS232Timeout\":\"\",\"serialRS232Separator\":\"\",\"serialRS232StartInfo\":\"\",\"serialRS232EndInfo\":\"\",\"serialTcpHost\":\"\",\"serialTcpPort\":\"\",\"serialRepetitionTimeCat\":\"\",\"serialPositionCat\":\"\",\"stopOnEndLineSerial\":false},{\"enableSerialAlarm\":\"0\",\"serialTypeAlarm\":\"nurse\",\"serialTypeProtocol\":\"rs232\",\"serialEspa444ModProtocol\":\"\",\"serialRS232EndLine\":\"nurse\",\"serialRS232Timeout\":\"\",\"serialRS232Separator\":\"\",\"serialRS232StartInfo\":\"\",\"serialRS232EndInfo\":\"\",\"serialTcpHost\":\"\",\"serialTcpPort\":\"\",\"serialRepetitionTimeCat\":\"\",\"serialPositionCat\":\"\",\"stopOnEndLineSerial\":false},{\"enableSerialAlarm\":\"0\",\"serialTypeAlarm\":\"nurse\",\"serialTypeProtocol\":\"rs232\",\"serialEspa444ModProtocol\":\"\",\"serialRS232EndLine\":\"nurse\",\"serialRS232Timeout\":\"\",\"serialRS232Separator\":\"\",\"serialRS232StartInfo\":\"\",\"serialRS232EndInfo\":\"\",\"serialTcpHost\":\"\",\"serialTcpPort\":\"\",\"serialRepetitionTimeCat\":\"\",\"serialPositionCat\":\"\",\"stopOnEndLineSerial\":false}],\"outdoorEmailSerial\":false,\"indoorEmailSerial\":false,\"outdoorSmsSerial\":false,\"indoorSmsSerial\":false}', 0, '2022-10-22 01:26:53'),
(456, 'serial', '{\"serialDataArray\":[{\"enableSerialAlarm\":\"0\",\"serialTypeAlarm\":\"nurse\",\"serialTypeProtocol\":\"rs232\",\"serialEspa444ModProtocol\":\"\",\"serialRS232EndLine\":\"\",\"serialRS232Timeout\":\"\",\"serialRS232Separator\":\"\",\"serialRS232StartInfo\":\"\",\"serialRS232EndInfo\":\"\",\"serialTcpHost\":\"\",\"serialTcpPort\":\"\",\"serialRepetitionTimeCat\":\"\",\"serialPositionCat\":\"\",\"stopOnEndLineSerial\":false},{\"enableSerialAlarm\":\"0\",\"serialTypeAlarm\":\"nurse\",\"serialTypeProtocol\":\"rs232\",\"serialEspa444ModProtocol\":\"\",\"serialRS232EndLine\":\"\",\"serialRS232Timeout\":\"\",\"serialRS232Separator\":\"\",\"serialRS232StartInfo\":\"\",\"serialRS232EndInfo\":\"\",\"serialTcpHost\":\"\",\"serialTcpPort\":\"\",\"serialRepetitionTimeCat\":\"\",\"serialPositionCat\":\"\",\"stopOnEndLineSerial\":false},{\"enableSerialAlarm\":\"0\",\"serialTypeAlarm\":\"nurse\",\"serialTypeProtocol\":\"rs232\",\"serialEspa444ModProtocol\":\"\",\"serialRS232EndLine\":\"\",\"serialRS232Timeout\":\"\",\"serialRS232Separator\":\"\",\"serialRS232StartInfo\":\"\",\"serialRS232EndInfo\":\"\",\"serialTcpHost\":\"\",\"serialTcpPort\":\"\",\"serialRepetitionTimeCat\":\"\",\"serialPositionCat\":\"\",\"stopOnEndLineSerial\":false},{\"enableSerialAlarm\":\"0\",\"serialTypeAlarm\":\"nurse\",\"serialTypeProtocol\":\"rs232\",\"serialEspa444ModProtocol\":\"\",\"serialRS232EndLine\":\"\",\"serialRS232Timeout\":\"\",\"serialRS232Separator\":\"\",\"serialRS232StartInfo\":\"\",\"serialRS232EndInfo\":\"\",\"serialTcpHost\":\"\",\"serialTcpPort\":\"\",\"serialRepetitionTimeCat\":\"\",\"serialPositionCat\":\"\",\"stopOnEndLineSerial\":false},{\"enableSerialAlarm\":\"0\",\"serialTypeAlarm\":\"nurse\",\"serialTypeProtocol\":\"rs232\",\"serialEspa444ModProtocol\":\"\",\"serialRS232EndLine\":\"\",\"serialRS232Timeout\":\"\",\"serialRS232Separator\":\"\",\"serialRS232StartInfo\":\"\",\"serialRS232EndInfo\":\"\",\"serialTcpHost\":\"\",\"serialTcpPort\":\"\",\"serialRepetitionTimeCat\":\"\",\"serialPositionCat\":\"\",\"stopOnEndLineSerial\":false}],\"outdoorEmailSerial\":false,\"indoorEmailSerial\":false,\"outdoorSmsSerial\":false,\"indoorSmsSerial\":false}', 0, '2022-10-22 01:27:02'),
(457, 'isafe_web1', '{\"webName\":\"sviluppo\",\"webPath\":\"/isafe_web/api/\",\"webPort\":\"80\",\"webHost\":\"192.168.0.53\",\"webProtocol\":\"http\",\"webPortIndoor\":\"80\",\"webHostIndoor\":\"192.168.0.53\",\"webProtocolIndoor\":\"http\",\"webPathIndoor\":\"/isafe_web/\"}', 0, '2022-10-22 10:01:30'),
(458, 'pbx1', '{\"pbxNChannel\":\"30\",\"pbxTrunkName\":\"trunk\",\"pbxApiProtocol\":\"http\",\"pbxHost\":\"127.0.0.1\",\"pbxPort\":\"80\"}', 0, '2022-10-22 10:01:37'),
(459, 'serial', '{\"serialDataArray\":[{\"enableSerialAlarm\":\"1\",\"serialTypeAlarm\":\"nurse\",\"serialTypeProtocol\":\"rs232\",\"serialEspa444ModProtocol\":\"\",\"serialRS232EndLine\":\"\",\"serialRS232Timeout\":\"3000\",\"serialRS232Separator\":\"\",\"serialRS232StartInfo\":\"\",\"serialRS232EndInfo\":\"\",\"serialTcpHost\":\"192.168.0.53\",\"serialTcpPort\":\"23\",\"serialRepetitionTimeCat\":\"180000\",\"serialPositionCat\":\"1,2,3,4\",\"stopOnEndLineSerial\":true},{\"enableSerialAlarm\":\"0\",\"serialTypeAlarm\":\"nurse\",\"serialTypeProtocol\":\"rs232\",\"serialEspa444ModProtocol\":\"\",\"serialRS232EndLine\":\"\",\"serialRS232Timeout\":\"\",\"serialRS232Separator\":\"\",\"serialRS232StartInfo\":\"\",\"serialRS232EndInfo\":\"\",\"serialTcpHost\":\"\",\"serialTcpPort\":\"\",\"serialRepetitionTimeCat\":\"\",\"serialPositionCat\":\"\",\"stopOnEndLineSerial\":false},{\"enableSerialAlarm\":\"0\",\"serialTypeAlarm\":\"nurse\",\"serialTypeProtocol\":\"rs232\",\"serialEspa444ModProtocol\":\"\",\"serialRS232EndLine\":\"\",\"serialRS232Timeout\":\"\",\"serialRS232Separator\":\"\",\"serialRS232StartInfo\":\"\",\"serialRS232EndInfo\":\"\",\"serialTcpHost\":\"\",\"serialTcpPort\":\"\",\"serialRepetitionTimeCat\":\"\",\"serialPositionCat\":\"\",\"stopOnEndLineSerial\":false},{\"enableSerialAlarm\":\"0\",\"serialTypeAlarm\":\"nurse\",\"serialTypeProtocol\":\"rs232\",\"serialEspa444ModProtocol\":\"\",\"serialRS232EndLine\":\"\",\"serialRS232Timeout\":\"\",\"serialRS232Separator\":\"\",\"serialRS232StartInfo\":\"\",\"serialRS232EndInfo\":\"\",\"serialTcpHost\":\"\",\"serialTcpPort\":\"\",\"serialRepetitionTimeCat\":\"\",\"serialPositionCat\":\"\",\"stopOnEndLineSerial\":false},{\"enableSerialAlarm\":\"0\",\"serialTypeAlarm\":\"nurse\",\"serialTypeProtocol\":\"rs232\",\"serialEspa444ModProtocol\":\"\",\"serialRS232EndLine\":\"\",\"serialRS232Timeout\":\"\",\"serialRS232Separator\":\"\",\"serialRS232StartInfo\":\"\",\"serialRS232EndInfo\":\"\",\"serialTcpHost\":\"\",\"serialTcpPort\":\"\",\"serialRepetitionTimeCat\":\"\",\"serialPositionCat\":\"\",\"stopOnEndLineSerial\":false}],\"outdoorEmailSerial\":false,\"indoorEmailSerial\":false,\"outdoorSmsSerial\":false,\"indoorSmsSerial\":false}', 0, '2022-10-22 10:12:14'),
(460, 'app_android_1', '{\"enableAndroidAlarm\":false,\"androidSourceAlarm\":\"dati\",\"androidMode\":\"first_beacon_second_area\",\"smsServerApp\":null,\"backEndApp\":null,\"smsServerIdCustomer\":\"7\",\"smsServerTokenCustomer\":\"da39a3ee5e6b4b0d3255bfef95601890afd807098685b7bb55f4525923e7ab8bd82bd8ae9fd65abf\",\"customerKey\":\"23c70eb12082307fe7b06923d3aacd0e\",\"enableKeepAlive\":\"0\",\"keepAlive\":\"30\",\"keepAliveModality\":\"manDown\",\"keepAliveMap\":\"1\",\"batteryCheck\":\"1\",\"batteryLevel\":\"15\",\"outdoorEmailAndroid\":true,\"indoorEmailAndroid\":true,\"outdoorSmsAndroid\":true,\"indoorSmsAndroid\":true}', 0, '2022-10-22 18:21:30'),
(461, 'serial', '{\"serialDataArray\":[{\"enableSerialAlarm\":\"1\",\"serialTypeAlarm\":\"fire-cat\",\"serialTypeProtocol\":\"rs232\",\"serialEspa444ModProtocol\":\"\",\"serialRS232EndLine\":\"\",\"serialRS232Timeout\":\"3000\",\"serialRS232Separator\":\"\",\"serialRS232StartInfo\":\"\",\"serialRS232EndInfo\":\"\",\"serialTcpHost\":\"192.168.0.53\",\"serialTcpPort\":\"23\",\"serialRepetitionTimeCat\":\"180000\",\"serialPositionCat\":\"1,2,3,4\",\"stopOnEndLineSerial\":true},{\"enableSerialAlarm\":\"0\",\"serialTypeAlarm\":\"nurse\",\"serialTypeProtocol\":\"rs232\",\"serialEspa444ModProtocol\":\"\",\"serialRS232EndLine\":\"\",\"serialRS232Timeout\":\"\",\"serialRS232Separator\":\"\",\"serialRS232StartInfo\":\"\",\"serialRS232EndInfo\":\"\",\"serialTcpHost\":\"\",\"serialTcpPort\":\"\",\"serialRepetitionTimeCat\":\"\",\"serialPositionCat\":\"\",\"stopOnEndLineSerial\":false},{\"enableSerialAlarm\":\"0\",\"serialTypeAlarm\":\"nurse\",\"serialTypeProtocol\":\"rs232\",\"serialEspa444ModProtocol\":\"\",\"serialRS232EndLine\":\"\",\"serialRS232Timeout\":\"\",\"serialRS232Separator\":\"\",\"serialRS232StartInfo\":\"\",\"serialRS232EndInfo\":\"\",\"serialTcpHost\":\"\",\"serialTcpPort\":\"\",\"serialRepetitionTimeCat\":\"\",\"serialPositionCat\":\"\",\"stopOnEndLineSerial\":false},{\"enableSerialAlarm\":\"0\",\"serialTypeAlarm\":\"nurse\",\"serialTypeProtocol\":\"rs232\",\"serialEspa444ModProtocol\":\"\",\"serialRS232EndLine\":\"\",\"serialRS232Timeout\":\"\",\"serialRS232Separator\":\"\",\"serialRS232StartInfo\":\"\",\"serialRS232EndInfo\":\"\",\"serialTcpHost\":\"\",\"serialTcpPort\":\"\",\"serialRepetitionTimeCat\":\"\",\"serialPositionCat\":\"\",\"stopOnEndLineSerial\":false},{\"enableSerialAlarm\":\"0\",\"serialTypeAlarm\":\"nurse\",\"serialTypeProtocol\":\"rs232\",\"serialEspa444ModProtocol\":\"\",\"serialRS232EndLine\":\"\",\"serialRS232Timeout\":\"\",\"serialRS232Separator\":\"\",\"serialRS232StartInfo\":\"\",\"serialRS232EndInfo\":\"\",\"serialTcpHost\":\"\",\"serialTcpPort\":\"\",\"serialRepetitionTimeCat\":\"\",\"serialPositionCat\":\"\",\"stopOnEndLineSerial\":false}],\"outdoorEmailSerial\":false,\"indoorEmailSerial\":false,\"outdoorSmsSerial\":false,\"indoorSmsSerial\":false}', 0, '2022-10-22 18:21:41'),
(462, 'serial', '{\"serialDataArray\":[{\"enableSerialAlarm\":\"1\",\"serialTypeAlarm\":\"fire-cat\",\"serialTypeProtocol\":\"rs232\",\"serialEspa444ModProtocol\":\"\",\"serialRS232EndLine\":\"\",\"serialRS232Timeout\":\"3000\",\"serialRS232Separator\":\"\",\"serialRS232StartInfo\":\"\",\"serialRS232EndInfo\":\"\",\"serialTcpHost\":\"192.168.0.55\",\"serialTcpPort\":\"23\",\"serialRepetitionTimeCat\":\"180000\",\"serialPositionCat\":\"1,2,3,4\",\"stopOnEndLineSerial\":true},{\"enableSerialAlarm\":\"0\",\"serialTypeAlarm\":\"nurse\",\"serialTypeProtocol\":\"rs232\",\"serialEspa444ModProtocol\":\"\",\"serialRS232EndLine\":\"\",\"serialRS232Timeout\":\"\",\"serialRS232Separator\":\"\",\"serialRS232StartInfo\":\"\",\"serialRS232EndInfo\":\"\",\"serialTcpHost\":\"\",\"serialTcpPort\":\"\",\"serialRepetitionTimeCat\":\"\",\"serialPositionCat\":\"\",\"stopOnEndLineSerial\":false},{\"enableSerialAlarm\":\"0\",\"serialTypeAlarm\":\"nurse\",\"serialTypeProtocol\":\"rs232\",\"serialEspa444ModProtocol\":\"\",\"serialRS232EndLine\":\"\",\"serialRS232Timeout\":\"\",\"serialRS232Separator\":\"\",\"serialRS232StartInfo\":\"\",\"serialRS232EndInfo\":\"\",\"serialTcpHost\":\"\",\"serialTcpPort\":\"\",\"serialRepetitionTimeCat\":\"\",\"serialPositionCat\":\"\",\"stopOnEndLineSerial\":false},{\"enableSerialAlarm\":\"0\",\"serialTypeAlarm\":\"nurse\",\"serialTypeProtocol\":\"rs232\",\"serialEspa444ModProtocol\":\"\",\"serialRS232EndLine\":\"\",\"serialRS232Timeout\":\"\",\"serialRS232Separator\":\"\",\"serialRS232StartInfo\":\"\",\"serialRS232EndInfo\":\"\",\"serialTcpHost\":\"\",\"serialTcpPort\":\"\",\"serialRepetitionTimeCat\":\"\",\"serialPositionCat\":\"\",\"stopOnEndLineSerial\":false},{\"enableSerialAlarm\":\"0\",\"serialTypeAlarm\":\"nurse\",\"serialTypeProtocol\":\"rs232\",\"serialEspa444ModProtocol\":\"\",\"serialRS232EndLine\":\"\",\"serialRS232Timeout\":\"\",\"serialRS232Separator\":\"\",\"serialRS232StartInfo\":\"\",\"serialRS232EndInfo\":\"\",\"serialTcpHost\":\"\",\"serialTcpPort\":\"\",\"serialRepetitionTimeCat\":\"\",\"serialPositionCat\":\"\",\"stopOnEndLineSerial\":false}],\"outdoorEmailSerial\":false,\"indoorEmailSerial\":false,\"outdoorSmsSerial\":false,\"indoorSmsSerial\":false}', 0, '2022-10-22 18:22:22'),
(463, 'smtp1', '{\"host\":\"mail.phoenyxsrl.com\",\"port\":\"587\",\"auth\":\"SI\",\"username\":\"phoenyxsrl.com\",\"password\":\"biefeeph\",\"security\":\"starttls\",\"emailMittente\":\"info@phoenyxsrl.com\",\"nameMittente\":\"Test\"}', 0, '2022-10-24 13:30:36'),
(464, 'smtp1', '{\"host\":\"mail.phoenyxsrl.com\",\"port\":\"587\",\"auth\":\"SI\",\"username\":\"phoenyxsrl.com\",\"password\":\"biefeeph\",\"security\":\"starttls\",\"emailMittente\":\"info@phoenyxsrl.com\",\"nameMittente\":\"Test\"}', 0, '2022-10-24 13:30:36'),
(465, 'smtp1', '{\"host\":\"mail.phoenyxsrl.com\",\"port\":\"587\",\"auth\":\"SI\",\"username\":\"phoenyxsrl.com\",\"password\":\"biefeeph\",\"security\":\"tls\",\"emailMittente\":\"info@phoenyxsrl.com\",\"nameMittente\":\"Test\"}', 0, '2022-10-24 13:39:47'),
(466, 'smtp1', '{\"host\":\"mail.phoenyxsrl.com\",\"port\":\"587\",\"auth\":\"SI\",\"username\":\"phoenyxsrl.com\",\"password\":\"biefeeph\",\"security\":\"tls\",\"emailMittente\":\"info@phoenyxsrl.com\",\"nameMittente\":\"Test\"}', 0, '2022-10-24 13:39:49'),
(467, 'smtp1', '{\"host\":\"mail.phoenyxsrl.com\",\"port\":\"587\",\"auth\":\"SI\",\"username\":\"phoenyxsrl.com\",\"password\":\"biefeeph\",\"security\":\"starttls\",\"emailMittente\":\"info@phoenyxsrl.com\",\"nameMittente\":\"Test\"}', 0, '2022-10-24 13:43:47'),
(468, 'smtp1', '{\"host\":\"mail.phoenyxsrl.com\",\"port\":\"587\",\"auth\":\"SI\",\"username\":\"phoenyxsrl.com\",\"password\":\"biefeeph\",\"security\":\"starttls\",\"emailMittente\":\"info@phoenyxsrl.com\",\"nameMittente\":\"Test\"}', 0, '2022-10-24 13:43:47'),
(469, 'smtp1', '{\"host\":\"mail.phoenyxsrl.com\",\"port\":\"587\",\"auth\":\"SI\",\"username\":\"phoenyxsrl.com\",\"password\":\"biefeeph\",\"security\":\"tls\",\"emailMittente\":\"info@phoenyxsrl.com\",\"nameMittente\":\"Test\"}', 0, '2022-10-24 13:43:48'),
(470, 'smtp1', '{\"host\":\"mail.phoenyxsrl.com\",\"port\":\"587\",\"auth\":\"SI\",\"username\":\"phoenyxsrl.com\",\"password\":\"biefeeph\",\"security\":\"tls\",\"emailMittente\":\"info@phoenyxsrl.com\",\"nameMittente\":\"Test\"}', 0, '2022-10-24 13:43:50'),
(471, 'smtp1', '{\"host\":\"mail.phoenyxsrl.com\",\"port\":\"587\",\"auth\":\"SI\",\"username\":\"phoenyxsrl.com\",\"password\":\"biefeeph\",\"security\":\"starttls\",\"emailMittente\":\"info@phoenyxsrl.com\",\"nameMittente\":\"Test\"}', 0, '2022-10-24 14:23:34'),
(472, 'interfaces_conf1', 'network:\n  ethernets:\n    enp0s3:\n      dhcp4: true\n  version: 2', 0, '2022-10-24 16:02:55'),
(473, 'interfaces_conf1', '# This is the network config written by subiquity\nnetwork:\n  ethernets:\n    enp0s3:\n      dhcp4: true\n  version: 2', 1, '2022-10-24 16:04:19'),
(474, 'dect_1', '{\"enableDectAlarm\":true,\"dectTypeAlarm\":\"ip_phone_vlc_cisco_localization\",\"dectApiProtocolAlarm\":\"http\",\"dectApiHostAlarm\":\"\",\"dectApiPortAlarm\":\"\",\"dectApiPathAlarm\":\"\",\"dectApiProtocolCellAlarm\":\"http\",\"dectHtmlHostCellAlarm\":\"\",\"dectHtmlPortCellAlarm\":\"\",\"dectHtmlPathCellAlarm\":\"\",\"path_master\":\"/Applications/MAMP/htdocs/isafe_web/auxiliary/test/Master.csv\",\"path_snmp\":\"/Applications/MAMP/htdocs/isafe_web/auxiliary/test/snmpagent.log\",\"internalAlarmPrevText\":\"\",\"internalAlarmNextText\":\"\",\"alarmNumberDect\":\"222\",\"numberNormalPositionDect\":\"\",\"numberForcePositionDect\":\"\",\"outdoorEmailDect\":\"false\",\"indoorEmailDect\":\"false\",\"outdoorSmsDect\":\"false\",\"indoorSmsDect\":\"false\"}', 0, '2022-10-25 21:22:29'),
(475, 'dect_1', '{\"enableDectAlarm\":true,\"dectTypeAlarm\":\"ip_phone_vlc_cisco_localization\",\"dectApiProtocolAlarm\":\"http\",\"dectApiHostAlarm\":\"\",\"dectApiPortAlarm\":\"\",\"dectApiPathAlarm\":\"\",\"dectApiProtocolCellAlarm\":\"http\",\"dectHtmlHostCellAlarm\":\"\",\"dectHtmlPortCellAlarm\":\"\",\"dectHtmlPathCellAlarm\":\"\",\"path_master\":\"/Applications/MAMP/htdocs/isafe_web/auxiliary/test/Master.csv\",\"path_snmp\":\"/Applications/MAMP/htdocs/isafe_web/auxiliary/test/snmpagent.log\",\"internalAlarmPrevText\":\"\",\"internalAlarmNextText\":\"\",\"alarmNumberDect\":\"222\",\"numberNormalPositionDect\":\"\",\"numberForcePositionDect\":\"\",\"outdoorEmailDect\":\"false\",\"indoorEmailDect\":\"true\",\"outdoorSmsDect\":\"false\",\"indoorSmsDect\":\"false\"}', 0, '2022-10-25 21:22:32'),
(476, 'dect_1', '{\"enableDectAlarm\":true,\"dectTypeAlarm\":\"ip_phone_vlc_cisco_localization\",\"dectApiProtocolAlarm\":\"http\",\"dectApiHostAlarm\":\"\",\"dectApiPortAlarm\":\"\",\"dectApiPathAlarm\":\"\",\"dectApiProtocolCellAlarm\":\"http\",\"dectHtmlHostCellAlarm\":\"\",\"dectHtmlPortCellAlarm\":\"\",\"dectHtmlPathCellAlarm\":\"\",\"path_master\":\"/Applications/MAMP/htdocs/isafe_web/auxiliary/test/Master.csv\",\"path_snmp\":\"/Applications/MAMP/htdocs/isafe_web/auxiliary/test/snmpagent.log\",\"internalAlarmPrevText\":\"\",\"internalAlarmNextText\":\"\",\"alarmNumberDect\":\"222\",\"numberNormalPositionDect\":\"\",\"numberForcePositionDect\":\"\",\"outdoorEmailDect\":\"true\",\"indoorEmailDect\":\"true\",\"outdoorSmsDect\":\"true\",\"indoorSmsDect\":\"true\"}', 0, '2022-10-25 21:22:59'),
(477, 'dect_1', '{\"enableDectAlarm\":true,\"dectTypeAlarm\":\"ip_phone_vlc_cisco_localization\",\"dectApiProtocolAlarm\":\"http\",\"dectApiHostAlarm\":\"\",\"dectApiPortAlarm\":\"\",\"dectApiPathAlarm\":\"\",\"dectApiProtocolCellAlarm\":\"http\",\"dectHtmlHostCellAlarm\":\"\",\"dectHtmlPortCellAlarm\":\"\",\"dectHtmlPathCellAlarm\":\"\",\"path_master\":\"/Applications/MAMP/htdocs/isafe_web/auxiliary/test/Master.csv\",\"path_snmp\":\"/Applications/MAMP/htdocs/isafe_web/auxiliary/test/snmpagent.log\",\"internalAlarmPrevText\":\"\",\"internalAlarmNextText\":\"\",\"alarmNumberDect\":\"222\",\"numberNormalPositionDect\":\"\",\"numberForcePositionDect\":\"\",\"outdoorEmailDect\":\"true\",\"indoorEmailDect\":\"true\",\"outdoorSmsDect\":\"true\",\"indoorSmsDect\":\"true\"}', 0, '2022-10-25 21:33:00'),
(478, 'dect_1', '{\"enableDectAlarm\":true,\"dectTypeAlarm\":\"ip_phone_vlc_cisco_localization\",\"dectApiProtocolAlarm\":\"http\",\"dectApiHostAlarm\":\"\",\"dectApiPortAlarm\":\"\",\"dectApiPathAlarm\":\"\",\"dectApiProtocolCellAlarm\":\"http\",\"dectHtmlHostCellAlarm\":\"\",\"dectHtmlPortCellAlarm\":\"\",\"dectHtmlPathCellAlarm\":\"\",\"path_master\":\"/Applications/MAMP/htdocs/isafe_web/auxiliary/test/Master.csv\",\"path_snmp\":\"/Applications/MAMP/htdocs/isafe_web/auxiliary/test/snmpagent.log\",\"internalAlarmPrevText\":\"\",\"internalAlarmNextText\":\"\",\"alarmNumberDect\":\"222\",\"numberNormalPositionDect\":\"\",\"numberForcePositionDect\":\"\",\"outdoorEmailDect\":\"false\",\"indoorEmailDect\":\"true\",\"outdoorSmsDect\":\"true\",\"indoorSmsDect\":\"true\"}', 0, '2022-10-25 21:33:03'),
(479, 'dect_1', '{\"enableDectAlarm\":true,\"dectTypeAlarm\":\"ip_phone_vlc_cisco_localization\",\"dectApiProtocolAlarm\":\"http\",\"dectApiHostAlarm\":\"\",\"dectApiPortAlarm\":\"\",\"dectApiPathAlarm\":\"\",\"dectApiProtocolCellAlarm\":\"http\",\"dectHtmlHostCellAlarm\":\"\",\"dectHtmlPortCellAlarm\":\"\",\"dectHtmlPathCellAlarm\":\"\",\"path_master\":\"/Applications/MAMP/htdocs/isafe_web/auxiliary/test/Master.csv\",\"path_snmp\":\"/Applications/MAMP/htdocs/isafe_web/auxiliary/test/snmpagent.log\",\"internalAlarmPrevText\":\"\",\"internalAlarmNextText\":\"\",\"alarmNumberDect\":\"222\",\"numberNormalPositionDect\":\"\",\"numberForcePositionDect\":\"\",\"outdoorEmailDect\":\"false\",\"indoorEmailDect\":\"true\",\"outdoorSmsDect\":\"true\",\"indoorSmsDect\":\"true\"}', 0, '2022-10-25 21:35:33'),
(480, 'dect_1', '{\"enableDectAlarm\":true,\"dectTypeAlarm\":\"ip_phone_vlc_cisco_localization\",\"dectApiProtocolAlarm\":\"http\",\"dectApiHostAlarm\":\"\",\"dectApiPortAlarm\":\"\",\"dectApiPathAlarm\":\"\",\"dectApiProtocolCellAlarm\":\"http\",\"dectHtmlHostCellAlarm\":\"\",\"dectHtmlPortCellAlarm\":\"\",\"dectHtmlPathCellAlarm\":\"\",\"path_master\":\"/Applications/MAMP/htdocs/isafe_web/auxiliary/test/Master.csv\",\"path_snmp\":\"/Applications/MAMP/htdocs/isafe_web/auxiliary/test/snmpagent.log\",\"internalAlarmPrevText\":\"\",\"internalAlarmNextText\":\"\",\"alarmNumberDect\":\"222\",\"numberNormalPositionDect\":\"\",\"numberForcePositionDect\":\"\",\"outdoorEmailDect\":false,\"indoorEmailDect\":true,\"outdoorSmsDect\":true,\"indoorSmsDect\":true}', 0, '2022-10-25 21:39:33'),
(481, 'voice_rss_parameters', '{\"key\":\"a659f978bec54b5db56cef5423427c63\",\"language\":\"it-it\",\"speed\":\"-1\",\"format\":\"8khz_8bit_mono\",\"codecs\":\"WAV\",\"phrase\":\"Premi uno per riascoltare o premi due per confermare la ricezione del messaggio.\"}', 0, '2022-10-25 22:30:00'),
(482, 'serial', '{\"serialDataArray\":[{\"enableSerialAlarm\":\"1\",\"serialTypeAlarm\":\"fire-cat\",\"serialTypeProtocol\":\"rs232\",\"serialEspa444ModProtocol\":\"\",\"serialRS232EndLine\":\"\",\"serialRS232Timeout\":\"3000\",\"serialRS232Separator\":\"\",\"serialRS232StartInfo\":\"\",\"serialRS232EndInfo\":\"\",\"serialTcpHost\":\"192.168.0.55\",\"serialTcpPort\":\"23\",\"serialRepetitionTimeCat\":\"180000\",\"serialPositionCat\":\"1,2,3,4\",\"stopOnEndLineSerial\":true,\"heartbeatTimeoutCAT\":\"90000\"},{\"enableSerialAlarm\":\"0\",\"serialTypeAlarm\":\"nurse\",\"serialTypeProtocol\":\"rs232\",\"serialEspa444ModProtocol\":\"\",\"serialRS232EndLine\":\"\",\"serialRS232Timeout\":\"\",\"serialRS232Separator\":\"\",\"serialRS232StartInfo\":\"\",\"serialRS232EndInfo\":\"\",\"serialTcpHost\":\"\",\"serialTcpPort\":\"\",\"serialRepetitionTimeCat\":\"\",\"serialPositionCat\":\"\",\"stopOnEndLineSerial\":false,\"heartbeatTimeoutCAT\":\"undefined\"},{\"enableSerialAlarm\":\"0\",\"serialTypeAlarm\":\"nurse\",\"serialTypeProtocol\":\"rs232\",\"serialEspa444ModProtocol\":\"\",\"serialRS232EndLine\":\"\",\"serialRS232Timeout\":\"\",\"serialRS232Separator\":\"\",\"serialRS232StartInfo\":\"\",\"serialRS232EndInfo\":\"\",\"serialTcpHost\":\"\",\"serialTcpPort\":\"\",\"serialRepetitionTimeCat\":\"\",\"serialPositionCat\":\"\",\"stopOnEndLineSerial\":false,\"heartbeatTimeoutCAT\":\"undefined\"},{\"enableSerialAlarm\":\"0\",\"serialTypeAlarm\":\"nurse\",\"serialTypeProtocol\":\"rs232\",\"serialEspa444ModProtocol\":\"\",\"serialRS232EndLine\":\"\",\"serialRS232Timeout\":\"\",\"serialRS232Separator\":\"\",\"serialRS232StartInfo\":\"\",\"serialRS232EndInfo\":\"\",\"serialTcpHost\":\"\",\"serialTcpPort\":\"\",\"serialRepetitionTimeCat\":\"\",\"serialPositionCat\":\"\",\"stopOnEndLineSerial\":false,\"heartbeatTimeoutCAT\":\"undefined\"},{\"enableSerialAlarm\":\"0\",\"serialTypeAlarm\":\"nurse\",\"serialTypeProtocol\":\"rs232\",\"serialEspa444ModProtocol\":\"\",\"serialRS232EndLine\":\"\",\"serialRS232Timeout\":\"\",\"serialRS232Separator\":\"\",\"serialRS232StartInfo\":\"\",\"serialRS232EndInfo\":\"\",\"serialTcpHost\":\"\",\"serialTcpPort\":\"\",\"serialRepetitionTimeCat\":\"\",\"serialPositionCat\":\"\",\"stopOnEndLineSerial\":false,\"heartbeatTimeoutCAT\":\"undefined\"}],\"outdoorEmailSerial\":false,\"indoorEmailSerial\":false,\"outdoorSmsSerial\":false,\"indoorSmsSerial\":false}', 0, '2022-10-28 11:51:50'),
(483, 'serial', '{\"serialDataArray\":[{\"enableSerialAlarm\":\"1\",\"serialTypeAlarm\":\"nurse\",\"serialTypeProtocol\":\"elpas\",\"serialEspa444ModProtocol\":\"\",\"serialRS232EndLine\":\"\",\"serialRS232Timeout\":\"\",\"serialRS232Separator\":\"\",\"serialRS232StartInfo\":\"\",\"serialRS232EndInfo\":\"\",\"serialTcpHost\":\"0.0.0.0\",\"serialTcpPort\":\"501\",\"serialRepetitionTimeCat\":\"\",\"serialPositionCat\":\"\",\"stopOnEndLineSerial\":false,\"heartbeatTimeoutCAT\":\"\"},{\"enableSerialAlarm\":\"0\",\"serialTypeAlarm\":\"nurse\",\"serialTypeProtocol\":\"rs232\",\"serialEspa444ModProtocol\":\"\",\"serialRS232EndLine\":\"\",\"serialRS232Timeout\":\"\",\"serialRS232Separator\":\"\",\"serialRS232StartInfo\":\"\",\"serialRS232EndInfo\":\"\",\"serialTcpHost\":\"\",\"serialTcpPort\":\"\",\"serialRepetitionTimeCat\":\"\",\"serialPositionCat\":\"\",\"stopOnEndLineSerial\":false,\"heartbeatTimeoutCAT\":\"undefined\"},{\"enableSerialAlarm\":\"0\",\"serialTypeAlarm\":\"nurse\",\"serialTypeProtocol\":\"rs232\",\"serialEspa444ModProtocol\":\"\",\"serialRS232EndLine\":\"\",\"serialRS232Timeout\":\"\",\"serialRS232Separator\":\"\",\"serialRS232StartInfo\":\"\",\"serialRS232EndInfo\":\"\",\"serialTcpHost\":\"\",\"serialTcpPort\":\"\",\"serialRepetitionTimeCat\":\"\",\"serialPositionCat\":\"\",\"stopOnEndLineSerial\":false,\"heartbeatTimeoutCAT\":\"undefined\"},{\"enableSerialAlarm\":\"0\",\"serialTypeAlarm\":\"nurse\",\"serialTypeProtocol\":\"rs232\",\"serialEspa444ModProtocol\":\"\",\"serialRS232EndLine\":\"\",\"serialRS232Timeout\":\"\",\"serialRS232Separator\":\"\",\"serialRS232StartInfo\":\"\",\"serialRS232EndInfo\":\"\",\"serialTcpHost\":\"\",\"serialTcpPort\":\"\",\"serialRepetitionTimeCat\":\"\",\"serialPositionCat\":\"\",\"stopOnEndLineSerial\":false,\"heartbeatTimeoutCAT\":\"undefined\"},{\"enableSerialAlarm\":\"0\",\"serialTypeAlarm\":\"nurse\",\"serialTypeProtocol\":\"rs232\",\"serialEspa444ModProtocol\":\"\",\"serialRS232EndLine\":\"\",\"serialRS232Timeout\":\"\",\"serialRS232Separator\":\"\",\"serialRS232StartInfo\":\"\",\"serialRS232EndInfo\":\"\",\"serialTcpHost\":\"\",\"serialTcpPort\":\"\",\"serialRepetitionTimeCat\":\"\",\"serialPositionCat\":\"\",\"stopOnEndLineSerial\":false,\"heartbeatTimeoutCAT\":\"undefined\"}],\"outdoorEmailSerial\":false,\"indoorEmailSerial\":false,\"outdoorSmsSerial\":false,\"indoorSmsSerial\":false}', 0, '2022-10-28 12:03:24'),
(484, 'serial', '{\"serialDataArray\":[{\"enableSerialAlarm\":\"1\",\"serialTypeAlarm\":\"nurse\",\"serialTypeProtocol\":\"elpas\",\"serialEspa444ModProtocol\":\"\",\"serialRS232EndLine\":\"\",\"serialRS232Timeout\":\"\",\"serialRS232Separator\":\"\",\"serialRS232StartInfo\":\"\",\"serialRS232EndInfo\":\"\",\"serialTcpHost\":\"0.0.0.0\",\"serialTcpPort\":\"501\",\"serialRepetitionTimeCat\":\"\",\"serialPositionCat\":\"\",\"stopOnEndLineSerial\":false,\"heartbeatTimeoutCAT\":\"\"},{\"enableSerialAlarm\":\"0\",\"serialTypeAlarm\":\"nurse\",\"serialTypeProtocol\":\"rs232\",\"serialEspa444ModProtocol\":\"\",\"serialRS232EndLine\":\"\",\"serialRS232Timeout\":\"\",\"serialRS232Separator\":\"\",\"serialRS232StartInfo\":\"\",\"serialRS232EndInfo\":\"\",\"serialTcpHost\":\"\",\"serialTcpPort\":\"\",\"serialRepetitionTimeCat\":\"\",\"serialPositionCat\":\"\",\"stopOnEndLineSerial\":false,\"heartbeatTimeoutCAT\":\"undefined\"},{\"enableSerialAlarm\":\"0\",\"serialTypeAlarm\":\"nurse\",\"serialTypeProtocol\":\"rs232\",\"serialEspa444ModProtocol\":\"\",\"serialRS232EndLine\":\"\",\"serialRS232Timeout\":\"\",\"serialRS232Separator\":\"\",\"serialRS232StartInfo\":\"\",\"serialRS232EndInfo\":\"\",\"serialTcpHost\":\"\",\"serialTcpPort\":\"\",\"serialRepetitionTimeCat\":\"\",\"serialPositionCat\":\"\",\"stopOnEndLineSerial\":false,\"heartbeatTimeoutCAT\":\"undefined\"},{\"enableSerialAlarm\":\"0\",\"serialTypeAlarm\":\"nurse\",\"serialTypeProtocol\":\"rs232\",\"serialEspa444ModProtocol\":\"\",\"serialRS232EndLine\":\"\",\"serialRS232Timeout\":\"\",\"serialRS232Separator\":\"\",\"serialRS232StartInfo\":\"\",\"serialRS232EndInfo\":\"\",\"serialTcpHost\":\"\",\"serialTcpPort\":\"\",\"serialRepetitionTimeCat\":\"\",\"serialPositionCat\":\"\",\"stopOnEndLineSerial\":false,\"heartbeatTimeoutCAT\":\"undefined\"},{\"enableSerialAlarm\":\"0\",\"serialTypeAlarm\":\"nurse\",\"serialTypeProtocol\":\"rs232\",\"serialEspa444ModProtocol\":\"\",\"serialRS232EndLine\":\"\",\"serialRS232Timeout\":\"\",\"serialRS232Separator\":\"\",\"serialRS232StartInfo\":\"\",\"serialRS232EndInfo\":\"\",\"serialTcpHost\":\"\",\"serialTcpPort\":\"\",\"serialRepetitionTimeCat\":\"\",\"serialPositionCat\":\"\",\"stopOnEndLineSerial\":false,\"heartbeatTimeoutCAT\":\"undefined\"}],\"outdoorEmailSerial\":false,\"indoorEmailSerial\":false,\"outdoorSmsSerial\":false,\"indoorSmsSerial\":false}', 0, '2022-10-28 12:03:25'),
(485, 'serial', '{\"serialDataArray\":[{\"enableSerialAlarm\":\"1\",\"serialTypeAlarm\":\"nurse\",\"serialTypeProtocol\":\"elpas\",\"serialEspa444ModProtocol\":\"\",\"serialRS232EndLine\":\"\",\"serialRS232Timeout\":\"\",\"serialRS232Separator\":\"\",\"serialRS232StartInfo\":\"\",\"serialRS232EndInfo\":\"\",\"serialTcpHost\":\"0.0.0.0\",\"serialTcpPort\":\"501\",\"serialRepetitionTimeCat\":\"\",\"serialPositionCat\":\"\",\"stopOnEndLineSerial\":false,\"heartbeatTimeoutCAT\":\"\"},{\"enableSerialAlarm\":\"0\",\"serialTypeAlarm\":\"nurse\",\"serialTypeProtocol\":\"rs232\",\"serialEspa444ModProtocol\":\"\",\"serialRS232EndLine\":\"\",\"serialRS232Timeout\":\"\",\"serialRS232Separator\":\"\",\"serialRS232StartInfo\":\"\",\"serialRS232EndInfo\":\"\",\"serialTcpHost\":\"\",\"serialTcpPort\":\"\",\"serialRepetitionTimeCat\":\"\",\"serialPositionCat\":\"\",\"stopOnEndLineSerial\":false,\"heartbeatTimeoutCAT\":\"undefined\"},{\"enableSerialAlarm\":\"0\",\"serialTypeAlarm\":\"nurse\",\"serialTypeProtocol\":\"rs232\",\"serialEspa444ModProtocol\":\"\",\"serialRS232EndLine\":\"\",\"serialRS232Timeout\":\"\",\"serialRS232Separator\":\"\",\"serialRS232StartInfo\":\"\",\"serialRS232EndInfo\":\"\",\"serialTcpHost\":\"\",\"serialTcpPort\":\"\",\"serialRepetitionTimeCat\":\"\",\"serialPositionCat\":\"\",\"stopOnEndLineSerial\":false,\"heartbeatTimeoutCAT\":\"undefined\"},{\"enableSerialAlarm\":\"0\",\"serialTypeAlarm\":\"nurse\",\"serialTypeProtocol\":\"rs232\",\"serialEspa444ModProtocol\":\"\",\"serialRS232EndLine\":\"\",\"serialRS232Timeout\":\"\",\"serialRS232Separator\":\"\",\"serialRS232StartInfo\":\"\",\"serialRS232EndInfo\":\"\",\"serialTcpHost\":\"\",\"serialTcpPort\":\"\",\"serialRepetitionTimeCat\":\"\",\"serialPositionCat\":\"\",\"stopOnEndLineSerial\":false,\"heartbeatTimeoutCAT\":\"undefined\"},{\"enableSerialAlarm\":\"0\",\"serialTypeAlarm\":\"nurse\",\"serialTypeProtocol\":\"rs232\",\"serialEspa444ModProtocol\":\"\",\"serialRS232EndLine\":\"\",\"serialRS232Timeout\":\"\",\"serialRS232Separator\":\"\",\"serialRS232StartInfo\":\"\",\"serialRS232EndInfo\":\"\",\"serialTcpHost\":\"\",\"serialTcpPort\":\"\",\"serialRepetitionTimeCat\":\"\",\"serialPositionCat\":\"\",\"stopOnEndLineSerial\":false,\"heartbeatTimeoutCAT\":\"undefined\"}],\"outdoorEmailSerial\":false,\"indoorEmailSerial\":false,\"outdoorSmsSerial\":false,\"indoorSmsSerial\":false}', 0, '2022-10-28 12:04:35'),
(486, 'dect_1', '{\"enableDectAlarm\":false,\"dectTypeAlarm\":\"ip_phone_vlc_cisco_localization\",\"dectApiProtocolAlarm\":\"http\",\"dectApiHostAlarm\":\"\",\"dectApiPortAlarm\":\"\",\"dectApiPathAlarm\":\"\",\"dectApiProtocolCellAlarm\":\"http\",\"dectHtmlHostCellAlarm\":\"\",\"dectHtmlPortCellAlarm\":\"\",\"dectHtmlPathCellAlarm\":\"\",\"path_master\":\"/Applications/MAMP/htdocs/isafe_web/auxiliary/test/Master.csv\",\"path_snmp\":\"/Applications/MAMP/htdocs/isafe_web/auxiliary/test/snmpagent.log\",\"internalAlarmPrevText\":\"\",\"internalAlarmNextText\":\"\",\"alarmNumberDect\":\"222\",\"numberNormalPositionDect\":\"\",\"numberForcePositionDect\":\"\",\"outdoorEmailDect\":false,\"indoorEmailDect\":true,\"outdoorSmsDect\":true,\"indoorSmsDect\":true}', 0, '2022-10-29 00:59:21'),
(487, 'mc800_xml_1', '{\"enableZettlerXml\":true,\"hostSocketClientZettler\":\"127.0.01\",\"portSocketClientZettler\":\"23\",\"phoneInputTone1\":\"3\",\"operationPhoneInputTone1\":\"memorization\",\"phoneInputTone2\":\"4\",\"operationPhoneInputTone2\":\"presenceAndDeletion\",\"mitelInputButton1\":\"\",\"operationMitelInputButton1\":\"nothing\",\"mitelInputButton2\":\"\",\"operationMitelInputButton2\":\"nothing\"}', 0, '2022-10-29 01:00:52');
INSERT INTO `configurations` (`id`, `name_key`, `value`, `active`, `insert_time`) VALUES
(488, 'serial', '{\"serialDataArray\":[{\"enableSerialAlarm\":\"1\",\"serialTypeAlarm\":\"nurse\",\"serialTypeProtocol\":\"elpas\",\"serialEspa444ModProtocol\":\"\",\"serialRS232EndLine\":\"\",\"serialRS232Timeout\":\"\",\"serialRS232Separator\":\"\",\"serialRS232StartInfo\":\"\",\"serialRS232EndInfo\":\"\",\"serialTcpHost\":\"0.0.0.0\",\"serialTcpPort\":\"501\",\"serialRepetitionTimeCat\":\"\",\"serialPositionCat\":\"\",\"stopOnEndLineSerial\":false,\"heartbeatTimeoutCAT\":\"\"},{\"enableSerialAlarm\":\"1\",\"serialTypeAlarm\":\"fire-cat\",\"serialTypeProtocol\":\"rs232\",\"serialEspa444ModProtocol\":\"\",\"serialRS232EndLine\":\"\",\"serialRS232Timeout\":\"5000\",\"serialRS232Separator\":\"\",\"serialRS232StartInfo\":\"\",\"serialRS232EndInfo\":\"\",\"serialTcpHost\":\"0.0.0.0\",\"serialTcpPort\":\"23\",\"serialRepetitionTimeCat\":\"180000\",\"serialPositionCat\":\"1,2,3,4,5,6,7,8\",\"stopOnEndLineSerial\":false,\"heartbeatTimeoutCAT\":\"90000\"},{\"enableSerialAlarm\":\"0\",\"serialTypeAlarm\":\"nurse\",\"serialTypeProtocol\":\"rs232\",\"serialEspa444ModProtocol\":\"\",\"serialRS232EndLine\":\"\",\"serialRS232Timeout\":\"\",\"serialRS232Separator\":\"\",\"serialRS232StartInfo\":\"\",\"serialRS232EndInfo\":\"\",\"serialTcpHost\":\"\",\"serialTcpPort\":\"\",\"serialRepetitionTimeCat\":\"\",\"serialPositionCat\":\"\",\"stopOnEndLineSerial\":false,\"heartbeatTimeoutCAT\":\"undefined\"},{\"enableSerialAlarm\":\"0\",\"serialTypeAlarm\":\"nurse\",\"serialTypeProtocol\":\"rs232\",\"serialEspa444ModProtocol\":\"\",\"serialRS232EndLine\":\"\",\"serialRS232Timeout\":\"\",\"serialRS232Separator\":\"\",\"serialRS232StartInfo\":\"\",\"serialRS232EndInfo\":\"\",\"serialTcpHost\":\"\",\"serialTcpPort\":\"\",\"serialRepetitionTimeCat\":\"\",\"serialPositionCat\":\"\",\"stopOnEndLineSerial\":false,\"heartbeatTimeoutCAT\":\"undefined\"},{\"enableSerialAlarm\":\"0\",\"serialTypeAlarm\":\"nurse\",\"serialTypeProtocol\":\"rs232\",\"serialEspa444ModProtocol\":\"\",\"serialRS232EndLine\":\"\",\"serialRS232Timeout\":\"\",\"serialRS232Separator\":\"\",\"serialRS232StartInfo\":\"\",\"serialRS232EndInfo\":\"\",\"serialTcpHost\":\"\",\"serialTcpPort\":\"\",\"serialRepetitionTimeCat\":\"\",\"serialPositionCat\":\"\",\"stopOnEndLineSerial\":false,\"heartbeatTimeoutCAT\":\"undefined\"}],\"outdoorEmailSerial\":false,\"indoorEmailSerial\":false,\"outdoorSmsSerial\":false,\"indoorSmsSerial\":false}', 0, '2022-10-29 01:21:52'),
(489, 'mc800_xml_1', '{\"enableZettlerXml\":true,\"hostSocketClientZettler\":\"127.0.0.1\",\"portSocketClientZettler\":\"23\",\"phoneInputTone1\":\"3\",\"operationPhoneInputTone1\":\"memorization\",\"phoneInputTone2\":\"4\",\"operationPhoneInputTone2\":\"presenceAndDeletion\",\"mitelInputButton1\":\"\",\"operationMitelInputButton1\":\"nothing\",\"mitelInputButton2\":\"\",\"operationMitelInputButton2\":\"nothing\"}', 0, '2022-10-29 01:24:07'),
(490, 'mc800_xml_1', '{\"enableZettlerXml\":false,\"hostSocketClientZettler\":\"127.0.0.1\",\"portSocketClientZettler\":\"23\",\"phoneInputTone1\":\"3\",\"operationPhoneInputTone1\":\"memorization\",\"phoneInputTone2\":\"4\",\"operationPhoneInputTone2\":\"presenceAndDeletion\",\"mitelInputButton1\":\"\",\"operationMitelInputButton1\":\"nothing\",\"mitelInputButton2\":\"\",\"operationMitelInputButton2\":\"nothing\"}', 0, '2022-10-29 01:25:22'),
(491, 'isafe_web1', '{\"webName\":\"sviluppo\",\"webPath\":\"/isafe_web/api/\",\"webPort\":\"80\",\"webHost\":\"192.168.199.254\",\"webProtocol\":\"http\",\"webPortIndoor\":\"80\",\"webHostIndoor\":\"192.168.0.53\",\"webProtocolIndoor\":\"http\",\"webPathIndoor\":\"/isafe_web/\"}', 0, '2022-10-29 01:29:24'),
(492, 'mc800_xml_1', '{\"enableZettlerXml\":true,\"hostSocketClientZettler\":\"127.0.0.1\",\"portSocketClientZettler\":\"23\",\"phoneInputTone1\":\"3\",\"operationPhoneInputTone1\":\"memorization\",\"phoneInputTone2\":\"4\",\"operationPhoneInputTone2\":\"presenceAndDeletion\",\"mitelInputButton1\":\"\",\"operationMitelInputButton1\":\"nothing\",\"mitelInputButton2\":\"\",\"operationMitelInputButton2\":\"nothing\"}', 0, '2022-10-31 15:51:18'),
(493, 'mc800_xml_1', '{\"enableZettlerXml\":true,\"hostSocketClientZettler\":\"127.0.0.1\",\"portSocketClientZettler\":\"8100\",\"phoneInputTone1\":\"3\",\"operationPhoneInputTone1\":\"memorization\",\"phoneInputTone2\":\"4\",\"operationPhoneInputTone2\":\"presenceAndDeletion\",\"mitelInputButton1\":\"\",\"operationMitelInputButton1\":\"nothing\",\"mitelInputButton2\":\"\",\"operationMitelInputButton2\":\"nothing\"}', 0, '2022-10-31 17:14:22'),
(494, 'custom_contact_1', '{\"enableCustomContact\":true}', 0, '2022-11-01 19:35:43'),
(495, 'custom_contact_1', '{\"enableCustomContact\":true}', 0, '2022-11-01 19:36:09'),
(496, 'custom_threshold_1', '{\"enableCustomThreshold\":true}', 0, '2022-11-01 19:39:53'),
(497, 'isafe_web1', '{\"webName\":\"sviluppo\",\"webPath\":\"/isafe_web/api/\",\"webPort\":\"80\",\"webHost\":\"127.0.0.1\",\"webProtocol\":\"http\",\"webPortIndoor\":\"80\",\"webHostIndoor\":\"127.0.0.1\",\"webProtocolIndoor\":\"http\",\"webPathIndoor\":\"/isafe_web/\"}', 0, '2022-11-05 13:55:33'),
(498, 'serial', '{\"serialDataArray\":[{\"enableSerialAlarm\":\"0\",\"serialTypeAlarm\":\"nurse\",\"serialTypeProtocol\":\"elpas\",\"serialEspa444ModProtocol\":\"\",\"serialRS232EndLine\":\"\",\"serialRS232Timeout\":\"\",\"serialRS232Separator\":\"\",\"serialRS232StartInfo\":\"\",\"serialRS232EndInfo\":\"\",\"serialTcpHost\":\"0.0.0.0\",\"serialTcpPort\":\"501\",\"serialRepetitionTimeCat\":\"\",\"serialPositionCat\":\"\",\"stopOnEndLineSerial\":false,\"heartbeatTimeoutCAT\":\"\"},{\"enableSerialAlarm\":\"0\",\"serialTypeAlarm\":\"fire-cat\",\"serialTypeProtocol\":\"rs232\",\"serialEspa444ModProtocol\":\"\",\"serialRS232EndLine\":\"\",\"serialRS232Timeout\":\"5000\",\"serialRS232Separator\":\"\",\"serialRS232StartInfo\":\"\",\"serialRS232EndInfo\":\"\",\"serialTcpHost\":\"0.0.0.0\",\"serialTcpPort\":\"23\",\"serialRepetitionTimeCat\":\"180000\",\"serialPositionCat\":\"1,2,3,4,5,6,7,8\",\"stopOnEndLineSerial\":false,\"heartbeatTimeoutCAT\":\"90000\"},{\"enableSerialAlarm\":\"0\",\"serialTypeAlarm\":\"nurse\",\"serialTypeProtocol\":\"rs232\",\"serialEspa444ModProtocol\":\"\",\"serialRS232EndLine\":\"\",\"serialRS232Timeout\":\"\",\"serialRS232Separator\":\"\",\"serialRS232StartInfo\":\"\",\"serialRS232EndInfo\":\"\",\"serialTcpHost\":\"\",\"serialTcpPort\":\"\",\"serialRepetitionTimeCat\":\"\",\"serialPositionCat\":\"\",\"stopOnEndLineSerial\":false,\"heartbeatTimeoutCAT\":\"undefined\"},{\"enableSerialAlarm\":\"0\",\"serialTypeAlarm\":\"nurse\",\"serialTypeProtocol\":\"rs232\",\"serialEspa444ModProtocol\":\"\",\"serialRS232EndLine\":\"\",\"serialRS232Timeout\":\"\",\"serialRS232Separator\":\"\",\"serialRS232StartInfo\":\"\",\"serialRS232EndInfo\":\"\",\"serialTcpHost\":\"\",\"serialTcpPort\":\"\",\"serialRepetitionTimeCat\":\"\",\"serialPositionCat\":\"\",\"stopOnEndLineSerial\":false,\"heartbeatTimeoutCAT\":\"undefined\"},{\"enableSerialAlarm\":\"0\",\"serialTypeAlarm\":\"nurse\",\"serialTypeProtocol\":\"rs232\",\"serialEspa444ModProtocol\":\"\",\"serialRS232EndLine\":\"\",\"serialRS232Timeout\":\"\",\"serialRS232Separator\":\"\",\"serialRS232StartInfo\":\"\",\"serialRS232EndInfo\":\"\",\"serialTcpHost\":\"\",\"serialTcpPort\":\"\",\"serialRepetitionTimeCat\":\"\",\"serialPositionCat\":\"\",\"stopOnEndLineSerial\":false,\"heartbeatTimeoutCAT\":\"undefined\"}],\"outdoorEmailSerial\":false,\"indoorEmailSerial\":false,\"outdoorSmsSerial\":false,\"indoorSmsSerial\":false}', 0, '2022-11-05 13:57:36'),
(499, 'mc800_xml_1', '{\"enableZettlerXml\":false,\"hostSocketClientZettler\":\"127.0.0.1\",\"portSocketClientZettler\":\"8100\",\"phoneInputTone1\":\"3\",\"operationPhoneInputTone1\":\"memorization\",\"phoneInputTone2\":\"4\",\"operationPhoneInputTone2\":\"presenceAndDeletion\",\"mitelInputButton1\":\"\",\"operationMitelInputButton1\":\"nothing\",\"mitelInputButton2\":\"\",\"operationMitelInputButton2\":\"nothing\"}', 0, '2022-11-05 13:58:25'),
(500, 'custom_contact_1', '{\"enableCustomContact\":false}', 1, '2022-11-05 13:58:29'),
(501, 'custom_threshold_1', '{\"enableCustomThreshold\":false}', 1, '2022-11-05 13:58:32'),
(502, 'app_android_1', '{\"enableAndroidAlarm\":true,\"androidSourceAlarm\":\"sms\",\"androidMode\":\"first_beacon_second_area\",\"smsServerApp\":\"https://sms.phoenyxsrl.com\",\"backEndApp\":\"https://app.phoenyxsrl.com\",\"smsServerIdCustomer\":\"21\",\"smsServerTokenCustomer\":\"da39a3ee5e6b4b0d3255bfef95601890afd80709a319f1bdc904507e27c1751662f85e961bd8ba84\",\"customerKey\":\"23c70eb12082307fe7b06923d3aacd0e\",\"enableKeepAlive\":\"0\",\"keepAlive\":\"30\",\"keepAliveModality\":\"manDown\",\"keepAliveMap\":\"1\",\"batteryCheck\":\"0\",\"batteryLevel\":\"15\",\"outdoorEmailAndroid\":true,\"indoorEmailAndroid\":true,\"outdoorSmsAndroid\":true,\"indoorSmsAndroid\":true}', 0, '2022-11-05 14:02:23'),
(503, 'isafe_web1', '{\"webName\":\"sviluppo\",\"webPath\":\"/isafe_web/api/\",\"webPort\":\"80\",\"webHost\":\"127.0.0.1\",\"webProtocol\":\"http\",\"webPortIndoor\":\"80\",\"webHostIndoor\":\"127.0.0.1\",\"webProtocolIndoor\":\"http\",\"webPathIndoor\":\"/isafe_web/\"}', 0, '2022-11-05 15:04:24'),
(504, 'isafe_web1', '{\"webName\":\"sviluppo\",\"webPath\":\"/isafe_web/api/\",\"webPort\":\"80\",\"webHost\":\"127.0.0.1\",\"webProtocol\":\"http\",\"webPortIndoor\":\"80\",\"webHostIndoor\":\"127.0.0.1\",\"webProtocolIndoor\":\"http\",\"webPathIndoor\":\"/isafe_web/\"}', 0, '2022-11-05 15:04:29'),
(505, 'isafe_web1', '{\"webName\":\"sviluppo\",\"webPath\":\"/isafe_web/api/\",\"webPort\":\"80\",\"webHost\":\"127.0.0.1\",\"webProtocol\":\"http\",\"webPortIndoor\":\"80\",\"webHostIndoor\":\"127.0.0.1\",\"webProtocolIndoor\":\"http\",\"webPathIndoor\":\"/isafe_web/\"}', 0, '2022-11-05 15:04:39'),
(506, 'voice_rss_parameters', '{\"key\":\"a659f978bec54b5db56cef5423427c63\",\"language\":\"it-it\",\"speed\":\"-1\",\"format\":\"8khz_8bit_mono\",\"codecs\":\"WAV\",\"phrase\":\"Premi uno per riascoltare o premi due per confermare la ricezione del messaggio.\"}', 0, '2022-11-05 15:16:28'),
(507, 'app_android_1', '{\"enableAndroidAlarm\":true,\"androidSourceAlarm\":\"dati\",\"androidMode\":\"first_beacon_second_area\",\"smsServerApp\":\"https://sms.phoenyxsrl.com\",\"backEndApp\":\"https://app.phoenyxsrl.com\",\"smsServerIdCustomer\":\"21\",\"smsServerTokenCustomer\":\"da39a3ee5e6b4b0d3255bfef95601890afd80709a319f1bdc904507e27c1751662f85e961bd8ba84\",\"customerKey\":\"23c70eb12082307fe7b06923d3aacd0e\",\"enableKeepAlive\":\"0\",\"keepAlive\":\"30\",\"keepAliveModality\":\"manDown\",\"keepAliveMap\":\"1\",\"batteryCheck\":\"0\",\"batteryLevel\":\"15\",\"outdoorEmailAndroid\":true,\"indoorEmailAndroid\":true,\"outdoorSmsAndroid\":true,\"indoorSmsAndroid\":true}', 0, '2022-11-07 21:34:15'),
(508, 'app_android_1', '{\"enableAndroidAlarm\":true,\"androidSourceAlarm\":\"dati\",\"androidMode\":\"first_beacon_second_area\",\"smsServerApp\":\"https://sms.phoenyxsrl.com\",\"backEndApp\":\"https://app.phoenyxsrl.com\",\"smsServerIdCustomer\":\"21\",\"smsServerTokenCustomer\":\"da39a3ee5e6b4b0d3255bfef95601890afd80709a319f1bdc904507e27c1751662f85e961bd8ba84\",\"customerKey\":\"23c70eb12082307fe7b06923d3aacd0e\",\"enableKeepAlive\":\"0\",\"keepAlive\":\"30\",\"keepAliveModality\":\"manDown\",\"keepAliveMap\":\"1\",\"batteryCheck\":\"0\",\"batteryLevel\":\"15\",\"outdoorEmailAndroid\":true,\"indoorEmailAndroid\":true,\"outdoorSmsAndroid\":true,\"indoorSmsAndroid\":true}', 0, '2022-11-07 21:40:06'),
(509, 'app_android_1', '{\"enableAndroidAlarm\":true,\"androidSourceAlarm\":\"dati\",\"androidMode\":\"first_beacon_second_area\",\"smsServerApp\":\"https://sms.phoenyxsrl.com\",\"backEndApp\":\"http://app.phoenyxsrl.com\",\"smsServerIdCustomer\":\"21\",\"smsServerTokenCustomer\":\"da39a3ee5e6b4b0d3255bfef95601890afd80709a319f1bdc904507e27c1751662f85e961bd8ba84\",\"customerKey\":\"23c70eb12082307fe7b06923d3aacd0e\",\"enableKeepAlive\":\"0\",\"keepAlive\":\"30\",\"keepAliveModality\":\"manDown\",\"keepAliveMap\":\"1\",\"batteryCheck\":\"0\",\"batteryLevel\":\"15\",\"outdoorEmailAndroid\":true,\"indoorEmailAndroid\":true,\"outdoorSmsAndroid\":true,\"indoorSmsAndroid\":true}', 0, '2022-11-07 22:57:55'),
(510, 'app_android_1', '{\"enableAndroidAlarm\":true,\"androidSourceAlarm\":\"dati\",\"androidMode\":\"first_beacon_second_area\",\"smsServerApp\":\"https://sms.phoenyxsrl.com\",\"backEndApp\":\"https://app.phoenyxsrl.com\",\"smsServerIdCustomer\":\"21\",\"smsServerTokenCustomer\":\"da39a3ee5e6b4b0d3255bfef95601890afd80709a319f1bdc904507e27c1751662f85e961bd8ba84\",\"customerKey\":\"23c70eb12082307fe7b06923d3aacd0e\",\"enableKeepAlive\":\"0\",\"keepAlive\":\"30\",\"keepAliveModality\":\"manDown\",\"keepAliveMap\":\"1\",\"batteryCheck\":\"0\",\"batteryLevel\":\"15\",\"outdoorEmailAndroid\":true,\"indoorEmailAndroid\":true,\"outdoorSmsAndroid\":true,\"indoorSmsAndroid\":true}', 0, '2022-11-07 22:58:26'),
(511, 'app_android_1', '{\"enableAndroidAlarm\":true,\"androidSourceAlarm\":\"sms\",\"androidMode\":\"first_beacon_second_area\",\"smsServerApp\":\"https://sms.phoenyxsrl.com\",\"backEndApp\":\"https://app.phoenyxsrl.com\",\"smsServerIdCustomer\":\"21\",\"smsServerTokenCustomer\":\"da39a3ee5e6b4b0d3255bfef95601890afd80709a319f1bdc904507e27c1751662f85e961bd8ba84\",\"customerKey\":\"23c70eb12082307fe7b06923d3aacd0e\",\"enableKeepAlive\":\"0\",\"keepAlive\":\"30\",\"keepAliveModality\":\"manDown\",\"keepAliveMap\":\"1\",\"batteryCheck\":\"0\",\"batteryLevel\":\"15\",\"outdoorEmailAndroid\":true,\"indoorEmailAndroid\":true,\"outdoorSmsAndroid\":true,\"indoorSmsAndroid\":true}', 0, '2022-11-08 01:01:00'),
(512, 'pbx1', '{\"pbxNChannel\":\"30\",\"pbxTrunkName\":\"trunk\",\"pbxApiProtocol\":\"http\",\"pbxHost\":\"10.8.0.1\",\"pbxPort\":\"8088\"}', 0, '2022-11-12 01:08:23'),
(513, 'pbx1', '{\"pbxNChannel\":\"30\",\"pbxTrunkName\":\"trunk\",\"pbxActive\":true,\"pbxApiProtocol\":\"http\",\"pbxHost\":\"10.8.0.1\",\"pbxPort\":\"8088\"}', 0, '2022-11-12 01:08:51'),
(514, 'voice_rss_parameters', '{\"key\":\"a659f978bec54b5db56cef5423427c63\",\"language\":\"it-it\",\"speed\":\"-1\",\"format\":\"8khz_8bit_mono\",\"codecs\":\"WAV\",\"phrase\":\"Premi uno per riascoltare o premi due per confermare la ricezione del messaggio.\"}', 0, '2022-11-12 01:16:51'),
(515, 'sip_conf1', '[general]\ncontext=default\n\n[20]\ncallerid=20\ntype=friend\nhost=dynamic\nbusylevel=1\ncid_number=20\nsecret=20\ndtmfmode=rfc2833\ndisallow=all\nallow=alaw\ncontext=default\n\n[trunk]\ntype=peer\nhost=sip.messagenet.it\nport=5060\nusername=5668799\nsecret=V9h7aE9X\nauth=md5\nfromuser=5668799\nnat=yes\ncanreinvite=no\ninsecure=invite,port\ncontext=default\ndisallow=all\nallow=alaw', 1, '2022-11-23 15:04:34'),
(516, 'http_conf1', '[general]\nenabled=yes\nbindaddr=0.0.0.0\n;bindport=8088', 1, '2022-11-23 15:04:34'),
(517, 'ari_conf1', '[general]\nenabled = yes       ; When set to no, ARI support is disabled.\npretty = yes        ; When set to yes, responses from ARI are\n[asterisk]\ntype = user\nread_only = no\npassword = asterisk', 1, '2022-11-23 15:04:34'),
(518, 'extensions_conf1', ';This file was generated and manteined by ga-system.\n;Changes to this file will be lost when it will be regenerated by ga-system.\n\n[default]\n\nexten => _X.,1,Dial(SIP/${EXTEN})\nexten => _9X.,1,Dial(SIP/${EXTEN:1}@trunk)\n\n;exten => _X.,n,Answer()\n;exten => _X.,n,Stasis(pippo)\n\nexten => 1000,1,NoOp()\n exten =>     1000, n,Answer()\n exten =>      1000,n,Stasis(hello-world)\n exten =>      1000,n,Hangup()', 1, '2022-11-23 15:04:34'),
(519, 'moxa', '{\"moxaContactDataArray\":[{\"enableMoxa\":\"1\",\"protocolMoxa\":\"http\",\"moxaHost\":\"127.0.05\",\"moxaPort\":\"8080\",\"moxaDelayAlarm\":\"0\",\"moxaPath\":\"/api/slot/0/io/di\",\"moxaHeader\":\"vdn.dac.v1\"},{\"enableMoxa\":\"0\",\"protocolMoxa\":\"\",\"moxaHost\":\"\",\"moxaPort\":\"\",\"moxaDelayAlarm\":\"0\",\"moxaPath\":\"\",\"moxaHeader\":\"\"},{\"enableMoxa\":\"0\",\"protocolMoxa\":\"\",\"moxaHost\":\"\",\"moxaPort\":\"\",\"moxaDelayAlarm\":\"0\",\"moxaPath\":\"\",\"moxaHeader\":\"\"},{\"enableMoxa\":\"0\",\"protocolMoxa\":\"\",\"moxaHost\":\"\",\"moxaPort\":\"\",\"moxaDelayAlarm\":\"0\",\"moxaPath\":\"\",\"moxaHeader\":\"\"},{\"enableMoxa\":\"0\",\"protocolMoxa\":\"\",\"moxaHost\":\"\",\"moxaPort\":\"\",\"moxaDelayAlarm\":\"0\",\"moxaPath\":\"\",\"moxaHeader\":\"\"},{\"enableMoxa\":\"0\",\"protocolMoxa\":\"\",\"moxaHost\":\"\",\"moxaPort\":\"\",\"moxaDelayAlarm\":\"0\",\"moxaPath\":\"\",\"moxaHeader\":\"\"},{\"enableMoxa\":\"0\",\"protocolMoxa\":\"\",\"moxaHost\":\"\",\"moxaPort\":\"\",\"moxaDelayAlarm\":\"0\",\"moxaPath\":\"\",\"moxaHeader\":\"\"},{\"enableMoxa\":\"0\",\"protocolMoxa\":\"\",\"moxaHost\":\"\",\"moxaPort\":\"\",\"moxaDelayAlarm\":\"0\",\"moxaPath\":\"\",\"moxaHeader\":\"\"},{\"enableMoxa\":\"0\",\"protocolMoxa\":\"\",\"moxaHost\":\"\",\"moxaPort\":\"\",\"moxaDelayAlarm\":\"0\",\"moxaPath\":\"\",\"moxaHeader\":\"\"},{\"enableMoxa\":\"0\",\"protocolMoxa\":\"\",\"moxaHost\":\"\",\"moxaPort\":\"\",\"moxaDelayAlarm\":\"0\",\"moxaPath\":\"\",\"moxaHeader\":\"\"},{\"enableMoxa\":\"0\",\"protocolMoxa\":\"\",\"moxaHost\":\"\",\"moxaPort\":\"\",\"moxaDelayAlarm\":\"0\",\"moxaPath\":\"\",\"moxaHeader\":\"\"},{\"enableMoxa\":\"0\",\"protocolMoxa\":\"\",\"moxaHost\":\"\",\"moxaPort\":\"\",\"moxaDelayAlarm\":\"0\",\"moxaPath\":\"\",\"moxaHeader\":\"\"},{\"enableMoxa\":\"0\",\"protocolMoxa\":\"\",\"moxaHost\":\"\",\"moxaPort\":\"\",\"moxaDelayAlarm\":\"0\",\"moxaPath\":\"\",\"moxaHeader\":\"\"},{\"enableMoxa\":\"0\",\"protocolMoxa\":\"\",\"moxaHost\":\"\",\"moxaPort\":\"\",\"moxaDelayAlarm\":\"0\",\"moxaPath\":\"\",\"moxaHeader\":\"\"},{\"enableMoxa\":\"0\",\"protocolMoxa\":\"\",\"moxaHost\":\"\",\"moxaPort\":\"\",\"moxaDelayAlarm\":\"0\",\"moxaPath\":\"\",\"moxaHeader\":\"\"},{\"enableMoxa\":\"0\",\"protocolMoxa\":\"\",\"moxaHost\":\"\",\"moxaPort\":\"\",\"moxaDelayAlarm\":\"0\",\"moxaPath\":\"\",\"moxaHeader\":\"\"},{\"enableMoxa\":\"0\",\"protocolMoxa\":\"\",\"moxaHost\":\"\",\"moxaPort\":\"\",\"moxaDelayAlarm\":\"0\",\"moxaPath\":\"\",\"moxaHeader\":\"\"},{\"enableMoxa\":\"0\",\"protocolMoxa\":\"\",\"moxaHost\":\"\",\"moxaPort\":\"\",\"moxaDelayAlarm\":\"0\",\"moxaPath\":\"\",\"moxaHeader\":\"\"},{\"enableMoxa\":\"0\",\"protocolMoxa\":\"\",\"moxaHost\":\"\",\"moxaPort\":\"\",\"moxaDelayAlarm\":\"0\",\"moxaPath\":\"\",\"moxaHeader\":\"\"},{\"enableMoxa\":\"0\",\"protocolMoxa\":\"\",\"moxaHost\":\"\",\"moxaPort\":\"\",\"moxaDelayAlarm\":\"0\",\"moxaPath\":\"\",\"moxaHeader\":\"\"},{\"enableMoxa\":\"0\",\"protocolMoxa\":\"\",\"moxaHost\":\"\",\"moxaPort\":\"\",\"moxaDelayAlarm\":\"0\",\"moxaPath\":\"\",\"moxaHeader\":\"\"},{\"enableMoxa\":\"0\",\"protocolMoxa\":\"\",\"moxaHost\":\"\",\"moxaPort\":\"\",\"moxaDelayAlarm\":\"0\",\"moxaPath\":\"\",\"moxaHeader\":\"\"}],\"outdoorEmailMoxa\":false,\"indoorEmailMoxa\":false,\"outdoorSmsMoxa\":false,\"indoorSmsMoxa\":false}', 0, '2022-12-06 15:09:07'),
(520, 'moxa', '{\"moxaContactDataArray\":[{\"enableMoxa\":\"1\",\"protocolMoxa\":\"http\",\"moxaHost\":\"127.0.0.5\",\"moxaPort\":\"8080\",\"moxaDelayAlarm\":\"0\",\"moxaPath\":\"/api/slot/0/io/di\",\"moxaHeader\":\"vdn.dac.v1\"},{\"enableMoxa\":\"1\",\"protocolMoxa\":\"http\",\"moxaHost\":\"127.0.0.6\",\"moxaPort\":\"8080\",\"moxaDelayAlarm\":\"0\",\"moxaPath\":\"/api/slot/0/io/di\",\"moxaHeader\":\"vdn.dac.v1\"},{\"enableMoxa\":\"0\",\"protocolMoxa\":\"\",\"moxaHost\":\"\",\"moxaPort\":\"\",\"moxaDelayAlarm\":\"0\",\"moxaPath\":\"\",\"moxaHeader\":\"\"},{\"enableMoxa\":\"0\",\"protocolMoxa\":\"\",\"moxaHost\":\"\",\"moxaPort\":\"\",\"moxaDelayAlarm\":\"0\",\"moxaPath\":\"\",\"moxaHeader\":\"\"},{\"enableMoxa\":\"0\",\"protocolMoxa\":\"\",\"moxaHost\":\"\",\"moxaPort\":\"\",\"moxaDelayAlarm\":\"0\",\"moxaPath\":\"\",\"moxaHeader\":\"\"},{\"enableMoxa\":\"0\",\"protocolMoxa\":\"\",\"moxaHost\":\"\",\"moxaPort\":\"\",\"moxaDelayAlarm\":\"0\",\"moxaPath\":\"\",\"moxaHeader\":\"\"},{\"enableMoxa\":\"0\",\"protocolMoxa\":\"\",\"moxaHost\":\"\",\"moxaPort\":\"\",\"moxaDelayAlarm\":\"0\",\"moxaPath\":\"\",\"moxaHeader\":\"\"},{\"enableMoxa\":\"0\",\"protocolMoxa\":\"\",\"moxaHost\":\"\",\"moxaPort\":\"\",\"moxaDelayAlarm\":\"0\",\"moxaPath\":\"\",\"moxaHeader\":\"\"},{\"enableMoxa\":\"0\",\"protocolMoxa\":\"\",\"moxaHost\":\"\",\"moxaPort\":\"\",\"moxaDelayAlarm\":\"0\",\"moxaPath\":\"\",\"moxaHeader\":\"\"},{\"enableMoxa\":\"0\",\"protocolMoxa\":\"\",\"moxaHost\":\"\",\"moxaPort\":\"\",\"moxaDelayAlarm\":\"0\",\"moxaPath\":\"\",\"moxaHeader\":\"\"},{\"enableMoxa\":\"0\",\"protocolMoxa\":\"\",\"moxaHost\":\"\",\"moxaPort\":\"\",\"moxaDelayAlarm\":\"0\",\"moxaPath\":\"\",\"moxaHeader\":\"\"},{\"enableMoxa\":\"0\",\"protocolMoxa\":\"\",\"moxaHost\":\"\",\"moxaPort\":\"\",\"moxaDelayAlarm\":\"0\",\"moxaPath\":\"\",\"moxaHeader\":\"\"},{\"enableMoxa\":\"0\",\"protocolMoxa\":\"\",\"moxaHost\":\"\",\"moxaPort\":\"\",\"moxaDelayAlarm\":\"0\",\"moxaPath\":\"\",\"moxaHeader\":\"\"},{\"enableMoxa\":\"0\",\"protocolMoxa\":\"\",\"moxaHost\":\"\",\"moxaPort\":\"\",\"moxaDelayAlarm\":\"0\",\"moxaPath\":\"\",\"moxaHeader\":\"\"},{\"enableMoxa\":\"0\",\"protocolMoxa\":\"\",\"moxaHost\":\"\",\"moxaPort\":\"\",\"moxaDelayAlarm\":\"0\",\"moxaPath\":\"\",\"moxaHeader\":\"\"},{\"enableMoxa\":\"0\",\"protocolMoxa\":\"\",\"moxaHost\":\"\",\"moxaPort\":\"\",\"moxaDelayAlarm\":\"0\",\"moxaPath\":\"\",\"moxaHeader\":\"\"},{\"enableMoxa\":\"0\",\"protocolMoxa\":\"\",\"moxaHost\":\"\",\"moxaPort\":\"\",\"moxaDelayAlarm\":\"0\",\"moxaPath\":\"\",\"moxaHeader\":\"\"},{\"enableMoxa\":\"0\",\"protocolMoxa\":\"\",\"moxaHost\":\"\",\"moxaPort\":\"\",\"moxaDelayAlarm\":\"0\",\"moxaPath\":\"\",\"moxaHeader\":\"\"},{\"enableMoxa\":\"0\",\"protocolMoxa\":\"\",\"moxaHost\":\"\",\"moxaPort\":\"\",\"moxaDelayAlarm\":\"0\",\"moxaPath\":\"\",\"moxaHeader\":\"\"},{\"enableMoxa\":\"0\",\"protocolMoxa\":\"\",\"moxaHost\":\"\",\"moxaPort\":\"\",\"moxaDelayAlarm\":\"0\",\"moxaPath\":\"\",\"moxaHeader\":\"\"},{\"enableMoxa\":\"0\",\"protocolMoxa\":\"\",\"moxaHost\":\"\",\"moxaPort\":\"\",\"moxaDelayAlarm\":\"0\",\"moxaPath\":\"\",\"moxaHeader\":\"\"},{\"enableMoxa\":\"0\",\"protocolMoxa\":\"\",\"moxaHost\":\"\",\"moxaPort\":\"\",\"moxaDelayAlarm\":\"0\",\"moxaPath\":\"\",\"moxaHeader\":\"\"}],\"outdoorEmailMoxa\":false,\"indoorEmailMoxa\":false,\"outdoorSmsMoxa\":false,\"indoorSmsMoxa\":false}', 0, '2022-12-06 15:33:09'),
(521, 'moxa', '{\"moxaContactDataArray\":[{\"enableMoxa\":\"0\",\"protocolMoxa\":\"http\",\"moxaHost\":\"127.0.0.5\",\"moxaPort\":\"8080\",\"moxaDelayAlarm\":\"0\",\"moxaPath\":\"/api/slot/0/io/di\",\"moxaHeader\":\"vdn.dac.v1\"},{\"enableMoxa\":\"1\",\"protocolMoxa\":\"http\",\"moxaHost\":\"127.0.0.6\",\"moxaPort\":\"8080\",\"moxaDelayAlarm\":\"0\",\"moxaPath\":\"/api/slot/0/io/di\",\"moxaHeader\":\"vdn.dac.v1\"},{\"enableMoxa\":\"0\",\"protocolMoxa\":\"\",\"moxaHost\":\"\",\"moxaPort\":\"\",\"moxaDelayAlarm\":\"0\",\"moxaPath\":\"\",\"moxaHeader\":\"\"},{\"enableMoxa\":\"0\",\"protocolMoxa\":\"\",\"moxaHost\":\"\",\"moxaPort\":\"\",\"moxaDelayAlarm\":\"0\",\"moxaPath\":\"\",\"moxaHeader\":\"\"},{\"enableMoxa\":\"0\",\"protocolMoxa\":\"\",\"moxaHost\":\"\",\"moxaPort\":\"\",\"moxaDelayAlarm\":\"0\",\"moxaPath\":\"\",\"moxaHeader\":\"\"},{\"enableMoxa\":\"0\",\"protocolMoxa\":\"\",\"moxaHost\":\"\",\"moxaPort\":\"\",\"moxaDelayAlarm\":\"0\",\"moxaPath\":\"\",\"moxaHeader\":\"\"},{\"enableMoxa\":\"0\",\"protocolMoxa\":\"\",\"moxaHost\":\"\",\"moxaPort\":\"\",\"moxaDelayAlarm\":\"0\",\"moxaPath\":\"\",\"moxaHeader\":\"\"},{\"enableMoxa\":\"0\",\"protocolMoxa\":\"\",\"moxaHost\":\"\",\"moxaPort\":\"\",\"moxaDelayAlarm\":\"0\",\"moxaPath\":\"\",\"moxaHeader\":\"\"},{\"enableMoxa\":\"0\",\"protocolMoxa\":\"\",\"moxaHost\":\"\",\"moxaPort\":\"\",\"moxaDelayAlarm\":\"0\",\"moxaPath\":\"\",\"moxaHeader\":\"\"},{\"enableMoxa\":\"0\",\"protocolMoxa\":\"\",\"moxaHost\":\"\",\"moxaPort\":\"\",\"moxaDelayAlarm\":\"0\",\"moxaPath\":\"\",\"moxaHeader\":\"\"},{\"enableMoxa\":\"0\",\"protocolMoxa\":\"\",\"moxaHost\":\"\",\"moxaPort\":\"\",\"moxaDelayAlarm\":\"0\",\"moxaPath\":\"\",\"moxaHeader\":\"\"},{\"enableMoxa\":\"0\",\"protocolMoxa\":\"\",\"moxaHost\":\"\",\"moxaPort\":\"\",\"moxaDelayAlarm\":\"0\",\"moxaPath\":\"\",\"moxaHeader\":\"\"},{\"enableMoxa\":\"0\",\"protocolMoxa\":\"\",\"moxaHost\":\"\",\"moxaPort\":\"\",\"moxaDelayAlarm\":\"0\",\"moxaPath\":\"\",\"moxaHeader\":\"\"},{\"enableMoxa\":\"0\",\"protocolMoxa\":\"\",\"moxaHost\":\"\",\"moxaPort\":\"\",\"moxaDelayAlarm\":\"0\",\"moxaPath\":\"\",\"moxaHeader\":\"\"},{\"enableMoxa\":\"0\",\"protocolMoxa\":\"\",\"moxaHost\":\"\",\"moxaPort\":\"\",\"moxaDelayAlarm\":\"0\",\"moxaPath\":\"\",\"moxaHeader\":\"\"},{\"enableMoxa\":\"0\",\"protocolMoxa\":\"\",\"moxaHost\":\"\",\"moxaPort\":\"\",\"moxaDelayAlarm\":\"0\",\"moxaPath\":\"\",\"moxaHeader\":\"\"},{\"enableMoxa\":\"0\",\"protocolMoxa\":\"\",\"moxaHost\":\"\",\"moxaPort\":\"\",\"moxaDelayAlarm\":\"0\",\"moxaPath\":\"\",\"moxaHeader\":\"\"},{\"enableMoxa\":\"0\",\"protocolMoxa\":\"\",\"moxaHost\":\"\",\"moxaPort\":\"\",\"moxaDelayAlarm\":\"0\",\"moxaPath\":\"\",\"moxaHeader\":\"\"},{\"enableMoxa\":\"0\",\"protocolMoxa\":\"\",\"moxaHost\":\"\",\"moxaPort\":\"\",\"moxaDelayAlarm\":\"0\",\"moxaPath\":\"\",\"moxaHeader\":\"\"},{\"enableMoxa\":\"0\",\"protocolMoxa\":\"\",\"moxaHost\":\"\",\"moxaPort\":\"\",\"moxaDelayAlarm\":\"0\",\"moxaPath\":\"\",\"moxaHeader\":\"\"},{\"enableMoxa\":\"0\",\"protocolMoxa\":\"\",\"moxaHost\":\"\",\"moxaPort\":\"\",\"moxaDelayAlarm\":\"0\",\"moxaPath\":\"\",\"moxaHeader\":\"\"},{\"enableMoxa\":\"0\",\"protocolMoxa\":\"\",\"moxaHost\":\"\",\"moxaPort\":\"\",\"moxaDelayAlarm\":\"0\",\"moxaPath\":\"\",\"moxaHeader\":\"\"}],\"outdoorEmailMoxa\":false,\"indoorEmailMoxa\":false,\"outdoorSmsMoxa\":false,\"indoorSmsMoxa\":false}', 0, '2022-12-06 16:01:35'),
(522, 'moxa', '{\"moxaContactDataArray\":[{\"enableMoxa\":\"1\",\"protocolMoxa\":\"http\",\"moxaHost\":\"127.0.0.5\",\"moxaPort\":\"8080\",\"moxaDelayAlarm\":\"0\",\"moxaPath\":\"/api/slot/0/io/di\",\"moxaHeader\":\"vdn.dac.v1\"},{\"enableMoxa\":\"1\",\"protocolMoxa\":\"http\",\"moxaHost\":\"127.0.0.6\",\"moxaPort\":\"8080\",\"moxaDelayAlarm\":\"0\",\"moxaPath\":\"/api/slot/0/io/di\",\"moxaHeader\":\"vdn.dac.v1\"},{\"enableMoxa\":\"0\",\"protocolMoxa\":\"\",\"moxaHost\":\"\",\"moxaPort\":\"\",\"moxaDelayAlarm\":\"0\",\"moxaPath\":\"\",\"moxaHeader\":\"\"},{\"enableMoxa\":\"0\",\"protocolMoxa\":\"\",\"moxaHost\":\"\",\"moxaPort\":\"\",\"moxaDelayAlarm\":\"0\",\"moxaPath\":\"\",\"moxaHeader\":\"\"},{\"enableMoxa\":\"0\",\"protocolMoxa\":\"\",\"moxaHost\":\"\",\"moxaPort\":\"\",\"moxaDelayAlarm\":\"0\",\"moxaPath\":\"\",\"moxaHeader\":\"\"},{\"enableMoxa\":\"0\",\"protocolMoxa\":\"\",\"moxaHost\":\"\",\"moxaPort\":\"\",\"moxaDelayAlarm\":\"0\",\"moxaPath\":\"\",\"moxaHeader\":\"\"},{\"enableMoxa\":\"0\",\"protocolMoxa\":\"\",\"moxaHost\":\"\",\"moxaPort\":\"\",\"moxaDelayAlarm\":\"0\",\"moxaPath\":\"\",\"moxaHeader\":\"\"},{\"enableMoxa\":\"0\",\"protocolMoxa\":\"\",\"moxaHost\":\"\",\"moxaPort\":\"\",\"moxaDelayAlarm\":\"0\",\"moxaPath\":\"\",\"moxaHeader\":\"\"},{\"enableMoxa\":\"0\",\"protocolMoxa\":\"\",\"moxaHost\":\"\",\"moxaPort\":\"\",\"moxaDelayAlarm\":\"0\",\"moxaPath\":\"\",\"moxaHeader\":\"\"},{\"enableMoxa\":\"0\",\"protocolMoxa\":\"\",\"moxaHost\":\"\",\"moxaPort\":\"\",\"moxaDelayAlarm\":\"0\",\"moxaPath\":\"\",\"moxaHeader\":\"\"},{\"enableMoxa\":\"0\",\"protocolMoxa\":\"\",\"moxaHost\":\"\",\"moxaPort\":\"\",\"moxaDelayAlarm\":\"0\",\"moxaPath\":\"\",\"moxaHeader\":\"\"},{\"enableMoxa\":\"0\",\"protocolMoxa\":\"\",\"moxaHost\":\"\",\"moxaPort\":\"\",\"moxaDelayAlarm\":\"0\",\"moxaPath\":\"\",\"moxaHeader\":\"\"},{\"enableMoxa\":\"0\",\"protocolMoxa\":\"\",\"moxaHost\":\"\",\"moxaPort\":\"\",\"moxaDelayAlarm\":\"0\",\"moxaPath\":\"\",\"moxaHeader\":\"\"},{\"enableMoxa\":\"0\",\"protocolMoxa\":\"\",\"moxaHost\":\"\",\"moxaPort\":\"\",\"moxaDelayAlarm\":\"0\",\"moxaPath\":\"\",\"moxaHeader\":\"\"},{\"enableMoxa\":\"0\",\"protocolMoxa\":\"\",\"moxaHost\":\"\",\"moxaPort\":\"\",\"moxaDelayAlarm\":\"0\",\"moxaPath\":\"\",\"moxaHeader\":\"\"},{\"enableMoxa\":\"0\",\"protocolMoxa\":\"\",\"moxaHost\":\"\",\"moxaPort\":\"\",\"moxaDelayAlarm\":\"0\",\"moxaPath\":\"\",\"moxaHeader\":\"\"},{\"enableMoxa\":\"0\",\"protocolMoxa\":\"\",\"moxaHost\":\"\",\"moxaPort\":\"\",\"moxaDelayAlarm\":\"0\",\"moxaPath\":\"\",\"moxaHeader\":\"\"},{\"enableMoxa\":\"0\",\"protocolMoxa\":\"\",\"moxaHost\":\"\",\"moxaPort\":\"\",\"moxaDelayAlarm\":\"0\",\"moxaPath\":\"\",\"moxaHeader\":\"\"},{\"enableMoxa\":\"0\",\"protocolMoxa\":\"\",\"moxaHost\":\"\",\"moxaPort\":\"\",\"moxaDelayAlarm\":\"0\",\"moxaPath\":\"\",\"moxaHeader\":\"\"},{\"enableMoxa\":\"0\",\"protocolMoxa\":\"\",\"moxaHost\":\"\",\"moxaPort\":\"\",\"moxaDelayAlarm\":\"0\",\"moxaPath\":\"\",\"moxaHeader\":\"\"},{\"enableMoxa\":\"0\",\"protocolMoxa\":\"\",\"moxaHost\":\"\",\"moxaPort\":\"\",\"moxaDelayAlarm\":\"0\",\"moxaPath\":\"\",\"moxaHeader\":\"\"},{\"enableMoxa\":\"0\",\"protocolMoxa\":\"\",\"moxaHost\":\"\",\"moxaPort\":\"\",\"moxaDelayAlarm\":\"0\",\"moxaPath\":\"\",\"moxaHeader\":\"\"}],\"outdoorEmailMoxa\":false,\"indoorEmailMoxa\":false,\"outdoorSmsMoxa\":false,\"indoorSmsMoxa\":false}', 0, '2022-12-06 16:05:36'),
(523, 'moxa', '{\"moxaContactDataArray\":[{\"enableMoxa\":\"1\",\"protocolMoxa\":\"http\",\"moxaHost\":\"127.0.0.5\",\"moxaPort\":\"8080\",\"moxaDelayAlarm\":\"0\",\"moxaPath\":\"/api/slot/0/io/di\",\"moxaHeader\":\"vdn.dac.v1\"},{\"enableMoxa\":\"0\",\"protocolMoxa\":\"http\",\"moxaHost\":\"127.0.0.6\",\"moxaPort\":\"8080\",\"moxaDelayAlarm\":\"0\",\"moxaPath\":\"/api/slot/0/io/di\",\"moxaHeader\":\"vdn.dac.v1\"},{\"enableMoxa\":\"0\",\"protocolMoxa\":\"\",\"moxaHost\":\"\",\"moxaPort\":\"\",\"moxaDelayAlarm\":\"0\",\"moxaPath\":\"\",\"moxaHeader\":\"\"},{\"enableMoxa\":\"0\",\"protocolMoxa\":\"\",\"moxaHost\":\"\",\"moxaPort\":\"\",\"moxaDelayAlarm\":\"0\",\"moxaPath\":\"\",\"moxaHeader\":\"\"},{\"enableMoxa\":\"0\",\"protocolMoxa\":\"\",\"moxaHost\":\"\",\"moxaPort\":\"\",\"moxaDelayAlarm\":\"0\",\"moxaPath\":\"\",\"moxaHeader\":\"\"},{\"enableMoxa\":\"0\",\"protocolMoxa\":\"\",\"moxaHost\":\"\",\"moxaPort\":\"\",\"moxaDelayAlarm\":\"0\",\"moxaPath\":\"\",\"moxaHeader\":\"\"},{\"enableMoxa\":\"0\",\"protocolMoxa\":\"\",\"moxaHost\":\"\",\"moxaPort\":\"\",\"moxaDelayAlarm\":\"0\",\"moxaPath\":\"\",\"moxaHeader\":\"\"},{\"enableMoxa\":\"0\",\"protocolMoxa\":\"\",\"moxaHost\":\"\",\"moxaPort\":\"\",\"moxaDelayAlarm\":\"0\",\"moxaPath\":\"\",\"moxaHeader\":\"\"},{\"enableMoxa\":\"0\",\"protocolMoxa\":\"\",\"moxaHost\":\"\",\"moxaPort\":\"\",\"moxaDelayAlarm\":\"0\",\"moxaPath\":\"\",\"moxaHeader\":\"\"},{\"enableMoxa\":\"0\",\"protocolMoxa\":\"\",\"moxaHost\":\"\",\"moxaPort\":\"\",\"moxaDelayAlarm\":\"0\",\"moxaPath\":\"\",\"moxaHeader\":\"\"},{\"enableMoxa\":\"0\",\"protocolMoxa\":\"\",\"moxaHost\":\"\",\"moxaPort\":\"\",\"moxaDelayAlarm\":\"0\",\"moxaPath\":\"\",\"moxaHeader\":\"\"},{\"enableMoxa\":\"0\",\"protocolMoxa\":\"\",\"moxaHost\":\"\",\"moxaPort\":\"\",\"moxaDelayAlarm\":\"0\",\"moxaPath\":\"\",\"moxaHeader\":\"\"},{\"enableMoxa\":\"0\",\"protocolMoxa\":\"\",\"moxaHost\":\"\",\"moxaPort\":\"\",\"moxaDelayAlarm\":\"0\",\"moxaPath\":\"\",\"moxaHeader\":\"\"},{\"enableMoxa\":\"0\",\"protocolMoxa\":\"\",\"moxaHost\":\"\",\"moxaPort\":\"\",\"moxaDelayAlarm\":\"0\",\"moxaPath\":\"\",\"moxaHeader\":\"\"},{\"enableMoxa\":\"0\",\"protocolMoxa\":\"\",\"moxaHost\":\"\",\"moxaPort\":\"\",\"moxaDelayAlarm\":\"0\",\"moxaPath\":\"\",\"moxaHeader\":\"\"},{\"enableMoxa\":\"0\",\"protocolMoxa\":\"\",\"moxaHost\":\"\",\"moxaPort\":\"\",\"moxaDelayAlarm\":\"0\",\"moxaPath\":\"\",\"moxaHeader\":\"\"},{\"enableMoxa\":\"0\",\"protocolMoxa\":\"\",\"moxaHost\":\"\",\"moxaPort\":\"\",\"moxaDelayAlarm\":\"0\",\"moxaPath\":\"\",\"moxaHeader\":\"\"},{\"enableMoxa\":\"0\",\"protocolMoxa\":\"\",\"moxaHost\":\"\",\"moxaPort\":\"\",\"moxaDelayAlarm\":\"0\",\"moxaPath\":\"\",\"moxaHeader\":\"\"},{\"enableMoxa\":\"0\",\"protocolMoxa\":\"\",\"moxaHost\":\"\",\"moxaPort\":\"\",\"moxaDelayAlarm\":\"0\",\"moxaPath\":\"\",\"moxaHeader\":\"\"},{\"enableMoxa\":\"0\",\"protocolMoxa\":\"\",\"moxaHost\":\"\",\"moxaPort\":\"\",\"moxaDelayAlarm\":\"0\",\"moxaPath\":\"\",\"moxaHeader\":\"\"},{\"enableMoxa\":\"0\",\"protocolMoxa\":\"\",\"moxaHost\":\"\",\"moxaPort\":\"\",\"moxaDelayAlarm\":\"0\",\"moxaPath\":\"\",\"moxaHeader\":\"\"},{\"enableMoxa\":\"0\",\"protocolMoxa\":\"\",\"moxaHost\":\"\",\"moxaPort\":\"\",\"moxaDelayAlarm\":\"0\",\"moxaPath\":\"\",\"moxaHeader\":\"\"}],\"outdoorEmailMoxa\":false,\"indoorEmailMoxa\":false,\"outdoorSmsMoxa\":false,\"indoorSmsMoxa\":false}', 0, '2022-12-06 16:07:30'),
(524, 'moxa', '{\"moxaContactDataArray\":[{\"enableMoxa\":\"0\",\"protocolMoxa\":\"http\",\"moxaHost\":\"127.0.0.5\",\"moxaPort\":\"8080\",\"moxaDelayAlarm\":\"0\",\"moxaPath\":\"/api/slot/0/io/di\",\"moxaHeader\":\"vdn.dac.v1\"},{\"enableMoxa\":\"0\",\"protocolMoxa\":\"http\",\"moxaHost\":\"127.0.0.6\",\"moxaPort\":\"8080\",\"moxaDelayAlarm\":\"0\",\"moxaPath\":\"/api/slot/0/io/di\",\"moxaHeader\":\"vdn.dac.v1\"},{\"enableMoxa\":\"0\",\"protocolMoxa\":\"\",\"moxaHost\":\"\",\"moxaPort\":\"\",\"moxaDelayAlarm\":\"0\",\"moxaPath\":\"\",\"moxaHeader\":\"\"},{\"enableMoxa\":\"0\",\"protocolMoxa\":\"\",\"moxaHost\":\"\",\"moxaPort\":\"\",\"moxaDelayAlarm\":\"0\",\"moxaPath\":\"\",\"moxaHeader\":\"\"},{\"enableMoxa\":\"0\",\"protocolMoxa\":\"\",\"moxaHost\":\"\",\"moxaPort\":\"\",\"moxaDelayAlarm\":\"0\",\"moxaPath\":\"\",\"moxaHeader\":\"\"},{\"enableMoxa\":\"0\",\"protocolMoxa\":\"\",\"moxaHost\":\"\",\"moxaPort\":\"\",\"moxaDelayAlarm\":\"0\",\"moxaPath\":\"\",\"moxaHeader\":\"\"},{\"enableMoxa\":\"0\",\"protocolMoxa\":\"\",\"moxaHost\":\"\",\"moxaPort\":\"\",\"moxaDelayAlarm\":\"0\",\"moxaPath\":\"\",\"moxaHeader\":\"\"},{\"enableMoxa\":\"0\",\"protocolMoxa\":\"\",\"moxaHost\":\"\",\"moxaPort\":\"\",\"moxaDelayAlarm\":\"0\",\"moxaPath\":\"\",\"moxaHeader\":\"\"},{\"enableMoxa\":\"0\",\"protocolMoxa\":\"\",\"moxaHost\":\"\",\"moxaPort\":\"\",\"moxaDelayAlarm\":\"0\",\"moxaPath\":\"\",\"moxaHeader\":\"\"},{\"enableMoxa\":\"0\",\"protocolMoxa\":\"\",\"moxaHost\":\"\",\"moxaPort\":\"\",\"moxaDelayAlarm\":\"0\",\"moxaPath\":\"\",\"moxaHeader\":\"\"},{\"enableMoxa\":\"0\",\"protocolMoxa\":\"\",\"moxaHost\":\"\",\"moxaPort\":\"\",\"moxaDelayAlarm\":\"0\",\"moxaPath\":\"\",\"moxaHeader\":\"\"},{\"enableMoxa\":\"0\",\"protocolMoxa\":\"\",\"moxaHost\":\"\",\"moxaPort\":\"\",\"moxaDelayAlarm\":\"0\",\"moxaPath\":\"\",\"moxaHeader\":\"\"},{\"enableMoxa\":\"0\",\"protocolMoxa\":\"\",\"moxaHost\":\"\",\"moxaPort\":\"\",\"moxaDelayAlarm\":\"0\",\"moxaPath\":\"\",\"moxaHeader\":\"\"},{\"enableMoxa\":\"0\",\"protocolMoxa\":\"\",\"moxaHost\":\"\",\"moxaPort\":\"\",\"moxaDelayAlarm\":\"0\",\"moxaPath\":\"\",\"moxaHeader\":\"\"},{\"enableMoxa\":\"0\",\"protocolMoxa\":\"\",\"moxaHost\":\"\",\"moxaPort\":\"\",\"moxaDelayAlarm\":\"0\",\"moxaPath\":\"\",\"moxaHeader\":\"\"},{\"enableMoxa\":\"0\",\"protocolMoxa\":\"\",\"moxaHost\":\"\",\"moxaPort\":\"\",\"moxaDelayAlarm\":\"0\",\"moxaPath\":\"\",\"moxaHeader\":\"\"},{\"enableMoxa\":\"0\",\"protocolMoxa\":\"\",\"moxaHost\":\"\",\"moxaPort\":\"\",\"moxaDelayAlarm\":\"0\",\"moxaPath\":\"\",\"moxaHeader\":\"\"},{\"enableMoxa\":\"0\",\"protocolMoxa\":\"\",\"moxaHost\":\"\",\"moxaPort\":\"\",\"moxaDelayAlarm\":\"0\",\"moxaPath\":\"\",\"moxaHeader\":\"\"},{\"enableMoxa\":\"0\",\"protocolMoxa\":\"\",\"moxaHost\":\"\",\"moxaPort\":\"\",\"moxaDelayAlarm\":\"0\",\"moxaPath\":\"\",\"moxaHeader\":\"\"},{\"enableMoxa\":\"0\",\"protocolMoxa\":\"\",\"moxaHost\":\"\",\"moxaPort\":\"\",\"moxaDelayAlarm\":\"0\",\"moxaPath\":\"\",\"moxaHeader\":\"\"},{\"enableMoxa\":\"0\",\"protocolMoxa\":\"\",\"moxaHost\":\"\",\"moxaPort\":\"\",\"moxaDelayAlarm\":\"0\",\"moxaPath\":\"\",\"moxaHeader\":\"\"},{\"enableMoxa\":\"0\",\"protocolMoxa\":\"\",\"moxaHost\":\"\",\"moxaPort\":\"\",\"moxaDelayAlarm\":\"0\",\"moxaPath\":\"\",\"moxaHeader\":\"\"}],\"outdoorEmailMoxa\":false,\"indoorEmailMoxa\":false,\"outdoorSmsMoxa\":false,\"indoorSmsMoxa\":false}', 0, '2022-12-06 17:19:07'),
(525, 'shelly_button_1', '{\"enableShellyButton\":true}', 0, '2022-12-06 19:37:58'),
(526, 'voice_rss_parameters', '{\"key\":\"a659f978bec54b5db56cef5423427c63\",\"language\":\"it-it\",\"speed\":\"-1\",\"format\":\"8khz_8bit_mono\",\"codecs\":\"WAV\",\"phrase\":\"Premi uno per riascoltare o premi due per confermare la ricezione del messaggio.\"}', 0, '2022-12-06 22:34:59'),
(527, 'access_control_1', '{\"enableAccessControl\":true}', 0, '2023-01-20 23:07:31'),
(528, 'shelly_button_1', '{\"enableShellyButton\":true}', 0, '2023-01-20 23:08:43'),
(529, 'access_control_1', '{\"enableAccessControl\":true}', 0, '2023-01-20 23:08:45'),
(530, 'access_control_1', '{\"enableAccessControl\":false}', 0, '2023-01-20 23:09:58'),
(531, 'access_control_1', '{\"enableAccessControl\":true}', 0, '2023-01-20 23:10:17'),
(532, 'access_control_1', '{\"enableAccessControl\":false}', 0, '2023-01-20 23:10:47'),
(533, 'access_control_1', '{\"enableAccessControl\":true}', 0, '2023-01-20 23:10:52'),
(534, 'access_control_1', '{\"enableAccessControl\":false}', 0, '2023-01-20 23:11:44'),
(535, 'access_control_1', '{\"enableAccessControl\":true}', 0, '2023-01-20 23:11:49'),
(536, 'access_control_1', '{\"enableAccessControl\":false}', 0, '2023-01-20 23:12:49'),
(537, 'access_control_1', '{\"enableAccessControl\":true}', 0, '2023-01-20 23:13:48'),
(538, 'access_control_1', '{\"enableAccessControl\":false}', 1, '2023-01-20 23:13:51'),
(539, 'shelly_button_1', '{\"enableShellyButton\":false}', 0, '2023-01-20 23:13:55'),
(540, 'voice_rss_parameters', '{\"key\":\"a659f978bec54b5db56cef5423427c63\",\"language\":\"it-it\",\"speed\":\"-1\",\"format\":\"8khz_8bit_mono\",\"codecs\":\"WAV\",\"phrase\":\"Premi uno per riascoltare o premi due per confermare la ricezione del messaggio.\"}', 0, '2023-02-28 16:52:30'),
(541, 'shelly_button_1', '{\"enableShellyButton\":true}', 0, '2023-02-28 17:03:24'),
(542, 'app_android_1', '{\"enableAndroidAlarm\":false,\"androidSourceAlarm\":\"sms\",\"androidMode\":\"first_beacon_second_area\",\"smsServerApp\":null,\"backEndApp\":null,\"smsServerIdCustomer\":\"21\",\"smsServerTokenCustomer\":\"da39a3ee5e6b4b0d3255bfef95601890afd80709a319f1bdc904507e27c1751662f85e961bd8ba84\",\"customerKey\":\"23c70eb12082307fe7b06923d3aacd0e\",\"enableKeepAlive\":\"0\",\"keepAlive\":\"30\",\"keepAliveModality\":\"manDown\",\"keepAliveMap\":\"1\",\"batteryCheck\":\"0\",\"batteryLevel\":\"15\",\"outdoorEmailAndroid\":true,\"indoorEmailAndroid\":true,\"outdoorSmsAndroid\":true,\"indoorSmsAndroid\":true}', 0, '2023-02-28 17:03:38'),
(543, 'pbx1', '{\"pbxNChannel\":\"30\",\"pbxTrunkName\":\"trunk\",\"pbxApiProtocol\":\"http\",\"pbxHost\":\"10.8.0.1\",\"pbxPort\":\"8088\"}', 0, '2023-02-28 17:04:36'),
(544, 'isafe_web1', '{\"webName\":\"sviluppo\",\"webPath\":\"/isafe_web/api/\",\"webPort\":\"80\",\"webHost\":\"127.0.0.1\",\"webProtocol\":\"http\",\"webPortIndoor\":\"80\",\"webHostIndoor\":\"127.0.0.1\",\"webProtocolIndoor\":\"http\",\"webPathIndoor\":\"/\"}', 0, '2023-03-06 21:37:07'),
(545, 'app_android_1', '{\"enableAndroidAlarm\":false,\"androidSourceAlarm\":\"sms\",\"androidMode\":\"first_beacon_second_area\",\"smsServerApp\":null,\"backEndApp\":null,\"smsServerIdCustomer\":\"21\",\"smsServerTokenCustomer\":\"da39a3ee5e6b4b0d3255bfef95601890afd80709a319f1bdc904507e27c1751662f85e961bd8ba84\",\"customerKey\":\"23c70eb12082307fe7b06923d3aacd0e\",\"enableKeepAlive\":\"1\",\"keepAlive\":\"30\",\"keepAliveModality\":\"manDown\",\"keepAliveMap\":\"1\",\"batteryCheck\":\"0\",\"batteryLevel\":\"15\",\"outdoorEmailAndroid\":true,\"indoorEmailAndroid\":true,\"outdoorSmsAndroid\":true,\"indoorSmsAndroid\":true}', 0, '2023-03-08 15:48:51'),
(546, 'app_android_1', '{\"enableAndroidAlarm\":false,\"androidSourceAlarm\":\"sms\",\"androidMode\":\"first_beacon_second_area\",\"smsServerApp\":null,\"backEndApp\":null,\"smsServerIdCustomer\":\"21\",\"smsServerTokenCustomer\":\"da39a3ee5e6b4b0d3255bfef95601890afd80709a319f1bdc904507e27c1751662f85e961bd8ba84\",\"customerKey\":\"23c70eb12082307fe7b06923d3aacd0e\",\"enableKeepAlive\":\"1\",\"keepAlive\":\"30\",\"keepAliveModality\":\"manDown\",\"keepAliveMap\":\"1\",\"batteryCheck\":\"0\",\"batteryLevel\":\"15\",\"outdoorEmailAndroid\":true,\"indoorEmailAndroid\":true,\"outdoorSmsAndroid\":true,\"indoorSmsAndroid\":true}', 0, '2023-03-08 15:55:28'),
(547, 'app_android_1', '{\"enableAndroidAlarm\":false,\"androidSourceAlarm\":\"sms\",\"androidMode\":\"first_beacon_second_area\",\"smsServerApp\":null,\"backEndApp\":null,\"smsServerIdCustomer\":\"21\",\"smsServerTokenCustomer\":\"da39a3ee5e6b4b0d3255bfef95601890afd80709a319f1bdc904507e27c1751662f85e961bd8ba84\",\"customerKey\":\"23c70eb12082307fe7b06923d3aacd0e\",\"enableKeepAlive\":\"1\",\"keepAlive\":\"30\",\"keepAliveModality\":\"manDown\",\"keepAliveMap\":\"1\",\"batteryCheck\":\"0\",\"batteryLevel\":\"15\",\"outdoorEmailAndroid\":true,\"indoorEmailAndroid\":true,\"outdoorSmsAndroid\":true,\"indoorSmsAndroid\":true}', 0, '2023-03-08 15:55:30'),
(548, 'app_android_1', '{\"enableAndroidAlarm\":false,\"androidSourceAlarm\":\"sms\",\"androidMode\":\"first_beacon_second_area\",\"smsServerApp\":null,\"backEndApp\":null,\"smsServerIdCustomer\":\"21\",\"smsServerTokenCustomer\":\"da39a3ee5e6b4b0d3255bfef95601890afd80709a319f1bdc904507e27c1751662f85e961bd8ba84\",\"customerKey\":\"23c70eb12082307fe7b06923d3aacd0e\",\"enableKeepAlive\":\"1\",\"keepAlive\":\"30\",\"keepAliveModality\":\"manDown\",\"keepAliveMap\":\"1\",\"batteryCheck\":\"0\",\"batteryLevel\":\"15\",\"outdoorEmailAndroid\":true,\"indoorEmailAndroid\":true,\"outdoorSmsAndroid\":true,\"indoorSmsAndroid\":true}', 0, '2023-03-08 16:00:14'),
(549, 'app_android_1', '{\"enableAndroidAlarm\":false,\"androidSourceAlarm\":\"sms\",\"androidMode\":\"first_beacon_second_area\",\"smsServerApp\":null,\"backEndApp\":null,\"smsServerIdCustomer\":\"21\",\"smsServerTokenCustomer\":\"da39a3ee5e6b4b0d3255bfef95601890afd80709a319f1bdc904507e27c1751662f85e961bd8ba84\",\"customerKey\":\"23c70eb12082307fe7b06923d3aacd0e\",\"enableKeepAlive\":\"1\",\"keepAlive\":\"30\",\"keepAliveModality\":\"manDown\",\"keepAliveMap\":\"1\",\"batteryCheck\":\"0\",\"batteryLevel\":\"15\",\"outdoorEmailAndroid\":true,\"indoorEmailAndroid\":true,\"outdoorSmsAndroid\":true,\"indoorSmsAndroid\":true}', 0, '2023-03-08 16:00:27'),
(550, 'shelly_button_1', '{\"enableShellyButton\":false}', 0, '2023-03-11 19:57:03'),
(551, 'app_android_1', '{\"enableAndroidAlarm\":true,\"androidSourceAlarm\":\"sms\",\"androidMode\":\"first_beacon_second_area\",\"smsServerApp\":\"https://sms.phoenyxsrl.com\",\"backEndApp\":\"https://app.phoenyxsrl.com\",\"smsServerIdCustomer\":\"21\",\"smsServerTokenCustomer\":\"da39a3ee5e6b4b0d3255bfef95601890afd80709a319f1bdc904507e27c1751662f85e961bd8ba84\",\"customerKey\":\"23c70eb12082307fe7b06923d3aacd0e\",\"enableKeepAlive\":\"1\",\"keepAlive\":\"5\",\"keepAliveModality\":\"manDown\",\"keepAliveMap\":\"1\",\"batteryCheck\":\"1\",\"batteryLevel\":\"15\",\"outdoorEmailAndroid\":true,\"indoorEmailAndroid\":true,\"outdoorSmsAndroid\":true,\"indoorSmsAndroid\":true}', 0, '2023-03-11 19:59:19'),
(552, 'voice_rss_parameters', '{\"key\":\"a659f978bec54b5db56cef5423427c63\",\"language\":\"it-it\",\"speed\":\"-1\",\"format\":\"8khz_8bit_mono\",\"codecs\":\"WAV\",\"phrase\":\"Premi uno per riascoltare o premi due per confermare la ricezione del messaggio.\"}', 0, '2023-03-11 20:05:05'),
(553, 'voice_rss_parameters', '{\"key\":\"a659f978bec54b5db56cef5423427c63\",\"language\":\"it-it\",\"speed\":\"-1\",\"format\":\"8khz_8bit_mono\",\"codecs\":\"WAV\",\"phrase\":\"Premi uno per riascoltare o premi due per confermare la ricezione del messaggio.\"}', 0, '2023-03-11 20:08:34'),
(554, 'app_android_1', '{\"enableAndroidAlarm\":true,\"androidSourceAlarm\":\"sms\",\"androidMode\":\"first_beacon_second_area\",\"smsServerApp\":\"https://sms.phoenyxsrl.com\",\"backEndApp\":\"https://app.phoenyxsrl.com\",\"smsServerIdCustomer\":\"78\",\"smsServerTokenCustomer\":\"da39a3ee5e6b4b0d3255bfef95601890afd8070955e3e3b820b1c97a2c176d285882c625827536ee\",\"customerKey\":\"fc153d5aeeab6563105c5bd38c586b7d\",\"enableKeepAlive\":\"1\",\"keepAlive\":\"5\",\"keepAliveModality\":\"manDown\",\"keepAliveMap\":\"1\",\"batteryCheck\":\"1\",\"batteryLevel\":\"15\",\"outdoorEmailAndroid\":true,\"indoorEmailAndroid\":true,\"outdoorSmsAndroid\":true,\"indoorSmsAndroid\":true}', 0, '2023-03-11 20:52:59'),
(555, 'app_android_1', '{\"enableAndroidAlarm\":true,\"androidSourceAlarm\":\"sms\",\"androidMode\":\"first_beacon_second_area\",\"smsServerApp\":\"https://sms.phoenyxsrl.com\",\"backEndApp\":\"https://app.phoenyxsrl.com\",\"smsServerIdCustomer\":\"78\",\"smsServerTokenCustomer\":\"da39a3ee5e6b4b0d3255bfef95601890afd8070955e3e3b820b1c97a2c176d285882c625827536ee\",\"customerKey\":\"fc153d5aeeab6563105c5bd38c586b7d\",\"enableKeepAlive\":\"1\",\"keepAlive\":\"300\",\"keepAliveModality\":\"manDown\",\"keepAliveMap\":\"1\",\"batteryCheck\":\"1\",\"batteryLevel\":\"15\",\"outdoorEmailAndroid\":true,\"indoorEmailAndroid\":true,\"outdoorSmsAndroid\":true,\"indoorSmsAndroid\":true}', 0, '2023-03-11 21:29:34'),
(556, 'app_android_1', '{\"enableAndroidAlarm\":false,\"androidSourceAlarm\":\"sms\",\"androidMode\":\"first_beacon_second_area\",\"smsServerApp\":null,\"backEndApp\":null,\"smsServerIdCustomer\":\"78\",\"smsServerTokenCustomer\":\"da39a3ee5e6b4b0d3255bfef95601890afd8070955e3e3b820b1c97a2c176d285882c625827536ee\",\"customerKey\":\"fc153d5aeeab6563105c5bd38c586b7d\",\"enableKeepAlive\":\"1\",\"keepAlive\":\"300\",\"keepAliveModality\":\"manDown\",\"keepAliveMap\":\"1\",\"batteryCheck\":\"1\",\"batteryLevel\":\"15\",\"outdoorEmailAndroid\":true,\"indoorEmailAndroid\":true,\"outdoorSmsAndroid\":true,\"indoorSmsAndroid\":true}', 0, '2023-03-12 14:13:30'),
(557, 'shelly_button_1', '{\"enableShellyButton\":true}', 0, '2023-03-12 14:13:46'),
(558, 'voice_rss_parameters', '{\"key\":\"a659f978bec54b5db56cef5423427c63\",\"language\":\"it-it\",\"speed\":\"-1\",\"format\":\"8khz_8bit_mono\",\"codecs\":\"WAV\",\"phrase\":\"Premi uno per riascoltare o premi due per confermare la ricezione del messaggio.\"}', 0, '2023-03-12 14:23:09'),
(559, 'shelly_button_1', '{\"enableShellyButton\":false}', 1, '2023-03-30 11:53:26'),
(560, 'app_android_1', '{\"enableAndroidAlarm\":true,\"androidSourceAlarm\":\"sms\",\"androidMode\":\"first_beacon_second_area\",\"smsServerApp\":\"https://sms.phoenyxsrl.com\",\"backEndApp\":\"https://app.phoenyxsrl.com\",\"smsServerIdCustomer\":\"78\",\"smsServerTokenCustomer\":\"da39a3ee5e6b4b0d3255bfef95601890afd8070955e3e3b820b1c97a2c176d285882c625827536ee\",\"customerKey\":\"fc153d5aeeab6563105c5bd38c586b7d\",\"enableKeepAlive\":\"1\",\"keepAlive\":\"300\",\"keepAliveModality\":\"manDown\",\"keepAliveMap\":\"1\",\"batteryCheck\":\"1\",\"batteryLevel\":\"15\",\"outdoorEmailAndroid\":true,\"indoorEmailAndroid\":true,\"outdoorSmsAndroid\":true,\"indoorSmsAndroid\":true}', 0, '2023-03-30 11:58:49'),
(561, 'voice_rss_parameters', '{\"key\":\"a659f978bec54b5db56cef5423427c63\",\"language\":\"it-it\",\"speed\":\"-1\",\"format\":\"8khz_8bit_mono\",\"codecs\":\"WAV\",\"phrase\":\"Premi uno per riascoltare o premi due per confermare la ricezione del messaggio.\"}', 0, '2023-03-30 12:07:44'),
(562, 'voice_rss_parameters', '{\"key\":\"a659f978bec54b5db56cef5423427c63\",\"language\":\"it-it\",\"speed\":\"-1\",\"format\":\"8khz_8bit_mono\",\"codecs\":\"WAV\",\"phrase\":\"Premi uno per riascoltare o premi due per confermare la ricezione del messaggio.\"}', 0, '2023-03-30 12:10:05'),
(563, 'voice_rss_parameters', '{\"key\":\"a659f978bec54b5db56cef5423427c63\",\"language\":\"it-it\",\"speed\":\"-1\",\"format\":\"8khz_8bit_mono\",\"codecs\":\"WAV\",\"phrase\":\"Premi uno per riascoltare o premi due per confermare la ricezione del messaggio.\"}', 0, '2023-03-30 12:15:04'),
(564, 'voice_rss_parameters', '{\"key\":\"a659f978bec54b5db56cef5423427c63\",\"language\":\"it-it\",\"speed\":\"-1\",\"format\":\"8khz_8bit_mono\",\"codecs\":\"WAV\",\"phrase\":\"Premi uno per riascoltare o premi due per confermare la ricezione del messaggio.\"}', 0, '2023-03-30 12:22:19'),
(565, 'voice_rss_parameters', '{\"key\":\"a659f978bec54b5db56cef5423427c63\",\"language\":\"it-it\",\"speed\":\"-1\",\"format\":\"8khz_8bit_mono\",\"codecs\":\"WAV\",\"phrase\":\"Premi uno per riascoltare o premi due per confermare la ricezione del messaggio.\"}', 0, '2023-03-30 12:24:06'),
(566, 'voice_rss_parameters', '{\"key\":\"a659f978bec54b5db56cef5423427c63\",\"language\":\"it-it\",\"speed\":\"-1\",\"format\":\"8khz_8bit_mono\",\"codecs\":\"WAV\",\"phrase\":\"Premi uno per riascoltare o premi due per confermare la ricezione del messaggio.\"}', 0, '2023-04-14 11:30:40'),
(567, 'voice_rss_parameters', '{\"key\":\"a659f978bec54b5db56cef5423427c63\",\"language\":\"it-it\",\"speed\":\"-1\",\"format\":\"8khz_8bit_mono\",\"codecs\":\"WAV\",\"phrase\":\"Premi uno per riascoltare o premi due per confermare la ricezione del messaggio.\"}', 0, '2023-04-14 11:30:55'),
(568, 'voice_rss_parameters', '{\"key\":\"a659f978bec54b5db56cef5423427c63\",\"language\":\"it-it\",\"speed\":\"-1\",\"format\":\"8khz_8bit_mono\",\"codecs\":\"WAV\",\"phrase\":\"Premi uno per riascoltare o premi due per confermare la ricezione del messaggio.\"}', 0, '2023-04-14 11:32:44'),
(569, 'voice_rss_parameters', '{\"key\":\"a659f978bec54b5db56cef5423427c63\",\"language\":\"it-it\",\"speed\":\"-1\",\"format\":\"8khz_8bit_mono\",\"codecs\":\"WAV\",\"phrase\":\"Premi uno per riascoltare o premi due per confermare la ricezione del messaggio.\"}', 0, '2023-04-14 11:33:51'),
(570, 'voice_rss_parameters', '{\"key\":\"a659f978bec54b5db56cef5423427c63\",\"language\":\"it-it\",\"speed\":\"-1\",\"format\":\"8khz_8bit_mono\",\"codecs\":\"WAV\",\"phrase\":\"Premi uno per riascoltare o premi due per confermare la ricezione del messaggio.\"}', 0, '2023-04-14 11:34:24');
INSERT INTO `configurations` (`id`, `name_key`, `value`, `active`, `insert_time`) VALUES
(571, 'voice_rss_parameters', '{\"key\":\"a659f978bec54b5db56cef5423427c63\",\"language\":\"it-it\",\"speed\":\"-1\",\"format\":\"8khz_8bit_mono\",\"codecs\":\"WAV\",\"phrase\":\"Premi uno per riascoltare o premi due per confermare la ricezione del messaggio.\"}', 0, '2023-04-14 11:34:57'),
(572, 'voice_rss_parameters', '{\"key\":\"a659f978bec54b5db56cef5423427c63\",\"language\":\"it-it\",\"speed\":\"-1\",\"format\":\"8khz_8bit_mono\",\"codecs\":\"WAV\",\"phrase\":\"Premi uno per riascoltare o premi due per confermare la ricezione del messaggio.\"}', 0, '2023-04-14 11:35:43'),
(573, 'voice_rss_parameters', '{\"key\":\"a659f978bec54b5db56cef5423427c63\",\"language\":\"it-it\",\"speed\":\"-1\",\"format\":\"8khz_8bit_mono\",\"codecs\":\"WAV\",\"phrase\":\"Premi uno per riascoltare o premi due per confermare la ricezione del messaggio.\"}', 0, '2023-04-14 11:44:52'),
(574, 'voice_rss_parameters', '{\"key\":\"a659f978bec54b5db56cef5423427c63\",\"language\":\"it-it\",\"speed\":\"-1\",\"format\":\"8khz_8bit_mono\",\"codecs\":\"WAV\",\"phrase\":\"Premi uno per riascoltare o premi due per confermare la ricezione del messaggio.\"}', 0, '2023-04-14 11:44:59'),
(575, 'voice_rss_parameters', '{\"key\":\"a659f978bec54b5db56cef5423427c63\",\"language\":\"it-it\",\"speed\":\"-1\",\"format\":\"8khz_8bit_mono\",\"codecs\":\"WAV\",\"phrase\":\"Premi uno per riascoltare o premi due per confermare la ricezione del messaggio.\"}', 0, '2023-04-14 15:58:21'),
(576, 'voice_rss_parameters', '{\"key\":\"a659f978bec54b5db56cef5423427c63\",\"language\":\"it-it\",\"speed\":\"-1\",\"format\":\"8khz_8bit_mono\",\"codecs\":\"WAV\",\"phrase\":\"Premi uno per riascoltare o premi due per confermare la ricezione del messaggio.\"}', 0, '2023-04-14 15:58:57'),
(577, 'voice_rss_parameters', '{\"key\":\"a659f978bec54b5db56cef5423427c63\",\"language\":\"it-it\",\"speed\":\"-1\",\"format\":\"8khz_8bit_mono\",\"codecs\":\"WAV\",\"phrase\":\"Premi uno per riascoltare o premi due per confermare la ricezione del messaggio.\"}', 0, '2023-04-14 15:59:39'),
(578, 'voice_rss_parameters', '{\"key\":\"a659f978bec54b5db56cef5423427c63\",\"language\":\"it-it\",\"speed\":\"-1\",\"format\":\"8khz_8bit_mono\",\"codecs\":\"WAV\",\"phrase\":\"Premi uno per riascoltare o premi due per confermare la ricezione del messaggio.\"}', 0, '2023-04-14 16:00:22'),
(579, 'voice_rss_parameters', '{\"key\":\"a659f978bec54b5db56cef5423427c63\",\"language\":\"it-it\",\"speed\":\"-1\",\"format\":\"8khz_8bit_mono\",\"codecs\":\"WAV\",\"phrase\":\"Premi uno per riascoltare o premi due per confermare la ricezione del messaggio.\"}', 0, '2023-04-14 16:04:59'),
(580, 'voice_rss_parameters', '{\"key\":\"a659f978bec54b5db56cef5423427c63\",\"language\":\"it-it\",\"speed\":\"-1\",\"format\":\"8khz_8bit_mono\",\"codecs\":\"WAV\",\"phrase\":\"Premi uno per riascoltare o premi due per confermare la ricezione del messaggio.\"}', 0, '2023-04-14 16:06:17'),
(581, 'voice_rss_parameters', '{\"key\":\"a659f978bec54b5db56cef5423427c63\",\"language\":\"it-it\",\"speed\":\"-1\",\"format\":\"8khz_8bit_mono\",\"codecs\":\"WAV\",\"phrase\":\"Premi uno per riascoltare o premi due per confermare la ricezione del messaggio.\"}', 0, '2023-04-14 16:06:33'),
(582, 'voice_rss_parameters', '{\"key\":\"a659f978bec54b5db56cef5423427c63\",\"language\":\"it-it\",\"speed\":\"-1\",\"format\":\"8khz_8bit_mono\",\"codecs\":\"WAV\",\"phrase\":\"Premi uno per riascoltare o premi due per confermare la ricezione del messaggio.\"}', 0, '2023-04-14 16:09:31'),
(583, 'voice_rss_parameters', '{\"key\":\"a659f978bec54b5db56cef5423427c63\",\"language\":\"it-it\",\"speed\":\"-1\",\"format\":\"8khz_8bit_mono\",\"codecs\":\"WAV\",\"phrase\":\"Premi uno per riascoltare o premi due per confermare la ricezione del messaggio.\"}', 0, '2023-04-14 16:09:45'),
(584, 'voice_rss_parameters', '{\"key\":\"a659f978bec54b5db56cef5423427c63\",\"language\":\"it-it\",\"speed\":\"-1\",\"format\":\"8khz_8bit_mono\",\"codecs\":\"WAV\",\"phrase\":\"Premi uno per riascoltare o premi due per confermare la ricezione del messaggio.\"}', 0, '2023-04-14 16:09:58'),
(585, 'voice_rss_parameters', '{\"key\":\"a659f978bec54b5db56cef5423427c63\",\"language\":\"it-it\",\"speed\":\"-1\",\"format\":\"8khz_8bit_mono\",\"codecs\":\"WAV\",\"phrase\":\"Premi uno per riascoltare o premi due per confermare la ricezione del messaggio.\"}', 0, '2023-04-14 16:10:09'),
(586, 'health_care_1', '{\"enableHealthCare\":true}', 0, '2023-05-01 15:42:11'),
(587, 'health_care_1', '{\"enableHealthCare\":true}', 0, '2023-05-03 00:47:54'),
(588, 'app_android_1', '{\"enableAndroidAlarm\":false,\"androidSourceAlarm\":\"sms\",\"androidMode\":\"first_beacon_second_area\",\"smsServerApp\":null,\"backEndApp\":null,\"smsServerIdCustomer\":\"78\",\"smsServerTokenCustomer\":\"da39a3ee5e6b4b0d3255bfef95601890afd8070955e3e3b820b1c97a2c176d285882c625827536ee\",\"customerKey\":\"fc153d5aeeab6563105c5bd38c586b7d\",\"enableKeepAlive\":\"1\",\"keepAlive\":\"300\",\"keepAliveModality\":\"manDown\",\"keepAliveMap\":\"1\",\"batteryCheck\":\"1\",\"batteryLevel\":\"15\",\"outdoorEmailAndroid\":true,\"indoorEmailAndroid\":true,\"outdoorSmsAndroid\":true,\"indoorSmsAndroid\":true}', 0, '2023-05-03 00:48:12'),
(589, 'app_android_1', '{\"enableAndroidAlarm\":true,\"androidSourceAlarm\":\"sms\",\"androidMode\":\"first_beacon_second_area\",\"smsServerApp\":\"https://sms.phoenyxsrl.com\",\"backEndApp\":\"https://app.phoenyxsrl.com\",\"smsServerIdCustomer\":\"78\",\"smsServerTokenCustomer\":\"da39a3ee5e6b4b0d3255bfef95601890afd8070955e3e3b820b1c97a2c176d285882c625827536ee\",\"customerKey\":\"fc153d5aeeab6563105c5bd38c586b7d\",\"enableKeepAlive\":\"0\",\"keepAlive\":\"300\",\"keepAliveModality\":\"manDown\",\"keepAliveMap\":\"1\",\"batteryCheck\":\"0\",\"batteryLevel\":\"15\",\"outdoorEmailAndroid\":true,\"indoorEmailAndroid\":true,\"outdoorSmsAndroid\":true,\"indoorSmsAndroid\":true}', 0, '2023-06-02 15:04:04'),
(590, 'voice_rss_parameters', '{\"key\":\"a659f978bec54b5db56cef5423427c63\",\"language\":\"it-it\",\"speed\":\"-1\",\"format\":\"8khz_8bit_mono\",\"codecs\":\"WAV\",\"phrase\":\"Premi uno per riascoltare o premi due per confermare la ricezione del messaggio.\"}', 0, '2023-06-02 15:07:00'),
(591, 'voice_rss_parameters', '{\"key\":\"a659f978bec54b5db56cef5423427c63\",\"language\":\"it-it\",\"speed\":\"-1\",\"format\":\"8khz_8bit_mono\",\"codecs\":\"WAV\",\"phrase\":\"Premi uno per riascoltare o premi due per confermare la ricezione del messaggio.\"}', 0, '2023-06-11 17:25:18'),
(592, 'serial', '{\"serialDataArray\":[{\"enableSerialAlarm\":\"1\",\"serialTypeAlarm\":\"fire\",\"serialTypeProtocol\":\"rs232\",\"serialEspa444ModProtocol\":\"\",\"serialRS232EndLine\":\"/r/n\",\"serialRS232Timeout\":\"1000\",\"serialRS232Separator\":\" \",\"serialRS232StartInfo\":\"0\",\"serialRS232EndInfo\":\"-1\",\"serialTcpHost\":\"0.0.0.0\",\"serialTcpPort\":\"501\",\"serialRepetitionTimeCat\":\"\",\"serialPositionCat\":\"\",\"stopOnEndLineSerial\":false,\"heartbeatTimeoutCAT\":\"\"},{\"enableSerialAlarm\":\"0\",\"serialTypeAlarm\":\"fire-cat\",\"serialTypeProtocol\":\"rs232\",\"serialEspa444ModProtocol\":\"\",\"serialRS232EndLine\":\"\",\"serialRS232Timeout\":\"5000\",\"serialRS232Separator\":\"\",\"serialRS232StartInfo\":\"\",\"serialRS232EndInfo\":\"\",\"serialTcpHost\":\"0.0.0.0\",\"serialTcpPort\":\"23\",\"serialRepetitionTimeCat\":\"180000\",\"serialPositionCat\":\"1,2,3,4,5,6,7,8\",\"stopOnEndLineSerial\":false,\"heartbeatTimeoutCAT\":\"90000\"},{\"enableSerialAlarm\":\"0\",\"serialTypeAlarm\":\"nurse\",\"serialTypeProtocol\":\"rs232\",\"serialEspa444ModProtocol\":\"\",\"serialRS232EndLine\":\"\",\"serialRS232Timeout\":\"\",\"serialRS232Separator\":\"\",\"serialRS232StartInfo\":\"\",\"serialRS232EndInfo\":\"\",\"serialTcpHost\":\"\",\"serialTcpPort\":\"\",\"serialRepetitionTimeCat\":\"\",\"serialPositionCat\":\"\",\"stopOnEndLineSerial\":false,\"heartbeatTimeoutCAT\":\"undefined\"},{\"enableSerialAlarm\":\"0\",\"serialTypeAlarm\":\"nurse\",\"serialTypeProtocol\":\"rs232\",\"serialEspa444ModProtocol\":\"\",\"serialRS232EndLine\":\"\",\"serialRS232Timeout\":\"\",\"serialRS232Separator\":\"\",\"serialRS232StartInfo\":\"\",\"serialRS232EndInfo\":\"\",\"serialTcpHost\":\"\",\"serialTcpPort\":\"\",\"serialRepetitionTimeCat\":\"\",\"serialPositionCat\":\"\",\"stopOnEndLineSerial\":false,\"heartbeatTimeoutCAT\":\"undefined\"},{\"enableSerialAlarm\":\"0\",\"serialTypeAlarm\":\"nurse\",\"serialTypeProtocol\":\"rs232\",\"serialEspa444ModProtocol\":\"\",\"serialRS232EndLine\":\"\",\"serialRS232Timeout\":\"\",\"serialRS232Separator\":\"\",\"serialRS232StartInfo\":\"\",\"serialRS232EndInfo\":\"\",\"serialTcpHost\":\"\",\"serialTcpPort\":\"\",\"serialRepetitionTimeCat\":\"\",\"serialPositionCat\":\"\",\"stopOnEndLineSerial\":false,\"heartbeatTimeoutCAT\":\"undefined\"}],\"outdoorEmailSerial\":false,\"indoorEmailSerial\":false,\"outdoorSmsSerial\":false,\"indoorSmsSerial\":false}', 0, '2023-07-20 19:44:22'),
(593, 'serial', '{\"serialDataArray\":[{\"enableSerialAlarm\":\"1\",\"serialTypeAlarm\":\"fire\",\"serialTypeProtocol\":\"rs232\",\"serialEspa444ModProtocol\":\"\",\"serialRS232EndLine\":\"pipppo\",\"serialRS232Timeout\":\"1000\",\"serialRS232Separator\":\" \",\"serialRS232StartInfo\":\"0\",\"serialRS232EndInfo\":\"-1\",\"serialTcpHost\":\"0.0.0.0\",\"serialTcpPort\":\"501\",\"serialRepetitionTimeCat\":\"\",\"serialPositionCat\":\"\",\"stopOnEndLineSerial\":false,\"heartbeatTimeoutCAT\":\"\"},{\"enableSerialAlarm\":\"0\",\"serialTypeAlarm\":\"fire-cat\",\"serialTypeProtocol\":\"rs232\",\"serialEspa444ModProtocol\":\"\",\"serialRS232EndLine\":\"\",\"serialRS232Timeout\":\"5000\",\"serialRS232Separator\":\"\",\"serialRS232StartInfo\":\"\",\"serialRS232EndInfo\":\"\",\"serialTcpHost\":\"0.0.0.0\",\"serialTcpPort\":\"23\",\"serialRepetitionTimeCat\":\"180000\",\"serialPositionCat\":\"1,2,3,4,5,6,7,8\",\"stopOnEndLineSerial\":false,\"heartbeatTimeoutCAT\":\"90000\"},{\"enableSerialAlarm\":\"0\",\"serialTypeAlarm\":\"nurse\",\"serialTypeProtocol\":\"rs232\",\"serialEspa444ModProtocol\":\"\",\"serialRS232EndLine\":\"\",\"serialRS232Timeout\":\"\",\"serialRS232Separator\":\"\",\"serialRS232StartInfo\":\"\",\"serialRS232EndInfo\":\"\",\"serialTcpHost\":\"\",\"serialTcpPort\":\"\",\"serialRepetitionTimeCat\":\"\",\"serialPositionCat\":\"\",\"stopOnEndLineSerial\":false,\"heartbeatTimeoutCAT\":\"undefined\"},{\"enableSerialAlarm\":\"0\",\"serialTypeAlarm\":\"nurse\",\"serialTypeProtocol\":\"rs232\",\"serialEspa444ModProtocol\":\"\",\"serialRS232EndLine\":\"\",\"serialRS232Timeout\":\"\",\"serialRS232Separator\":\"\",\"serialRS232StartInfo\":\"\",\"serialRS232EndInfo\":\"\",\"serialTcpHost\":\"\",\"serialTcpPort\":\"\",\"serialRepetitionTimeCat\":\"\",\"serialPositionCat\":\"\",\"stopOnEndLineSerial\":false,\"heartbeatTimeoutCAT\":\"undefined\"},{\"enableSerialAlarm\":\"0\",\"serialTypeAlarm\":\"nurse\",\"serialTypeProtocol\":\"rs232\",\"serialEspa444ModProtocol\":\"\",\"serialRS232EndLine\":\"\",\"serialRS232Timeout\":\"\",\"serialRS232Separator\":\"\",\"serialRS232StartInfo\":\"\",\"serialRS232EndInfo\":\"\",\"serialTcpHost\":\"\",\"serialTcpPort\":\"\",\"serialRepetitionTimeCat\":\"\",\"serialPositionCat\":\"\",\"stopOnEndLineSerial\":false,\"heartbeatTimeoutCAT\":\"undefined\"}],\"outdoorEmailSerial\":false,\"indoorEmailSerial\":false,\"outdoorSmsSerial\":false,\"indoorSmsSerial\":false}', 0, '2023-07-20 19:49:19'),
(594, 'serial', '{\"serialDataArray\":[{\"enableSerialAlarm\":\"1\",\"serialTypeAlarm\":\"fire\",\"serialTypeProtocol\":\"rs232\",\"serialEspa444ModProtocol\":\"\",\"serialRS232EndLine\":\"pipppo\",\"serialRS232Timeout\":\"1000\",\"serialRS232Separator\":\" \",\"serialRS232StartInfo\":\"0\",\"serialRS232EndInfo\":\"1\",\"serialTcpHost\":\"0.0.0.0\",\"serialTcpPort\":\"501\",\"serialRepetitionTimeCat\":\"\",\"serialPositionCat\":\"\",\"stopOnEndLineSerial\":false,\"heartbeatTimeoutCAT\":\"\"},{\"enableSerialAlarm\":\"0\",\"serialTypeAlarm\":\"fire-cat\",\"serialTypeProtocol\":\"rs232\",\"serialEspa444ModProtocol\":\"\",\"serialRS232EndLine\":\"\",\"serialRS232Timeout\":\"5000\",\"serialRS232Separator\":\"\",\"serialRS232StartInfo\":\"\",\"serialRS232EndInfo\":\"\",\"serialTcpHost\":\"0.0.0.0\",\"serialTcpPort\":\"23\",\"serialRepetitionTimeCat\":\"180000\",\"serialPositionCat\":\"1,2,3,4,5,6,7,8\",\"stopOnEndLineSerial\":false,\"heartbeatTimeoutCAT\":\"90000\"},{\"enableSerialAlarm\":\"0\",\"serialTypeAlarm\":\"nurse\",\"serialTypeProtocol\":\"rs232\",\"serialEspa444ModProtocol\":\"\",\"serialRS232EndLine\":\"\",\"serialRS232Timeout\":\"\",\"serialRS232Separator\":\"\",\"serialRS232StartInfo\":\"\",\"serialRS232EndInfo\":\"\",\"serialTcpHost\":\"\",\"serialTcpPort\":\"\",\"serialRepetitionTimeCat\":\"\",\"serialPositionCat\":\"\",\"stopOnEndLineSerial\":false,\"heartbeatTimeoutCAT\":\"undefined\"},{\"enableSerialAlarm\":\"0\",\"serialTypeAlarm\":\"nurse\",\"serialTypeProtocol\":\"rs232\",\"serialEspa444ModProtocol\":\"\",\"serialRS232EndLine\":\"\",\"serialRS232Timeout\":\"\",\"serialRS232Separator\":\"\",\"serialRS232StartInfo\":\"\",\"serialRS232EndInfo\":\"\",\"serialTcpHost\":\"\",\"serialTcpPort\":\"\",\"serialRepetitionTimeCat\":\"\",\"serialPositionCat\":\"\",\"stopOnEndLineSerial\":false,\"heartbeatTimeoutCAT\":\"undefined\"},{\"enableSerialAlarm\":\"0\",\"serialTypeAlarm\":\"nurse\",\"serialTypeProtocol\":\"rs232\",\"serialEspa444ModProtocol\":\"\",\"serialRS232EndLine\":\"\",\"serialRS232Timeout\":\"\",\"serialRS232Separator\":\"\",\"serialRS232StartInfo\":\"\",\"serialRS232EndInfo\":\"\",\"serialTcpHost\":\"\",\"serialTcpPort\":\"\",\"serialRepetitionTimeCat\":\"\",\"serialPositionCat\":\"\",\"stopOnEndLineSerial\":false,\"heartbeatTimeoutCAT\":\"undefined\"}],\"outdoorEmailSerial\":false,\"indoorEmailSerial\":false,\"outdoorSmsSerial\":false,\"indoorSmsSerial\":false}', 0, '2023-07-20 19:50:55'),
(595, 'serial', '{\"serialDataArray\":[{\"enableSerialAlarm\":\"1\",\"serialTypeAlarm\":\"fire\",\"serialTypeProtocol\":\"rs232\",\"serialEspa444ModProtocol\":\"\",\"serialRS232EndLine\":\"\\r\\n\",\"serialRS232Timeout\":\"1000\",\"serialRS232Separator\":\" \",\"serialRS232StartInfo\":\"0\",\"serialRS232EndInfo\":\"-1\",\"serialTcpHost\":\"0.0.0.0\",\"serialTcpPort\":\"501\",\"serialRepetitionTimeCat\":\"\",\"serialPositionCat\":\"\",\"stopOnEndLineSerial\":false,\"heartbeatTimeoutCAT\":\"\"},{\"enableSerialAlarm\":\"0\",\"serialTypeAlarm\":\"fire-cat\",\"serialTypeProtocol\":\"rs232\",\"serialEspa444ModProtocol\":\"\",\"serialRS232EndLine\":\"\",\"serialRS232Timeout\":\"5000\",\"serialRS232Separator\":\"\",\"serialRS232StartInfo\":\"\",\"serialRS232EndInfo\":\"\",\"serialTcpHost\":\"0.0.0.0\",\"serialTcpPort\":\"23\",\"serialRepetitionTimeCat\":\"180000\",\"serialPositionCat\":\"1,2,3,4,5,6,7,8\",\"stopOnEndLineSerial\":false,\"heartbeatTimeoutCAT\":\"90000\"},{\"enableSerialAlarm\":\"0\",\"serialTypeAlarm\":\"nurse\",\"serialTypeProtocol\":\"rs232\",\"serialEspa444ModProtocol\":\"\",\"serialRS232EndLine\":\"\",\"serialRS232Timeout\":\"\",\"serialRS232Separator\":\"\",\"serialRS232StartInfo\":\"\",\"serialRS232EndInfo\":\"\",\"serialTcpHost\":\"\",\"serialTcpPort\":\"\",\"serialRepetitionTimeCat\":\"\",\"serialPositionCat\":\"\",\"stopOnEndLineSerial\":false,\"heartbeatTimeoutCAT\":\"undefined\"},{\"enableSerialAlarm\":\"0\",\"serialTypeAlarm\":\"nurse\",\"serialTypeProtocol\":\"rs232\",\"serialEspa444ModProtocol\":\"\",\"serialRS232EndLine\":\"\",\"serialRS232Timeout\":\"\",\"serialRS232Separator\":\"\",\"serialRS232StartInfo\":\"\",\"serialRS232EndInfo\":\"\",\"serialTcpHost\":\"\",\"serialTcpPort\":\"\",\"serialRepetitionTimeCat\":\"\",\"serialPositionCat\":\"\",\"stopOnEndLineSerial\":false,\"heartbeatTimeoutCAT\":\"undefined\"},{\"enableSerialAlarm\":\"0\",\"serialTypeAlarm\":\"nurse\",\"serialTypeProtocol\":\"rs232\",\"serialEspa444ModProtocol\":\"\",\"serialRS232EndLine\":\"\",\"serialRS232Timeout\":\"\",\"serialRS232Separator\":\"\",\"serialRS232StartInfo\":\"\",\"serialRS232EndInfo\":\"\",\"serialTcpHost\":\"\",\"serialTcpPort\":\"\",\"serialRepetitionTimeCat\":\"\",\"serialPositionCat\":\"\",\"stopOnEndLineSerial\":false,\"heartbeatTimeoutCAT\":\"undefined\"}],\"outdoorEmailSerial\":false,\"indoorEmailSerial\":false,\"outdoorSmsSerial\":false,\"indoorSmsSerial\":false}', 0, '2023-07-20 19:51:46'),
(596, 'serial', '{\"serialDataArray\":[{\"enableSerialAlarm\":\"1\",\"serialTypeAlarm\":\"fire\",\"serialTypeProtocol\":\"rs232\",\"serialEspa444ModProtocol\":\"\",\"serialRS232EndLine\":\"/r/n\",\"serialRS232Timeout\":\"1000\",\"serialRS232Separator\":\" \",\"serialRS232StartInfo\":\"0\",\"serialRS232EndInfo\":\"-1\",\"serialTcpHost\":\"0.0.0.0\",\"serialTcpPort\":\"501\",\"serialRepetitionTimeCat\":\"\",\"serialPositionCat\":\"\",\"stopOnEndLineSerial\":false,\"heartbeatTimeoutCAT\":\"\"},{\"enableSerialAlarm\":\"0\",\"serialTypeAlarm\":\"fire-cat\",\"serialTypeProtocol\":\"rs232\",\"serialEspa444ModProtocol\":\"\",\"serialRS232EndLine\":\"\",\"serialRS232Timeout\":\"5000\",\"serialRS232Separator\":\"\",\"serialRS232StartInfo\":\"\",\"serialRS232EndInfo\":\"\",\"serialTcpHost\":\"0.0.0.0\",\"serialTcpPort\":\"23\",\"serialRepetitionTimeCat\":\"180000\",\"serialPositionCat\":\"1,2,3,4,5,6,7,8\",\"stopOnEndLineSerial\":false,\"heartbeatTimeoutCAT\":\"90000\"},{\"enableSerialAlarm\":\"0\",\"serialTypeAlarm\":\"nurse\",\"serialTypeProtocol\":\"rs232\",\"serialEspa444ModProtocol\":\"\",\"serialRS232EndLine\":\"\",\"serialRS232Timeout\":\"\",\"serialRS232Separator\":\"\",\"serialRS232StartInfo\":\"\",\"serialRS232EndInfo\":\"\",\"serialTcpHost\":\"\",\"serialTcpPort\":\"\",\"serialRepetitionTimeCat\":\"\",\"serialPositionCat\":\"\",\"stopOnEndLineSerial\":false,\"heartbeatTimeoutCAT\":\"undefined\"},{\"enableSerialAlarm\":\"0\",\"serialTypeAlarm\":\"nurse\",\"serialTypeProtocol\":\"rs232\",\"serialEspa444ModProtocol\":\"\",\"serialRS232EndLine\":\"\",\"serialRS232Timeout\":\"\",\"serialRS232Separator\":\"\",\"serialRS232StartInfo\":\"\",\"serialRS232EndInfo\":\"\",\"serialTcpHost\":\"\",\"serialTcpPort\":\"\",\"serialRepetitionTimeCat\":\"\",\"serialPositionCat\":\"\",\"stopOnEndLineSerial\":false,\"heartbeatTimeoutCAT\":\"undefined\"},{\"enableSerialAlarm\":\"0\",\"serialTypeAlarm\":\"nurse\",\"serialTypeProtocol\":\"rs232\",\"serialEspa444ModProtocol\":\"\",\"serialRS232EndLine\":\"\",\"serialRS232Timeout\":\"\",\"serialRS232Separator\":\"\",\"serialRS232StartInfo\":\"\",\"serialRS232EndInfo\":\"\",\"serialTcpHost\":\"\",\"serialTcpPort\":\"\",\"serialRepetitionTimeCat\":\"\",\"serialPositionCat\":\"\",\"stopOnEndLineSerial\":false,\"heartbeatTimeoutCAT\":\"undefined\"}],\"outdoorEmailSerial\":false,\"indoorEmailSerial\":false,\"outdoorSmsSerial\":false,\"indoorSmsSerial\":false}', 0, '2023-07-21 14:17:52'),
(597, 'serial', '{\"serialDataArray\":[{\"enableSerialAlarm\":\"1\",\"serialTypeAlarm\":\"fire\",\"serialTypeProtocol\":\"rs232\",\"serialEspa444ModProtocol\":\"\",\"serialRS232EndLine\":\"\\r\\n\",\"serialRS232Timeout\":\"1000\",\"serialRS232Separator\":\" \",\"serialRS232StartInfo\":\"0\",\"serialRS232EndInfo\":\"-1\",\"serialTcpHost\":\"0.0.0.0\",\"serialTcpPort\":\"501\",\"serialRepetitionTimeCat\":\"\",\"serialPositionCat\":\"\",\"stopOnEndLineSerial\":false,\"heartbeatTimeoutCAT\":\"\"},{\"enableSerialAlarm\":\"0\",\"serialTypeAlarm\":\"fire-cat\",\"serialTypeProtocol\":\"rs232\",\"serialEspa444ModProtocol\":\"\",\"serialRS232EndLine\":\"\",\"serialRS232Timeout\":\"5000\",\"serialRS232Separator\":\"\",\"serialRS232StartInfo\":\"\",\"serialRS232EndInfo\":\"\",\"serialTcpHost\":\"0.0.0.0\",\"serialTcpPort\":\"23\",\"serialRepetitionTimeCat\":\"180000\",\"serialPositionCat\":\"1,2,3,4,5,6,7,8\",\"stopOnEndLineSerial\":false,\"heartbeatTimeoutCAT\":\"90000\"},{\"enableSerialAlarm\":\"0\",\"serialTypeAlarm\":\"nurse\",\"serialTypeProtocol\":\"rs232\",\"serialEspa444ModProtocol\":\"\",\"serialRS232EndLine\":\"\",\"serialRS232Timeout\":\"\",\"serialRS232Separator\":\"\",\"serialRS232StartInfo\":\"\",\"serialRS232EndInfo\":\"\",\"serialTcpHost\":\"\",\"serialTcpPort\":\"\",\"serialRepetitionTimeCat\":\"\",\"serialPositionCat\":\"\",\"stopOnEndLineSerial\":false,\"heartbeatTimeoutCAT\":\"undefined\"},{\"enableSerialAlarm\":\"0\",\"serialTypeAlarm\":\"nurse\",\"serialTypeProtocol\":\"rs232\",\"serialEspa444ModProtocol\":\"\",\"serialRS232EndLine\":\"\",\"serialRS232Timeout\":\"\",\"serialRS232Separator\":\"\",\"serialRS232StartInfo\":\"\",\"serialRS232EndInfo\":\"\",\"serialTcpHost\":\"\",\"serialTcpPort\":\"\",\"serialRepetitionTimeCat\":\"\",\"serialPositionCat\":\"\",\"stopOnEndLineSerial\":false,\"heartbeatTimeoutCAT\":\"undefined\"},{\"enableSerialAlarm\":\"0\",\"serialTypeAlarm\":\"nurse\",\"serialTypeProtocol\":\"rs232\",\"serialEspa444ModProtocol\":\"\",\"serialRS232EndLine\":\"\",\"serialRS232Timeout\":\"\",\"serialRS232Separator\":\"\",\"serialRS232StartInfo\":\"\",\"serialRS232EndInfo\":\"\",\"serialTcpHost\":\"\",\"serialTcpPort\":\"\",\"serialRepetitionTimeCat\":\"\",\"serialPositionCat\":\"\",\"stopOnEndLineSerial\":false,\"heartbeatTimeoutCAT\":\"undefined\"}],\"outdoorEmailSerial\":false,\"indoorEmailSerial\":false,\"outdoorSmsSerial\":false,\"indoorSmsSerial\":false}', 0, '2023-07-21 14:26:37'),
(598, 'serial', '{\"serialDataArray\":[{\"enableSerialAlarm\":\"1\",\"serialTypeAlarm\":\"fire\",\"serialTypeProtocol\":\"rs232\",\"serialEspa444ModProtocol\":\"\",\"serialRS232EndLine\":\"\\\\r\\\\n\",\"serialRS232Timeout\":\"1000\",\"serialRS232Separator\":\" \",\"serialRS232StartInfo\":\"0\",\"serialRS232EndInfo\":\"-1\",\"serialTcpHost\":\"0.0.0.0\",\"serialTcpPort\":\"501\",\"serialRepetitionTimeCat\":\"\",\"serialPositionCat\":\"\",\"stopOnEndLineSerial\":false,\"heartbeatTimeoutCAT\":\"\"},{\"enableSerialAlarm\":\"0\",\"serialTypeAlarm\":\"fire-cat\",\"serialTypeProtocol\":\"rs232\",\"serialEspa444ModProtocol\":\"\",\"serialRS232EndLine\":\"\",\"serialRS232Timeout\":\"5000\",\"serialRS232Separator\":\"\",\"serialRS232StartInfo\":\"\",\"serialRS232EndInfo\":\"\",\"serialTcpHost\":\"0.0.0.0\",\"serialTcpPort\":\"23\",\"serialRepetitionTimeCat\":\"180000\",\"serialPositionCat\":\"1,2,3,4,5,6,7,8\",\"stopOnEndLineSerial\":false,\"heartbeatTimeoutCAT\":\"90000\"},{\"enableSerialAlarm\":\"0\",\"serialTypeAlarm\":\"nurse\",\"serialTypeProtocol\":\"rs232\",\"serialEspa444ModProtocol\":\"\",\"serialRS232EndLine\":\"\",\"serialRS232Timeout\":\"\",\"serialRS232Separator\":\"\",\"serialRS232StartInfo\":\"\",\"serialRS232EndInfo\":\"\",\"serialTcpHost\":\"\",\"serialTcpPort\":\"\",\"serialRepetitionTimeCat\":\"\",\"serialPositionCat\":\"\",\"stopOnEndLineSerial\":false,\"heartbeatTimeoutCAT\":\"undefined\"},{\"enableSerialAlarm\":\"0\",\"serialTypeAlarm\":\"nurse\",\"serialTypeProtocol\":\"rs232\",\"serialEspa444ModProtocol\":\"\",\"serialRS232EndLine\":\"\",\"serialRS232Timeout\":\"\",\"serialRS232Separator\":\"\",\"serialRS232StartInfo\":\"\",\"serialRS232EndInfo\":\"\",\"serialTcpHost\":\"\",\"serialTcpPort\":\"\",\"serialRepetitionTimeCat\":\"\",\"serialPositionCat\":\"\",\"stopOnEndLineSerial\":false,\"heartbeatTimeoutCAT\":\"undefined\"},{\"enableSerialAlarm\":\"0\",\"serialTypeAlarm\":\"nurse\",\"serialTypeProtocol\":\"rs232\",\"serialEspa444ModProtocol\":\"\",\"serialRS232EndLine\":\"\",\"serialRS232Timeout\":\"\",\"serialRS232Separator\":\"\",\"serialRS232StartInfo\":\"\",\"serialRS232EndInfo\":\"\",\"serialTcpHost\":\"\",\"serialTcpPort\":\"\",\"serialRepetitionTimeCat\":\"\",\"serialPositionCat\":\"\",\"stopOnEndLineSerial\":false,\"heartbeatTimeoutCAT\":\"undefined\"}],\"outdoorEmailSerial\":false,\"indoorEmailSerial\":false,\"outdoorSmsSerial\":false,\"indoorSmsSerial\":false}', 0, '2023-07-21 14:29:20'),
(599, 'serial', '{\"serialDataArray\":[{\"enableSerialAlarm\":\"1\",\"serialTypeAlarm\":\"fire\",\"serialTypeProtocol\":\"rs232\",\"serialEspa444ModProtocol\":\"\",\"serialRS232EndLine\":\"\\r\\n\",\"serialRS232Timeout\":\"1000\",\"serialRS232Separator\":\" \",\"serialRS232StartInfo\":\"0\",\"serialRS232EndInfo\":\"-1\",\"serialTcpHost\":\"0.0.0.0\",\"serialTcpPort\":\"501\",\"serialRepetitionTimeCat\":\"\",\"serialPositionCat\":\"\",\"stopOnEndLineSerial\":false,\"heartbeatTimeoutCAT\":\"\"},{\"enableSerialAlarm\":\"0\",\"serialTypeAlarm\":\"fire-cat\",\"serialTypeProtocol\":\"rs232\",\"serialEspa444ModProtocol\":\"\",\"serialRS232EndLine\":\"\",\"serialRS232Timeout\":\"5000\",\"serialRS232Separator\":\"\",\"serialRS232StartInfo\":\"\",\"serialRS232EndInfo\":\"\",\"serialTcpHost\":\"0.0.0.0\",\"serialTcpPort\":\"23\",\"serialRepetitionTimeCat\":\"180000\",\"serialPositionCat\":\"1,2,3,4,5,6,7,8\",\"stopOnEndLineSerial\":false,\"heartbeatTimeoutCAT\":\"90000\"},{\"enableSerialAlarm\":\"0\",\"serialTypeAlarm\":\"nurse\",\"serialTypeProtocol\":\"rs232\",\"serialEspa444ModProtocol\":\"\",\"serialRS232EndLine\":\"\",\"serialRS232Timeout\":\"\",\"serialRS232Separator\":\"\",\"serialRS232StartInfo\":\"\",\"serialRS232EndInfo\":\"\",\"serialTcpHost\":\"\",\"serialTcpPort\":\"\",\"serialRepetitionTimeCat\":\"\",\"serialPositionCat\":\"\",\"stopOnEndLineSerial\":false,\"heartbeatTimeoutCAT\":\"undefined\"},{\"enableSerialAlarm\":\"0\",\"serialTypeAlarm\":\"nurse\",\"serialTypeProtocol\":\"rs232\",\"serialEspa444ModProtocol\":\"\",\"serialRS232EndLine\":\"\",\"serialRS232Timeout\":\"\",\"serialRS232Separator\":\"\",\"serialRS232StartInfo\":\"\",\"serialRS232EndInfo\":\"\",\"serialTcpHost\":\"\",\"serialTcpPort\":\"\",\"serialRepetitionTimeCat\":\"\",\"serialPositionCat\":\"\",\"stopOnEndLineSerial\":false,\"heartbeatTimeoutCAT\":\"undefined\"},{\"enableSerialAlarm\":\"0\",\"serialTypeAlarm\":\"nurse\",\"serialTypeProtocol\":\"rs232\",\"serialEspa444ModProtocol\":\"\",\"serialRS232EndLine\":\"\",\"serialRS232Timeout\":\"\",\"serialRS232Separator\":\"\",\"serialRS232StartInfo\":\"\",\"serialRS232EndInfo\":\"\",\"serialTcpHost\":\"\",\"serialTcpPort\":\"\",\"serialRepetitionTimeCat\":\"\",\"serialPositionCat\":\"\",\"stopOnEndLineSerial\":false,\"heartbeatTimeoutCAT\":\"undefined\"}],\"outdoorEmailSerial\":false,\"indoorEmailSerial\":false,\"outdoorSmsSerial\":false,\"indoorSmsSerial\":false}', 0, '2023-07-21 14:33:45'),
(600, 'serial', '{\"serialDataArray\":[{\"enableSerialAlarm\":\"1\",\"serialTypeAlarm\":\"fire\",\"serialTypeProtocol\":\"rs232\",\"serialEspa444ModProtocol\":\"\",\"serialRS232EndLine\":\"\\r\\n\",\"serialRS232Timeout\":\"1000\",\"serialRS232Separator\":\" \",\"serialRS232StartInfo\":\"0\",\"serialRS232EndInfo\":\"-1\",\"serialTcpHost\":\"0.0.0.0\",\"serialTcpPort\":\"501\",\"serialRepetitionTimeCat\":\"\",\"serialPositionCat\":\"\",\"stopOnEndLineSerial\":false,\"heartbeatTimeoutCAT\":\"\"},{\"enableSerialAlarm\":\"0\",\"serialTypeAlarm\":\"fire-cat\",\"serialTypeProtocol\":\"rs232\",\"serialEspa444ModProtocol\":\"\",\"serialRS232EndLine\":\"\",\"serialRS232Timeout\":\"5000\",\"serialRS232Separator\":\"\",\"serialRS232StartInfo\":\"\",\"serialRS232EndInfo\":\"\",\"serialTcpHost\":\"0.0.0.0\",\"serialTcpPort\":\"23\",\"serialRepetitionTimeCat\":\"180000\",\"serialPositionCat\":\"1,2,3,4,5,6,7,8\",\"stopOnEndLineSerial\":false,\"heartbeatTimeoutCAT\":\"90000\"},{\"enableSerialAlarm\":\"0\",\"serialTypeAlarm\":\"nurse\",\"serialTypeProtocol\":\"rs232\",\"serialEspa444ModProtocol\":\"\",\"serialRS232EndLine\":\"\",\"serialRS232Timeout\":\"\",\"serialRS232Separator\":\"\",\"serialRS232StartInfo\":\"\",\"serialRS232EndInfo\":\"\",\"serialTcpHost\":\"\",\"serialTcpPort\":\"\",\"serialRepetitionTimeCat\":\"\",\"serialPositionCat\":\"\",\"stopOnEndLineSerial\":false,\"heartbeatTimeoutCAT\":\"undefined\"},{\"enableSerialAlarm\":\"0\",\"serialTypeAlarm\":\"nurse\",\"serialTypeProtocol\":\"rs232\",\"serialEspa444ModProtocol\":\"\",\"serialRS232EndLine\":\"\",\"serialRS232Timeout\":\"\",\"serialRS232Separator\":\"\",\"serialRS232StartInfo\":\"\",\"serialRS232EndInfo\":\"\",\"serialTcpHost\":\"\",\"serialTcpPort\":\"\",\"serialRepetitionTimeCat\":\"\",\"serialPositionCat\":\"\",\"stopOnEndLineSerial\":false,\"heartbeatTimeoutCAT\":\"undefined\"},{\"enableSerialAlarm\":\"0\",\"serialTypeAlarm\":\"nurse\",\"serialTypeProtocol\":\"rs232\",\"serialEspa444ModProtocol\":\"\",\"serialRS232EndLine\":\"\",\"serialRS232Timeout\":\"\",\"serialRS232Separator\":\"\",\"serialRS232StartInfo\":\"\",\"serialRS232EndInfo\":\"\",\"serialTcpHost\":\"\",\"serialTcpPort\":\"\",\"serialRepetitionTimeCat\":\"\",\"serialPositionCat\":\"\",\"stopOnEndLineSerial\":false,\"heartbeatTimeoutCAT\":\"undefined\"}],\"outdoorEmailSerial\":false,\"indoorEmailSerial\":false,\"outdoorSmsSerial\":false,\"indoorSmsSerial\":false}', 0, '2023-07-21 14:34:24'),
(601, 'serial', '{\"serialDataArray\":[{\"enableSerialAlarm\":\"1\",\"serialTypeAlarm\":\"fire\",\"serialTypeProtocol\":\"rs232\",\"serialEspa444ModProtocol\":\"\",\"serialRS232EndLine\":\"\\r\\n\",\"serialRS232Timeout\":\"1000\",\"serialRS232Separator\":\" \",\"serialRS232StartInfo\":\"0\",\"serialRS232EndInfo\":\"-1\",\"serialTcpHost\":\"0.0.0.0\",\"serialTcpPort\":\"501\",\"serialRepetitionTimeCat\":\"\",\"serialPositionCat\":\"\",\"stopOnEndLineSerial\":false,\"heartbeatTimeoutCAT\":\"\"},{\"enableSerialAlarm\":\"0\",\"serialTypeAlarm\":\"fire-cat\",\"serialTypeProtocol\":\"rs232\",\"serialEspa444ModProtocol\":\"\",\"serialRS232EndLine\":\"\",\"serialRS232Timeout\":\"5000\",\"serialRS232Separator\":\"\",\"serialRS232StartInfo\":\"\",\"serialRS232EndInfo\":\"\",\"serialTcpHost\":\"0.0.0.0\",\"serialTcpPort\":\"23\",\"serialRepetitionTimeCat\":\"180000\",\"serialPositionCat\":\"1,2,3,4,5,6,7,8\",\"stopOnEndLineSerial\":false,\"heartbeatTimeoutCAT\":\"90000\"},{\"enableSerialAlarm\":\"0\",\"serialTypeAlarm\":\"nurse\",\"serialTypeProtocol\":\"rs232\",\"serialEspa444ModProtocol\":\"\",\"serialRS232EndLine\":\"\",\"serialRS232Timeout\":\"\",\"serialRS232Separator\":\"\",\"serialRS232StartInfo\":\"\",\"serialRS232EndInfo\":\"\",\"serialTcpHost\":\"\",\"serialTcpPort\":\"\",\"serialRepetitionTimeCat\":\"\",\"serialPositionCat\":\"\",\"stopOnEndLineSerial\":false,\"heartbeatTimeoutCAT\":\"undefined\"},{\"enableSerialAlarm\":\"0\",\"serialTypeAlarm\":\"nurse\",\"serialTypeProtocol\":\"rs232\",\"serialEspa444ModProtocol\":\"\",\"serialRS232EndLine\":\"\",\"serialRS232Timeout\":\"\",\"serialRS232Separator\":\"\",\"serialRS232StartInfo\":\"\",\"serialRS232EndInfo\":\"\",\"serialTcpHost\":\"\",\"serialTcpPort\":\"\",\"serialRepetitionTimeCat\":\"\",\"serialPositionCat\":\"\",\"stopOnEndLineSerial\":false,\"heartbeatTimeoutCAT\":\"undefined\"},{\"enableSerialAlarm\":\"0\",\"serialTypeAlarm\":\"nurse\",\"serialTypeProtocol\":\"rs232\",\"serialEspa444ModProtocol\":\"\",\"serialRS232EndLine\":\"\",\"serialRS232Timeout\":\"\",\"serialRS232Separator\":\"\",\"serialRS232StartInfo\":\"\",\"serialRS232EndInfo\":\"\",\"serialTcpHost\":\"\",\"serialTcpPort\":\"\",\"serialRepetitionTimeCat\":\"\",\"serialPositionCat\":\"\",\"stopOnEndLineSerial\":false,\"heartbeatTimeoutCAT\":\"undefined\"}],\"outdoorEmailSerial\":false,\"indoorEmailSerial\":false,\"outdoorSmsSerial\":false,\"indoorSmsSerial\":false}', 0, '2023-07-21 14:34:57'),
(602, 'serial', '{\"serialDataArray\":[{\"enableSerialAlarm\":\"1\",\"serialTypeAlarm\":\"fire\",\"serialTypeProtocol\":\"rs232\",\"serialEspa444ModProtocol\":\"\",\"serialRS232EndLine\":\"\",\"serialRS232Timeout\":\"1000\",\"serialRS232Separator\":\" \",\"serialRS232StartInfo\":\"0\",\"serialRS232EndInfo\":\"-1\",\"serialTcpHost\":\"127.0.0.1\",\"serialTcpPort\":\"8999\",\"serialRepetitionTimeCat\":\"\",\"serialPositionCat\":\"\",\"stopOnEndLineSerial\":false,\"heartbeatTimeoutCAT\":\"\"},{\"enableSerialAlarm\":\"0\",\"serialTypeAlarm\":\"nurse\",\"serialTypeProtocol\":\"rs232\",\"serialEspa444ModProtocol\":\"\",\"serialRS232EndLine\":\"\",\"serialRS232Timeout\":\"\",\"serialRS232Separator\":\"\",\"serialRS232StartInfo\":\"\",\"serialRS232EndInfo\":\"\",\"serialTcpHost\":\"\",\"serialTcpPort\":\"\",\"serialRepetitionTimeCat\":\"\",\"serialPositionCat\":\"\",\"stopOnEndLineSerial\":false,\"heartbeatTimeoutCAT\":\"\"},{\"enableSerialAlarm\":\"0\",\"serialTypeAlarm\":\"nurse\",\"serialTypeProtocol\":\"rs232\",\"serialEspa444ModProtocol\":\"\",\"serialRS232EndLine\":\"\",\"serialRS232Timeout\":\"\",\"serialRS232Separator\":\"\",\"serialRS232StartInfo\":\"\",\"serialRS232EndInfo\":\"\",\"serialTcpHost\":\"\",\"serialTcpPort\":\"\",\"serialRepetitionTimeCat\":\"\",\"serialPositionCat\":\"\",\"stopOnEndLineSerial\":false,\"heartbeatTimeoutCAT\":\"\"},{\"enableSerialAlarm\":\"0\",\"serialTypeAlarm\":\"nurse\",\"serialTypeProtocol\":\"rs232\",\"serialEspa444ModProtocol\":\"\",\"serialRS232EndLine\":\"\",\"serialRS232Timeout\":\"\",\"serialRS232Separator\":\"\",\"serialRS232StartInfo\":\"\",\"serialRS232EndInfo\":\"\",\"serialTcpHost\":\"\",\"serialTcpPort\":\"\",\"serialRepetitionTimeCat\":\"\",\"serialPositionCat\":\"\",\"stopOnEndLineSerial\":false,\"heartbeatTimeoutCAT\":\"\"},{\"enableSerialAlarm\":\"0\",\"serialTypeAlarm\":\"nurse\",\"serialTypeProtocol\":\"rs232\",\"serialEspa444ModProtocol\":\"\",\"serialRS232EndLine\":\"\",\"serialRS232Timeout\":\"\",\"serialRS232Separator\":\"\",\"serialRS232StartInfo\":\"\",\"serialRS232EndInfo\":\"\",\"serialTcpHost\":\"\",\"serialTcpPort\":\"\",\"serialRepetitionTimeCat\":\"\",\"serialPositionCat\":\"\",\"stopOnEndLineSerial\":false,\"heartbeatTimeoutCAT\":\"\"}],\"outdoorEmailSerial\":false,\"indoorEmailSerial\":false,\"outdoorSmsSerial\":false,\"indoorSmsSerial\":false}', 0, '2023-07-21 14:37:02'),
(603, 'serial', '{\"serialDataArray\":[{\"enableSerialAlarm\":\"1\",\"serialTypeAlarm\":\"fire\",\"serialTypeProtocol\":\"rs232\",\"serialEspa444ModProtocol\":\"\",\"serialRS232EndLine\":\"\\\\r\\\\n\",\"serialRS232Timeout\":\"1000\",\"serialRS232Separator\":\" \",\"serialRS232StartInfo\":\"0\",\"serialRS232EndInfo\":\"-1\",\"serialTcpHost\":\"127.0.0.1\",\"serialTcpPort\":\"8999\",\"serialRepetitionTimeCat\":\"\",\"serialPositionCat\":\"\",\"stopOnEndLineSerial\":false,\"heartbeatTimeoutCAT\":\"\"},{\"enableSerialAlarm\":\"0\",\"serialTypeAlarm\":\"nurse\",\"serialTypeProtocol\":\"rs232\",\"serialEspa444ModProtocol\":\"\",\"serialRS232EndLine\":\"\",\"serialRS232Timeout\":\"\",\"serialRS232Separator\":\"\",\"serialRS232StartInfo\":\"\",\"serialRS232EndInfo\":\"\",\"serialTcpHost\":\"\",\"serialTcpPort\":\"\",\"serialRepetitionTimeCat\":\"\",\"serialPositionCat\":\"\",\"stopOnEndLineSerial\":false,\"heartbeatTimeoutCAT\":\"\"},{\"enableSerialAlarm\":\"0\",\"serialTypeAlarm\":\"nurse\",\"serialTypeProtocol\":\"rs232\",\"serialEspa444ModProtocol\":\"\",\"serialRS232EndLine\":\"\",\"serialRS232Timeout\":\"\",\"serialRS232Separator\":\"\",\"serialRS232StartInfo\":\"\",\"serialRS232EndInfo\":\"\",\"serialTcpHost\":\"\",\"serialTcpPort\":\"\",\"serialRepetitionTimeCat\":\"\",\"serialPositionCat\":\"\",\"stopOnEndLineSerial\":false,\"heartbeatTimeoutCAT\":\"\"},{\"enableSerialAlarm\":\"0\",\"serialTypeAlarm\":\"nurse\",\"serialTypeProtocol\":\"rs232\",\"serialEspa444ModProtocol\":\"\",\"serialRS232EndLine\":\"\",\"serialRS232Timeout\":\"\",\"serialRS232Separator\":\"\",\"serialRS232StartInfo\":\"\",\"serialRS232EndInfo\":\"\",\"serialTcpHost\":\"\",\"serialTcpPort\":\"\",\"serialRepetitionTimeCat\":\"\",\"serialPositionCat\":\"\",\"stopOnEndLineSerial\":false,\"heartbeatTimeoutCAT\":\"\"},{\"enableSerialAlarm\":\"0\",\"serialTypeAlarm\":\"nurse\",\"serialTypeProtocol\":\"rs232\",\"serialEspa444ModProtocol\":\"\",\"serialRS232EndLine\":\"\",\"serialRS232Timeout\":\"\",\"serialRS232Separator\":\"\",\"serialRS232StartInfo\":\"\",\"serialRS232EndInfo\":\"\",\"serialTcpHost\":\"\",\"serialTcpPort\":\"\",\"serialRepetitionTimeCat\":\"\",\"serialPositionCat\":\"\",\"stopOnEndLineSerial\":false,\"heartbeatTimeoutCAT\":\"\"}],\"outdoorEmailSerial\":false,\"indoorEmailSerial\":false,\"outdoorSmsSerial\":false,\"indoorSmsSerial\":false}', 0, '2023-07-21 14:39:06'),
(604, 'serial', '{\"serialDataArray\":[{\"enableSerialAlarm\":\"1\",\"serialTypeAlarm\":\"fire\",\"serialTypeProtocol\":\"rs232\",\"serialEspa444ModProtocol\":\"\",\"serialRS232EndLine\":\"\\\\r\\\\n\",\"serialRS232Timeout\":\"1000\",\"serialRS232Separator\":\" \",\"serialRS232StartInfo\":\"0\",\"serialRS232EndInfo\":\"-1\",\"serialTcpHost\":\"127.0.0.1\",\"serialTcpPort\":\"8999\",\"serialRepetitionTimeCat\":\"\",\"serialPositionCat\":\"\",\"stopOnEndLineSerial\":false,\"heartbeatTimeoutCAT\":\"\"},{\"enableSerialAlarm\":\"0\",\"serialTypeAlarm\":\"nurse\",\"serialTypeProtocol\":\"rs232\",\"serialEspa444ModProtocol\":\"\",\"serialRS232EndLine\":\"\",\"serialRS232Timeout\":\"\",\"serialRS232Separator\":\"\",\"serialRS232StartInfo\":\"\",\"serialRS232EndInfo\":\"\",\"serialTcpHost\":\"\",\"serialTcpPort\":\"\",\"serialRepetitionTimeCat\":\"\",\"serialPositionCat\":\"\",\"stopOnEndLineSerial\":false,\"heartbeatTimeoutCAT\":\"\"},{\"enableSerialAlarm\":\"0\",\"serialTypeAlarm\":\"nurse\",\"serialTypeProtocol\":\"rs232\",\"serialEspa444ModProtocol\":\"\",\"serialRS232EndLine\":\"\",\"serialRS232Timeout\":\"\",\"serialRS232Separator\":\"\",\"serialRS232StartInfo\":\"\",\"serialRS232EndInfo\":\"\",\"serialTcpHost\":\"\",\"serialTcpPort\":\"\",\"serialRepetitionTimeCat\":\"\",\"serialPositionCat\":\"\",\"stopOnEndLineSerial\":false,\"heartbeatTimeoutCAT\":\"\"},{\"enableSerialAlarm\":\"0\",\"serialTypeAlarm\":\"nurse\",\"serialTypeProtocol\":\"rs232\",\"serialEspa444ModProtocol\":\"\",\"serialRS232EndLine\":\"\",\"serialRS232Timeout\":\"\",\"serialRS232Separator\":\"\",\"serialRS232StartInfo\":\"\",\"serialRS232EndInfo\":\"\",\"serialTcpHost\":\"\",\"serialTcpPort\":\"\",\"serialRepetitionTimeCat\":\"\",\"serialPositionCat\":\"\",\"stopOnEndLineSerial\":false,\"heartbeatTimeoutCAT\":\"\"},{\"enableSerialAlarm\":\"0\",\"serialTypeAlarm\":\"nurse\",\"serialTypeProtocol\":\"rs232\",\"serialEspa444ModProtocol\":\"\",\"serialRS232EndLine\":\"\",\"serialRS232Timeout\":\"\",\"serialRS232Separator\":\"\",\"serialRS232StartInfo\":\"\",\"serialRS232EndInfo\":\"\",\"serialTcpHost\":\"\",\"serialTcpPort\":\"\",\"serialRepetitionTimeCat\":\"\",\"serialPositionCat\":\"\",\"stopOnEndLineSerial\":false,\"heartbeatTimeoutCAT\":\"\"}],\"outdoorEmailSerial\":false,\"indoorEmailSerial\":false,\"outdoorSmsSerial\":false,\"indoorSmsSerial\":false}', 0, '2023-07-21 14:41:27'),
(605, 'serial', '{\"serialDataArray\":[{\"enableSerialAlarm\":\"1\",\"serialTypeAlarm\":\"fire\",\"serialTypeProtocol\":\"rs232\",\"serialEspa444ModProtocol\":\"\",\"serialRS232EndLine\":\"\\\\r\\\\n\",\"serialRS232Timeout\":\"1000\",\"serialRS232Separator\":\" \",\"serialRS232StartInfo\":\"0\",\"serialRS232EndInfo\":\"-1\",\"serialTcpHost\":\"127.0.0.1\",\"serialTcpPort\":\"8999\",\"serialRepetitionTimeCat\":\"\",\"serialPositionCat\":\"\",\"stopOnEndLineSerial\":false,\"heartbeatTimeoutCAT\":\"\"},{\"enableSerialAlarm\":\"0\",\"serialTypeAlarm\":\"nurse\",\"serialTypeProtocol\":\"rs232\",\"serialEspa444ModProtocol\":\"\",\"serialRS232EndLine\":\"\",\"serialRS232Timeout\":\"\",\"serialRS232Separator\":\"\",\"serialRS232StartInfo\":\"\",\"serialRS232EndInfo\":\"\",\"serialTcpHost\":\"\",\"serialTcpPort\":\"\",\"serialRepetitionTimeCat\":\"\",\"serialPositionCat\":\"\",\"stopOnEndLineSerial\":false,\"heartbeatTimeoutCAT\":\"\"},{\"enableSerialAlarm\":\"0\",\"serialTypeAlarm\":\"nurse\",\"serialTypeProtocol\":\"rs232\",\"serialEspa444ModProtocol\":\"\",\"serialRS232EndLine\":\"\",\"serialRS232Timeout\":\"\",\"serialRS232Separator\":\"\",\"serialRS232StartInfo\":\"\",\"serialRS232EndInfo\":\"\",\"serialTcpHost\":\"\",\"serialTcpPort\":\"\",\"serialRepetitionTimeCat\":\"\",\"serialPositionCat\":\"\",\"stopOnEndLineSerial\":false,\"heartbeatTimeoutCAT\":\"\"},{\"enableSerialAlarm\":\"0\",\"serialTypeAlarm\":\"nurse\",\"serialTypeProtocol\":\"rs232\",\"serialEspa444ModProtocol\":\"\",\"serialRS232EndLine\":\"\",\"serialRS232Timeout\":\"\",\"serialRS232Separator\":\"\",\"serialRS232StartInfo\":\"\",\"serialRS232EndInfo\":\"\",\"serialTcpHost\":\"\",\"serialTcpPort\":\"\",\"serialRepetitionTimeCat\":\"\",\"serialPositionCat\":\"\",\"stopOnEndLineSerial\":false,\"heartbeatTimeoutCAT\":\"\"},{\"enableSerialAlarm\":\"0\",\"serialTypeAlarm\":\"nurse\",\"serialTypeProtocol\":\"rs232\",\"serialEspa444ModProtocol\":\"\",\"serialRS232EndLine\":\"\",\"serialRS232Timeout\":\"\",\"serialRS232Separator\":\"\",\"serialRS232StartInfo\":\"\",\"serialRS232EndInfo\":\"\",\"serialTcpHost\":\"\",\"serialTcpPort\":\"\",\"serialRepetitionTimeCat\":\"\",\"serialPositionCat\":\"\",\"stopOnEndLineSerial\":false,\"heartbeatTimeoutCAT\":\"\"}],\"outdoorEmailSerial\":false,\"indoorEmailSerial\":false,\"outdoorSmsSerial\":false,\"indoorSmsSerial\":false}', 0, '2023-07-21 14:44:02'),
(606, 'moxa', '{\"moxaContactDataArray\":[{\"enableMoxa\":\"1\",\"protocolMoxa\":\"http\",\"moxaHost\":\"192.168.1.101\",\"moxaPort\":\"80\",\"moxaDelayAlarm\":\"0\",\"moxaPath\":\"/api/slot/0/io/di\",\"moxaHeader\":\"vdn.dac.v1\"},{\"enableMoxa\":\"0\",\"protocolMoxa\":\"http\",\"moxaHost\":\"127.0.0.6\",\"moxaPort\":\"8080\",\"moxaDelayAlarm\":\"0\",\"moxaPath\":\"/api/slot/0/io/di\",\"moxaHeader\":\"vdn.dac.v1\"},{\"enableMoxa\":\"0\",\"protocolMoxa\":\"\",\"moxaHost\":\"\",\"moxaPort\":\"\",\"moxaDelayAlarm\":\"0\",\"moxaPath\":\"\",\"moxaHeader\":\"\"},{\"enableMoxa\":\"0\",\"protocolMoxa\":\"\",\"moxaHost\":\"\",\"moxaPort\":\"\",\"moxaDelayAlarm\":\"0\",\"moxaPath\":\"\",\"moxaHeader\":\"\"},{\"enableMoxa\":\"0\",\"protocolMoxa\":\"\",\"moxaHost\":\"\",\"moxaPort\":\"\",\"moxaDelayAlarm\":\"0\",\"moxaPath\":\"\",\"moxaHeader\":\"\"},{\"enableMoxa\":\"0\",\"protocolMoxa\":\"\",\"moxaHost\":\"\",\"moxaPort\":\"\",\"moxaDelayAlarm\":\"0\",\"moxaPath\":\"\",\"moxaHeader\":\"\"},{\"enableMoxa\":\"0\",\"protocolMoxa\":\"\",\"moxaHost\":\"\",\"moxaPort\":\"\",\"moxaDelayAlarm\":\"0\",\"moxaPath\":\"\",\"moxaHeader\":\"\"},{\"enableMoxa\":\"0\",\"protocolMoxa\":\"\",\"moxaHost\":\"\",\"moxaPort\":\"\",\"moxaDelayAlarm\":\"0\",\"moxaPath\":\"\",\"moxaHeader\":\"\"},{\"enableMoxa\":\"0\",\"protocolMoxa\":\"\",\"moxaHost\":\"\",\"moxaPort\":\"\",\"moxaDelayAlarm\":\"0\",\"moxaPath\":\"\",\"moxaHeader\":\"\"},{\"enableMoxa\":\"0\",\"protocolMoxa\":\"\",\"moxaHost\":\"\",\"moxaPort\":\"\",\"moxaDelayAlarm\":\"0\",\"moxaPath\":\"\",\"moxaHeader\":\"\"},{\"enableMoxa\":\"0\",\"protocolMoxa\":\"\",\"moxaHost\":\"\",\"moxaPort\":\"\",\"moxaDelayAlarm\":\"0\",\"moxaPath\":\"\",\"moxaHeader\":\"\"},{\"enableMoxa\":\"0\",\"protocolMoxa\":\"\",\"moxaHost\":\"\",\"moxaPort\":\"\",\"moxaDelayAlarm\":\"0\",\"moxaPath\":\"\",\"moxaHeader\":\"\"},{\"enableMoxa\":\"0\",\"protocolMoxa\":\"\",\"moxaHost\":\"\",\"moxaPort\":\"\",\"moxaDelayAlarm\":\"0\",\"moxaPath\":\"\",\"moxaHeader\":\"\"},{\"enableMoxa\":\"0\",\"protocolMoxa\":\"\",\"moxaHost\":\"\",\"moxaPort\":\"\",\"moxaDelayAlarm\":\"0\",\"moxaPath\":\"\",\"moxaHeader\":\"\"},{\"enableMoxa\":\"0\",\"protocolMoxa\":\"\",\"moxaHost\":\"\",\"moxaPort\":\"\",\"moxaDelayAlarm\":\"0\",\"moxaPath\":\"\",\"moxaHeader\":\"\"},{\"enableMoxa\":\"0\",\"protocolMoxa\":\"\",\"moxaHost\":\"\",\"moxaPort\":\"\",\"moxaDelayAlarm\":\"0\",\"moxaPath\":\"\",\"moxaHeader\":\"\"},{\"enableMoxa\":\"0\",\"protocolMoxa\":\"\",\"moxaHost\":\"\",\"moxaPort\":\"\",\"moxaDelayAlarm\":\"0\",\"moxaPath\":\"\",\"moxaHeader\":\"\"},{\"enableMoxa\":\"0\",\"protocolMoxa\":\"\",\"moxaHost\":\"\",\"moxaPort\":\"\",\"moxaDelayAlarm\":\"0\",\"moxaPath\":\"\",\"moxaHeader\":\"\"},{\"enableMoxa\":\"0\",\"protocolMoxa\":\"\",\"moxaHost\":\"\",\"moxaPort\":\"\",\"moxaDelayAlarm\":\"0\",\"moxaPath\":\"\",\"moxaHeader\":\"\"},{\"enableMoxa\":\"0\",\"protocolMoxa\":\"\",\"moxaHost\":\"\",\"moxaPort\":\"\",\"moxaDelayAlarm\":\"0\",\"moxaPath\":\"\",\"moxaHeader\":\"\"},{\"enableMoxa\":\"0\",\"protocolMoxa\":\"\",\"moxaHost\":\"\",\"moxaPort\":\"\",\"moxaDelayAlarm\":\"0\",\"moxaPath\":\"\",\"moxaHeader\":\"\"},{\"enableMoxa\":\"0\",\"protocolMoxa\":\"\",\"moxaHost\":\"\",\"moxaPort\":\"\",\"moxaDelayAlarm\":\"0\",\"moxaPath\":\"\",\"moxaHeader\":\"\"}],\"outdoorEmailMoxa\":false,\"indoorEmailMoxa\":false,\"outdoorSmsMoxa\":false,\"indoorSmsMoxa\":false}', 0, '2023-10-23 19:25:40'),
(607, 'voice_rss_parameters', '{\"key\":\"a659f978bec54b5db56cef5423427c63\",\"language\":\"it-it\",\"speed\":\"-1\",\"format\":\"8khz_8bit_mono\",\"codecs\":\"WAV\",\"phrase\":\"Premi uno per riascoltare o premi due per confermare la ricezione del messaggio.\"}', 0, '2023-10-23 19:34:27'),
(608, 'app_android_1', '{\"enableAndroidAlarm\":false,\"androidSourceAlarm\":\"sms\",\"androidMode\":\"first_beacon_second_area\",\"smsServerApp\":null,\"backEndApp\":null,\"smsServerIdCustomer\":\"78\",\"smsServerTokenCustomer\":\"da39a3ee5e6b4b0d3255bfef95601890afd8070955e3e3b820b1c97a2c176d285882c625827536ee\",\"customerKey\":\"fc153d5aeeab6563105c5bd38c586b7d\",\"enableKeepAlive\":\"0\",\"keepAlive\":\"300\",\"keepAliveModality\":\"manDown\",\"keepAliveMap\":\"1\",\"batteryCheck\":\"0\",\"batteryLevel\":\"15\",\"outdoorEmailAndroid\":true,\"indoorEmailAndroid\":true,\"outdoorSmsAndroid\":true,\"indoorSmsAndroid\":true}', 0, '2023-10-23 19:38:41'),
(609, 'app_android_1', '{\"enableAndroidAlarm\":true,\"androidSourceAlarm\":\"sms\",\"androidMode\":\"first_beacon_second_area\",\"smsServerApp\":\"https://sms.phoenyxsrl.com\",\"backEndApp\":\"https://app.phoenyxsrl.com\",\"smsServerIdCustomer\":\"78\",\"smsServerTokenCustomer\":\"da39a3ee5e6b4b0d3255bfef95601890afd8070955e3e3b820b1c97a2c176d285882c625827536ee\",\"customerKey\":\"fc153d5aeeab6563105c5bd38c586b7d\",\"enableKeepAlive\":\"0\",\"keepAlive\":\"300\",\"keepAliveModality\":\"manDown\",\"keepAliveMap\":\"1\",\"batteryCheck\":\"0\",\"batteryLevel\":\"15\",\"outdoorEmailAndroid\":true,\"indoorEmailAndroid\":true,\"outdoorSmsAndroid\":true,\"indoorSmsAndroid\":true}', 0, '2023-11-06 14:20:50'),
(610, 'voice_rss_parameters', '{\"key\":\"a659f978bec54b5db56cef5423427c63\",\"language\":\"it-it\",\"speed\":\"-1\",\"format\":\"8khz_8bit_mono\",\"codecs\":\"WAV\",\"phrase\":\"Premi uno per riascoltare o premi due per confermare la ricezione del messaggio.\"}', 0, '2023-11-07 13:24:07'),
(611, 'custom_button_1', '{\"enableCustomButton\":true}', 0, '2023-11-07 15:02:23'),
(612, 'voice_rss_parameters', '{\"key\":\"a659f978bec54b5db56cef5423427c63\",\"language\":\"it-it\",\"speed\":\"-1\",\"format\":\"8khz_8bit_mono\",\"codecs\":\"WAV\",\"phrase\":\"Premi uno per riascoltare o premi due per confermare la ricezione del messaggio.\"}', 0, '2023-11-18 20:30:40'),
(613, 'voice_rss_parameters', '{\"key\":\"a659f978bec54b5db56cef5423427c63\",\"language\":\"it-it\",\"speed\":\"-1\",\"format\":\"8khz_8bit_mono\",\"codecs\":\"WAV\",\"phrase\":\"Premi uno per riascoltare o premi due per confermare la ricezione del messaggio.\"}', 0, '2023-11-18 20:49:03'),
(614, 'serial', '{\"serialDataArray\":[{\"enableSerialAlarm\":\"1\",\"serialTypeAlarm\":\"nurse\",\"serialTypeProtocol\":\"espa444\",\"serialEspa444ModProtocol\":\"4\",\"serialRS232EndLine\":\"\\\\r\\\\n\",\"serialRS232Timeout\":\"1000\",\"serialRS232Separator\":\" \",\"serialRS232StartInfo\":\"0\",\"serialRS232EndInfo\":\"-1\",\"serialTcpHost\":\"127.0.0.1\",\"serialTcpPort\":\"8999\",\"serialRepetitionTimeCat\":\"\",\"serialPositionCat\":\"\",\"stopOnEndLineSerial\":false,\"heartbeatTimeoutCAT\":\"\"},{\"enableSerialAlarm\":\"0\",\"serialTypeAlarm\":\"nurse\",\"serialTypeProtocol\":\"rs232\",\"serialEspa444ModProtocol\":\"\",\"serialRS232EndLine\":\"\",\"serialRS232Timeout\":\"\",\"serialRS232Separator\":\"\",\"serialRS232StartInfo\":\"\",\"serialRS232EndInfo\":\"\",\"serialTcpHost\":\"\",\"serialTcpPort\":\"\",\"serialRepetitionTimeCat\":\"\",\"serialPositionCat\":\"\",\"stopOnEndLineSerial\":false,\"heartbeatTimeoutCAT\":\"\"},{\"enableSerialAlarm\":\"0\",\"serialTypeAlarm\":\"nurse\",\"serialTypeProtocol\":\"rs232\",\"serialEspa444ModProtocol\":\"\",\"serialRS232EndLine\":\"\",\"serialRS232Timeout\":\"\",\"serialRS232Separator\":\"\",\"serialRS232StartInfo\":\"\",\"serialRS232EndInfo\":\"\",\"serialTcpHost\":\"\",\"serialTcpPort\":\"\",\"serialRepetitionTimeCat\":\"\",\"serialPositionCat\":\"\",\"stopOnEndLineSerial\":false,\"heartbeatTimeoutCAT\":\"\"},{\"enableSerialAlarm\":\"0\",\"serialTypeAlarm\":\"nurse\",\"serialTypeProtocol\":\"rs232\",\"serialEspa444ModProtocol\":\"\",\"serialRS232EndLine\":\"\",\"serialRS232Timeout\":\"\",\"serialRS232Separator\":\"\",\"serialRS232StartInfo\":\"\",\"serialRS232EndInfo\":\"\",\"serialTcpHost\":\"\",\"serialTcpPort\":\"\",\"serialRepetitionTimeCat\":\"\",\"serialPositionCat\":\"\",\"stopOnEndLineSerial\":false,\"heartbeatTimeoutCAT\":\"\"},{\"enableSerialAlarm\":\"0\",\"serialTypeAlarm\":\"nurse\",\"serialTypeProtocol\":\"rs232\",\"serialEspa444ModProtocol\":\"\",\"serialRS232EndLine\":\"\",\"serialRS232Timeout\":\"\",\"serialRS232Separator\":\"\",\"serialRS232StartInfo\":\"\",\"serialRS232EndInfo\":\"\",\"serialTcpHost\":\"\",\"serialTcpPort\":\"\",\"serialRepetitionTimeCat\":\"\",\"serialPositionCat\":\"\",\"stopOnEndLineSerial\":false,\"heartbeatTimeoutCAT\":\"\"}],\"outdoorEmailSerial\":false,\"indoorEmailSerial\":false,\"outdoorSmsSerial\":false,\"indoorSmsSerial\":false}', 0, '2023-12-07 22:20:59'),
(615, 'api_1', '{\"enableAPI\":true,\"urlAPI\":\"192.168.0.1\",\"timingAPI\":\"1000\"}', 0, '2023-12-14 13:06:06'),
(616, 'api_1', '{\"enableAPI\":false,\"urlAPI\":\"192.168.0.1\",\"timingAPI\":\"1000\"}', 0, '2023-12-14 14:40:14'),
(617, 'health_care_1', '{\"enableHealthCare\":false}', 1, '2023-12-15 10:30:19'),
(618, 'custom_button_1', '{\"enableCustomButton\":false}', 1, '2023-12-15 10:30:21');
INSERT INTO `configurations` (`id`, `name_key`, `value`, `active`, `insert_time`) VALUES
(619, 'app_android_1', '{\"enableAndroidAlarm\":false,\"androidSourceAlarm\":\"sms\",\"androidMode\":\"first_beacon_second_area\",\"smsServerApp\":null,\"backEndApp\":null,\"smsServerIdCustomer\":\"78\",\"smsServerTokenCustomer\":\"da39a3ee5e6b4b0d3255bfef95601890afd8070955e3e3b820b1c97a2c176d285882c625827536ee\",\"customerKey\":\"fc153d5aeeab6563105c5bd38c586b7d\",\"enableKeepAlive\":\"0\",\"keepAlive\":\"300\",\"keepAliveModality\":\"manDown\",\"keepAliveMap\":\"1\",\"batteryCheck\":\"0\",\"batteryLevel\":\"15\",\"outdoorEmailAndroid\":true,\"indoorEmailAndroid\":true,\"outdoorSmsAndroid\":true,\"indoorSmsAndroid\":true}', 0, '2023-12-15 10:31:14'),
(620, 'serial', '{\"serialDataArray\":[{\"enableSerialAlarm\":\"0\",\"serialTypeAlarm\":\"nurse\",\"serialTypeProtocol\":\"espa444\",\"serialEspa444ModProtocol\":\"4\",\"serialRS232EndLine\":\"\\\\r\\\\n\",\"serialRS232Timeout\":\"1000\",\"serialRS232Separator\":\"###\",\"serialRS232StartInfo\":\"0\",\"serialRS232EndInfo\":\"-1\",\"serialTcpHost\":\"127.0.0.1\",\"serialTcpPort\":\"8999\",\"serialRepetitionTimeCat\":\"\",\"serialPositionCat\":\"\",\"stopOnEndLineSerial\":false,\"heartbeatTimeoutCAT\":\"\"},{\"enableSerialAlarm\":\"0\",\"serialTypeAlarm\":\"nurse\",\"serialTypeProtocol\":\"rs232\",\"serialEspa444ModProtocol\":\"\",\"serialRS232EndLine\":\"\",\"serialRS232Timeout\":\"\",\"serialRS232Separator\":\"\",\"serialRS232StartInfo\":\"\",\"serialRS232EndInfo\":\"\",\"serialTcpHost\":\"\",\"serialTcpPort\":\"\",\"serialRepetitionTimeCat\":\"\",\"serialPositionCat\":\"\",\"stopOnEndLineSerial\":false,\"heartbeatTimeoutCAT\":\"\"},{\"enableSerialAlarm\":\"0\",\"serialTypeAlarm\":\"nurse\",\"serialTypeProtocol\":\"rs232\",\"serialEspa444ModProtocol\":\"\",\"serialRS232EndLine\":\"\",\"serialRS232Timeout\":\"\",\"serialRS232Separator\":\"\",\"serialRS232StartInfo\":\"\",\"serialRS232EndInfo\":\"\",\"serialTcpHost\":\"\",\"serialTcpPort\":\"\",\"serialRepetitionTimeCat\":\"\",\"serialPositionCat\":\"\",\"stopOnEndLineSerial\":false,\"heartbeatTimeoutCAT\":\"\"},{\"enableSerialAlarm\":\"0\",\"serialTypeAlarm\":\"nurse\",\"serialTypeProtocol\":\"rs232\",\"serialEspa444ModProtocol\":\"\",\"serialRS232EndLine\":\"\",\"serialRS232Timeout\":\"\",\"serialRS232Separator\":\"\",\"serialRS232StartInfo\":\"\",\"serialRS232EndInfo\":\"\",\"serialTcpHost\":\"\",\"serialTcpPort\":\"\",\"serialRepetitionTimeCat\":\"\",\"serialPositionCat\":\"\",\"stopOnEndLineSerial\":false,\"heartbeatTimeoutCAT\":\"\"},{\"enableSerialAlarm\":\"0\",\"serialTypeAlarm\":\"nurse\",\"serialTypeProtocol\":\"rs232\",\"serialEspa444ModProtocol\":\"\",\"serialRS232EndLine\":\"\",\"serialRS232Timeout\":\"\",\"serialRS232Separator\":\"\",\"serialRS232StartInfo\":\"\",\"serialRS232EndInfo\":\"\",\"serialTcpHost\":\"\",\"serialTcpPort\":\"\",\"serialRepetitionTimeCat\":\"\",\"serialPositionCat\":\"\",\"stopOnEndLineSerial\":false,\"heartbeatTimeoutCAT\":\"\"}],\"outdoorEmailSerial\":false,\"indoorEmailSerial\":false,\"outdoorSmsSerial\":false,\"indoorSmsSerial\":false}', 0, '2023-12-15 10:31:29'),
(621, 'moxa', '{\"moxaContactDataArray\":[{\"enableMoxa\":\"0\",\"protocolMoxa\":\"http\",\"moxaHost\":\"192.168.1.101\",\"moxaPort\":\"80\",\"moxaDelayAlarm\":\"0\",\"moxaPath\":\"/api/slot/0/io/di\",\"moxaHeader\":\"vdn.dac.v1\"},{\"enableMoxa\":\"0\",\"protocolMoxa\":\"http\",\"moxaHost\":\"127.0.0.6\",\"moxaPort\":\"8080\",\"moxaDelayAlarm\":\"0\",\"moxaPath\":\"/api/slot/0/io/di\",\"moxaHeader\":\"vdn.dac.v1\"},{\"enableMoxa\":\"0\",\"protocolMoxa\":\"\",\"moxaHost\":\"\",\"moxaPort\":\"\",\"moxaDelayAlarm\":\"0\",\"moxaPath\":\"\",\"moxaHeader\":\"\"},{\"enableMoxa\":\"0\",\"protocolMoxa\":\"\",\"moxaHost\":\"\",\"moxaPort\":\"\",\"moxaDelayAlarm\":\"0\",\"moxaPath\":\"\",\"moxaHeader\":\"\"},{\"enableMoxa\":\"0\",\"protocolMoxa\":\"\",\"moxaHost\":\"\",\"moxaPort\":\"\",\"moxaDelayAlarm\":\"0\",\"moxaPath\":\"\",\"moxaHeader\":\"\"},{\"enableMoxa\":\"0\",\"protocolMoxa\":\"\",\"moxaHost\":\"\",\"moxaPort\":\"\",\"moxaDelayAlarm\":\"0\",\"moxaPath\":\"\",\"moxaHeader\":\"\"},{\"enableMoxa\":\"0\",\"protocolMoxa\":\"\",\"moxaHost\":\"\",\"moxaPort\":\"\",\"moxaDelayAlarm\":\"0\",\"moxaPath\":\"\",\"moxaHeader\":\"\"},{\"enableMoxa\":\"0\",\"protocolMoxa\":\"\",\"moxaHost\":\"\",\"moxaPort\":\"\",\"moxaDelayAlarm\":\"0\",\"moxaPath\":\"\",\"moxaHeader\":\"\"},{\"enableMoxa\":\"0\",\"protocolMoxa\":\"\",\"moxaHost\":\"\",\"moxaPort\":\"\",\"moxaDelayAlarm\":\"0\",\"moxaPath\":\"\",\"moxaHeader\":\"\"},{\"enableMoxa\":\"0\",\"protocolMoxa\":\"\",\"moxaHost\":\"\",\"moxaPort\":\"\",\"moxaDelayAlarm\":\"0\",\"moxaPath\":\"\",\"moxaHeader\":\"\"},{\"enableMoxa\":\"0\",\"protocolMoxa\":\"\",\"moxaHost\":\"\",\"moxaPort\":\"\",\"moxaDelayAlarm\":\"0\",\"moxaPath\":\"\",\"moxaHeader\":\"\"},{\"enableMoxa\":\"0\",\"protocolMoxa\":\"\",\"moxaHost\":\"\",\"moxaPort\":\"\",\"moxaDelayAlarm\":\"0\",\"moxaPath\":\"\",\"moxaHeader\":\"\"},{\"enableMoxa\":\"0\",\"protocolMoxa\":\"\",\"moxaHost\":\"\",\"moxaPort\":\"\",\"moxaDelayAlarm\":\"0\",\"moxaPath\":\"\",\"moxaHeader\":\"\"},{\"enableMoxa\":\"0\",\"protocolMoxa\":\"\",\"moxaHost\":\"\",\"moxaPort\":\"\",\"moxaDelayAlarm\":\"0\",\"moxaPath\":\"\",\"moxaHeader\":\"\"},{\"enableMoxa\":\"0\",\"protocolMoxa\":\"\",\"moxaHost\":\"\",\"moxaPort\":\"\",\"moxaDelayAlarm\":\"0\",\"moxaPath\":\"\",\"moxaHeader\":\"\"},{\"enableMoxa\":\"0\",\"protocolMoxa\":\"\",\"moxaHost\":\"\",\"moxaPort\":\"\",\"moxaDelayAlarm\":\"0\",\"moxaPath\":\"\",\"moxaHeader\":\"\"},{\"enableMoxa\":\"0\",\"protocolMoxa\":\"\",\"moxaHost\":\"\",\"moxaPort\":\"\",\"moxaDelayAlarm\":\"0\",\"moxaPath\":\"\",\"moxaHeader\":\"\"},{\"enableMoxa\":\"0\",\"protocolMoxa\":\"\",\"moxaHost\":\"\",\"moxaPort\":\"\",\"moxaDelayAlarm\":\"0\",\"moxaPath\":\"\",\"moxaHeader\":\"\"},{\"enableMoxa\":\"0\",\"protocolMoxa\":\"\",\"moxaHost\":\"\",\"moxaPort\":\"\",\"moxaDelayAlarm\":\"0\",\"moxaPath\":\"\",\"moxaHeader\":\"\"},{\"enableMoxa\":\"0\",\"protocolMoxa\":\"\",\"moxaHost\":\"\",\"moxaPort\":\"\",\"moxaDelayAlarm\":\"0\",\"moxaPath\":\"\",\"moxaHeader\":\"\"},{\"enableMoxa\":\"0\",\"protocolMoxa\":\"\",\"moxaHost\":\"\",\"moxaPort\":\"\",\"moxaDelayAlarm\":\"0\",\"moxaPath\":\"\",\"moxaHeader\":\"\"},{\"enableMoxa\":\"0\",\"protocolMoxa\":\"\",\"moxaHost\":\"\",\"moxaPort\":\"\",\"moxaDelayAlarm\":\"0\",\"moxaPath\":\"\",\"moxaHeader\":\"\"}],\"outdoorEmailMoxa\":false,\"indoorEmailMoxa\":false,\"outdoorSmsMoxa\":false,\"indoorSmsMoxa\":false}', 1, '2023-12-15 10:31:42'),
(622, 'repeating_alarm_1', '{\"enableRepeatingAlarm\":true}', 0, '2023-12-15 10:53:59'),
(623, 'path_destination_gsm1', '/usr/src/audiofile/sviluppo', 0, '2023-12-18 14:18:50'),
(624, 'path_sox_command1', '/usr/bin/sox', 0, '2023-12-18 14:18:50'),
(625, 'pbx1', '{\"pbxNChannel\":\"30\",\"pbxTrunkName\":\"trunk\",\"pbxActive\":true,\"pbxApiProtocol\":\"http\",\"pbxHost\":\"127.0.0.1\",\"pbxPort\":\"8088\"}', 0, '2023-12-18 17:02:49'),
(626, 'isafe_web1', '{\"webName\":\"sviluppo\",\"webPath\":\"/sviluppo/api/\",\"webPort\":\"80\",\"webHost\":\"127.0.0.1\",\"webProtocol\":\"http\",\"webPortIndoor\":\"443\",\"webHostIndoor\":\"sviluppo.blumit.it\",\"webProtocolIndoor\":\"http\",\"webPathIndoor\":\"/\"}', 0, '2023-12-18 17:10:29'),
(627, 'isafe_web1', '{\"webName\":\"sviluppo\",\"webPath\":\"/sviluppo/api/\",\"webPort\":\"8080\",\"webHost\":\"127.0.0.1\",\"webProtocol\":\"http\",\"webPortIndoor\":\"443\",\"webHostIndoor\":\"sviluppo.blumit.it\",\"webProtocolIndoor\":\"http\",\"webPathIndoor\":\"/\"}', 0, '2023-12-18 17:11:17'),
(628, 'isafe_web1', '{\"webName\":\"sviluppo\",\"webPath\":\"/sviluppo/api/\",\"webPort\":\"8080\",\"webHost\":\"127.0.0.1\",\"webProtocol\":\"http\",\"webPortIndoor\":\"443\",\"webHostIndoor\":\"sviluppo.blumit.it\",\"webProtocolIndoor\":\"https\",\"webPathIndoor\":\"/\"}', 0, '2023-12-18 17:11:23'),
(629, 'isafe_web1', '{\"webName\":\"sviluppo\",\"webPath\":\"/sviluppo/api/\",\"webPort\":\"443\",\"webHost\":\"sviluppo.blumit.it\",\"webProtocol\":\"https\",\"webPortIndoor\":\"443\",\"webHostIndoor\":\"sviluppo.blumit.it\",\"webProtocolIndoor\":\"https\",\"webPathIndoor\":\"/\"}', 0, '2023-12-18 17:12:15'),
(630, 'isafe_web1', '{\"webName\":\"sviluppo\",\"webPath\":\"/sviluppo/api/\",\"webPort\":\"80\",\"webHost\":\"sviluppo.blumit.it\",\"webProtocol\":\"http\",\"webPortIndoor\":\"443\",\"webHostIndoor\":\"sviluppo.blumit.it\",\"webProtocolIndoor\":\"https\",\"webPathIndoor\":\"/\"}', 0, '2023-12-18 17:12:36'),
(631, 'isafe_web1', '{\"webName\":\"sviluppo\",\"webPath\":\"/sviluppo/api/\",\"webPort\":\"443\",\"webHost\":\"sviluppo.blumit.it\",\"webProtocol\":\"https\",\"webPortIndoor\":\"443\",\"webHostIndoor\":\"sviluppo.blumit.it\",\"webProtocolIndoor\":\"https\",\"webPathIndoor\":\"/\"}', 0, '2023-12-18 17:13:22'),
(632, 'isafe_web1', '{\"webName\":\"sviluppo\",\"webPath\":\"/api/\",\"webPort\":\"443\",\"webHost\":\"sviluppo.blumit.it\",\"webProtocol\":\"https\",\"webPortIndoor\":\"443\",\"webHostIndoor\":\"sviluppo.blumit.it\",\"webProtocolIndoor\":\"https\",\"webPathIndoor\":\"/\"}', 0, '2023-12-18 17:14:08'),
(633, 'app_android_1', '{\"enableAndroidAlarm\":true,\"androidSourceAlarm\":\"sms\",\"androidMode\":\"first_beacon_second_area\",\"smsServerApp\":\"https://app.phoenyxsrl.com\",\"backEndApp\":\"https://app.phoenyxsrl.com\",\"smsServerIdCustomer\":\"78\",\"smsServerTokenCustomer\":\"da39a3ee5e6b4b0d3255bfef95601890afd8070955e3e3b820b1c97a2c176d285882c625827536ee\",\"customerKey\":\"fc153d5aeeab6563105c5bd38c586b7d\",\"enableKeepAlive\":\"0\",\"keepAlive\":\"300\",\"keepAliveModality\":\"manDown\",\"keepAliveMap\":\"1\",\"batteryCheck\":\"0\",\"batteryLevel\":\"15\",\"outdoorEmailAndroid\":true,\"indoorEmailAndroid\":true,\"outdoorSmsAndroid\":true,\"indoorSmsAndroid\":true}', 0, '2023-12-18 17:20:49'),
(634, 'voice_rss_parameters', '{\"key\":\"a659f978bec54b5db56cef5423427c63\",\"language\":\"it-it\",\"speed\":\"-1\",\"format\":\"8khz_8bit_mono\",\"codecs\":\"WAV\",\"phrase\":\"Premi uno per riascoltare o premi due per confermare la ricezione del messaggio.\"}', 0, '2023-12-18 20:10:27'),
(635, 'path_destination_gsm1', '/usr/src/audiofile/sviluppo', 0, '2023-12-18 20:10:47'),
(636, 'path_sox_command1', '/usr/bin/sox', 0, '2023-12-18 20:10:47'),
(637, 'app_android_1', '{\"enableAndroidAlarm\":true,\"androidSourceAlarm\":\"sms\",\"androidMode\":\"first_beacon_second_area\",\"smsServerApp\":\"https://sms.phoenyxsrl.com\",\"backEndApp\":\"https://app.phoenyxsrl.com\",\"smsServerIdCustomer\":\"78\",\"smsServerTokenCustomer\":\"da39a3ee5e6b4b0d3255bfef95601890afd8070955e3e3b820b1c97a2c176d285882c625827536ee\",\"customerKey\":\"fc153d5aeeab6563105c5bd38c586b7d\",\"enableKeepAlive\":\"0\",\"keepAlive\":\"300\",\"keepAliveModality\":\"manDown\",\"keepAliveMap\":\"1\",\"batteryCheck\":\"0\",\"batteryLevel\":\"15\",\"outdoorEmailAndroid\":true,\"indoorEmailAndroid\":true,\"outdoorSmsAndroid\":true,\"indoorSmsAndroid\":true}', 0, '2023-12-18 20:16:22'),
(638, 'pbx1', '{\"pbxNChannel\":\"30\",\"pbxTrunkName\":\"trunk\",\"pbxActive\":true,\"pbxApiProtocol\":\"http\",\"pbxHost\":\"localhost\",\"pbxPort\":\"8088\"}', 0, '2023-12-18 20:28:50'),
(639, 'app_android_1', '{\"enableAndroidAlarm\":true,\"androidSourceAlarm\":\"sms\",\"androidMode\":\"first_beacon_second_area\",\"smsServerApp\":\"https://sms.phoenyxsrl.com\",\"backEndApp\":\"https://app.phoenyxsrl.com\",\"smsServerIdCustomer\":\"87\",\"smsServerTokenCustomer\":\"da39a3ee5e6b4b0d3255bfef95601890afd8070991a1e5a9a96ee49546e9ad94c8b5463d9fb44654\",\"customerKey\":\"fc153d5aeeab6563105c5bd38c586b7d\",\"enableKeepAlive\":\"0\",\"keepAlive\":\"300\",\"keepAliveModality\":\"manDown\",\"keepAliveMap\":\"1\",\"batteryCheck\":\"0\",\"batteryLevel\":\"15\",\"outdoorEmailAndroid\":true,\"indoorEmailAndroid\":true,\"outdoorSmsAndroid\":true,\"indoorSmsAndroid\":true}', 0, '2023-12-18 20:52:35'),
(640, 'voice_rss_parameters', '{\"key\":\"a659f978bec54b5db56cef5423427c63\",\"language\":\"it-it\",\"speed\":\"-1\",\"format\":\"8khz_8bit_mono\",\"codecs\":\"WAV\",\"phrase\":\"Premi uno per riascoltare o premi due per confermare la ricezione del messaggio.\"}', 0, '2023-12-18 20:56:59'),
(641, 'path_destination_gsm1', '/usr/src/audiofile/sviluppo', 0, '2023-12-18 20:57:19'),
(642, 'path_sox_command1', '/usr/bin/sox', 0, '2023-12-18 20:57:19'),
(643, 'voice_rss_parameters', '{\"key\":\"a659f978bec54b5db56cef5423427c63\",\"language\":\"it-it\",\"speed\":\"-1\",\"format\":\"8khz_8bit_mono\",\"codecs\":\"WAV\",\"phrase\":\"Premi uno per riascoltare o premi due per confermare la ricezione del messaggio.\"}', 0, '2023-12-18 21:50:25'),
(644, 'path_destination_gsm1', '/usr/src/audiofile/sviluppo', 1, '2023-12-18 21:50:31'),
(645, 'path_sox_command1', '/usr/bin/sox', 1, '2023-12-18 21:50:31'),
(646, 'isafe_web1', '{\"webName\":\"sviluppo\",\"webPath\":\"/api/\",\"webPort\":\"80\",\"webHost\":\"localhost\",\"webProtocol\":\"https\",\"webPortIndoor\":\"443\",\"webHostIndoor\":\"sviluppo.blumit.it\",\"webProtocolIndoor\":\"https\",\"webPathIndoor\":\"/\"}', 0, '2024-02-13 16:01:51'),
(647, 'isafe_web1', '{\"webName\":\"sviluppo\",\"webPath\":\"/api/\",\"webPort\":\"80\",\"webHost\":\"localhost\",\"webProtocol\":\"http\",\"webPortIndoor\":\"443\",\"webHostIndoor\":\"sviluppo.blumit.it\",\"webProtocolIndoor\":\"https\",\"webPathIndoor\":\"/\"}', 0, '2024-02-13 16:05:45'),
(648, 'isafe_web1', '{\"webName\":\"sviluppo\",\"webPath\":\"/isafe_web/api/\",\"webPort\":\"80\",\"webHost\":\"localhost\",\"webProtocol\":\"http\",\"webPortIndoor\":\"443\",\"webHostIndoor\":\"sviluppo.blumit.it\",\"webProtocolIndoor\":\"https\",\"webPathIndoor\":\"/\"}', 0, '2024-02-13 16:07:22'),
(649, 'mc800_xml_1', '{\"enableZettlerXml\":true,\"hostSocketClientZettler\":\"127.0.0.1\",\"portSocketClientZettler\":\"8100\",\"phoneInputTone1\":\"3\",\"operationPhoneInputTone1\":\"memorization\",\"phoneInputTone2\":\"4\",\"operationPhoneInputTone2\":\"presenceAndDeletion\",\"mitelInputButton1\":\"\",\"operationMitelInputButton1\":\"nothing\",\"mitelInputButton2\":\"\",\"operationMitelInputButton2\":\"nothing\"}', 0, '2024-03-06 16:10:20'),
(650, 'mc800_xml_1', '{\"enableZettlerXml\":false,\"hostSocketClientZettler\":\"127.0.0.1\",\"portSocketClientZettler\":\"8100\",\"phoneInputTone1\":\"3\",\"operationPhoneInputTone1\":\"memorization\",\"phoneInputTone2\":\"4\",\"operationPhoneInputTone2\":\"presenceAndDeletion\",\"mitelInputButton1\":\"\",\"operationMitelInputButton1\":\"nothing\",\"mitelInputButton2\":\"\",\"operationMitelInputButton2\":\"nothing\"}', 1, '2024-03-06 21:50:45'),
(651, 'repeating_alarm_1', '{\"enableRepeatingAlarm\":false}', 1, '2024-03-10 17:09:13'),
(652, 'app_android_1', '{\"enableAndroidAlarm\":false,\"androidSourceAlarm\":\"sms\",\"androidMode\":\"first_beacon_second_area\",\"smsServerApp\":null,\"backEndApp\":null,\"smsServerIdCustomer\":\"87\",\"smsServerTokenCustomer\":\"da39a3ee5e6b4b0d3255bfef95601890afd8070991a1e5a9a96ee49546e9ad94c8b5463d9fb44654\",\"customerKey\":\"fc153d5aeeab6563105c5bd38c586b7d\",\"enableKeepAlive\":\"0\",\"keepAlive\":\"300\",\"keepAliveModality\":\"manDown\",\"keepAliveMap\":\"1\",\"batteryCheck\":\"0\",\"batteryLevel\":\"15\",\"outdoorEmailAndroid\":true,\"indoorEmailAndroid\":true,\"outdoorSmsAndroid\":true,\"indoorSmsAndroid\":true}', 0, '2024-03-10 17:09:33'),
(653, 'pop3_1', '{\"enablePop3ToTrouble\":\"1\",\"sslPop3ToTrouble\":\"0\",\"pop3ToTroubleHost\":\"10.5.1.236\",\"pop3ToTroublePort\":\"110\",\"pop3ToTroubleUser\":\"ewon\",\"pop3ToTroublePassword\":\"ewon\",\"pop3Infos\":[{\"pop3ToTroubleName\":\"Inizio_Allarme\",\"pop3ToTroubleKeyWords\":\"ALM LVL\",\"pop3ToTroubleWhere\":\"subject\",\"pop3ToTroubleInfo\":\"subject\",\"pop3ToTroubleFilter\":\"contain\",\"pop3ToTroubleInfoSeparator\":\",\",\"pop3ToTroubleInfoPositionAfterSep\":\"5\"},{\"pop3ToTroubleName\":\"\",\"pop3ToTroubleKeyWords\":\"\",\"pop3ToTroubleWhere\":\"subject\",\"pop3ToTroubleInfo\":\"subject\",\"pop3ToTroubleFilter\":\"contain\",\"pop3ToTroubleInfoSeparator\":\"\",\"pop3ToTroubleInfoPositionAfterSep\":\"\"},{\"pop3ToTroubleName\":\"\",\"pop3ToTroubleKeyWords\":\"\",\"pop3ToTroubleWhere\":\"subject\",\"pop3ToTroubleInfo\":\"subject\",\"pop3ToTroubleFilter\":\"contain\",\"pop3ToTroubleInfoSeparator\":\"\",\"pop3ToTroubleInfoPositionAfterSep\":\"\"},{\"pop3ToTroubleName\":\"\",\"pop3ToTroubleKeyWords\":\"\",\"pop3ToTroubleWhere\":\"subject\",\"pop3ToTroubleInfo\":\"subject\",\"pop3ToTroubleFilter\":\"contain\",\"pop3ToTroubleInfoSeparator\":\"\",\"pop3ToTroubleInfoPositionAfterSep\":\"\"},{\"pop3ToTroubleName\":\"\",\"pop3ToTroubleKeyWords\":\"\",\"pop3ToTroubleWhere\":\"subject\",\"pop3ToTroubleInfo\":\"subject\",\"pop3ToTroubleFilter\":\"contain\",\"pop3ToTroubleInfoSeparator\":\"\",\"pop3ToTroubleInfoPositionAfterSep\":\"\"}]}', 0, '2024-03-10 17:14:22'),
(654, 'pop3_1', '{\"enablePop3ToTrouble\":\"1\",\"sslPop3ToTrouble\":\"0\",\"pop3ToTroubleHost\":\"10.5.1.236\",\"pop3ToTroublePort\":\"110\",\"pop3ToTroubleUser\":\"ewon\",\"pop3ToTroublePassword\":\"ewon\",\"pop3Infos\":[{\"pop3ToTroubleName\":\"Inizio_Allarme\",\"pop3ToTroubleKeyWords\":\"ALM LVL\",\"pop3ToTroubleWhere\":\"subject\",\"pop3ToTroubleInfo\":\"subject\",\"pop3ToTroubleFilter\":\"contain\",\"pop3ToTroubleInfoSeparator\":\",\",\"pop3ToTroubleInfoPositionAfterSep\":\"5\"},{\"pop3ToTroubleName\":\"\",\"pop3ToTroubleKeyWords\":\"\",\"pop3ToTroubleWhere\":\"subject\",\"pop3ToTroubleInfo\":\"subject\",\"pop3ToTroubleFilter\":\"contain\",\"pop3ToTroubleInfoSeparator\":\"\",\"pop3ToTroubleInfoPositionAfterSep\":\"\"},{\"pop3ToTroubleName\":\"\",\"pop3ToTroubleKeyWords\":\"\",\"pop3ToTroubleWhere\":\"subject\",\"pop3ToTroubleInfo\":\"subject\",\"pop3ToTroubleFilter\":\"contain\",\"pop3ToTroubleInfoSeparator\":\"\",\"pop3ToTroubleInfoPositionAfterSep\":\"\"},{\"pop3ToTroubleName\":\"\",\"pop3ToTroubleKeyWords\":\"\",\"pop3ToTroubleWhere\":\"subject\",\"pop3ToTroubleInfo\":\"subject\",\"pop3ToTroubleFilter\":\"contain\",\"pop3ToTroubleInfoSeparator\":\"\",\"pop3ToTroubleInfoPositionAfterSep\":\"\"},{\"pop3ToTroubleName\":\"\",\"pop3ToTroubleKeyWords\":\"\",\"pop3ToTroubleWhere\":\"subject\",\"pop3ToTroubleInfo\":\"subject\",\"pop3ToTroubleFilter\":\"contain\",\"pop3ToTroubleInfoSeparator\":\"\",\"pop3ToTroubleInfoPositionAfterSep\":\"\"}]}', 0, '2024-03-10 17:53:49'),
(655, 'aml_messaging_1', '{\"enableAmlMessaging\":true,\"hostAMLMessaging\":\"192.168.1.100\",\"portAMLMessaging\":\"8884\",\"usernameAMLMessaging\":\"as1\",\"pskIdAMLMessaging\":\"as1\",\"pskAMLMessaging\":\"123456789012345678901234567890ab\",\"clientIdAMLMessaging\":\"as1\",\"topicListeningAMLMessaging\":\"xxl/msgsrv/as1/msg/#\",\"topicSendingAMLMessaging\":\"as1/msg/xxl/msgsrv/req/setMsg\"}', 1, '2024-03-14 18:26:10'),
(656, 'dect_1', '{\"enableDectAlarm\":true,\"dectTypeAlarm\":\"alcatel_oxo_no_html\",\"dectApiProtocolAlarm\":\"http\",\"dectApiHostAlarm\":\"\",\"dectApiPortAlarm\":\"\",\"dectApiPathAlarm\":\"\",\"dectApiProtocolCellAlarm\":\"http\",\"dectHtmlHostCellAlarm\":\"\",\"dectHtmlPortCellAlarm\":\"\",\"dectHtmlPathCellAlarm\":\"\",\"path_master\":\"/Applications/MAMP/htdocs/isafe_web/auxiliary/test/Master.csv\",\"path_snmp\":\"/Applications/MAMP/htdocs/isafe_web/auxiliary/test/snmpagent.log\",\"internalAlarmPrevText\":\"\",\"internalAlarmNextText\":\"\",\"alarmNumberDect\":\"222\",\"numberNormalPositionDect\":\"\",\"numberForcePositionDect\":\"\",\"outdoorEmailDect\":false,\"indoorEmailDect\":true,\"outdoorSmsDect\":true,\"indoorSmsDect\":true}', 0, '2024-03-23 09:43:43'),
(657, 'voice_rss_parameters', '{\"key\":\"a659f978bec54b5db56cef5423427c63\",\"language\":\"it-it\",\"speed\":\"-1\",\"format\":\"8khz_8bit_mono\",\"codecs\":\"WAV\",\"phrase\":\"Premi uno per riascoltare o premi due per confermare la ricezione del messaggio.\"}', 0, '2024-03-23 09:44:41'),
(658, 'voice_rss_parameters', '{\"key\":\"a659f978bec54b5db56cef5423427c63\",\"language\":\"it-it\",\"speed\":\"-1\",\"format\":\"8khz_8bit_mono\",\"codecs\":\"WAV\",\"phrase\":\"Premi uno per riascoltare o premi due per confermare la ricezione del messaggio.\"}', 0, '2024-03-23 10:11:19'),
(659, 'dect_2', '{\"enableDectAlarm\":true,\"dectTypeAlarm\":\"allarme_numerico\",\"dectApiProtocolAlarm\":\"http\",\"dectApiHostAlarm\":\"\",\"dectApiPortAlarm\":\"\",\"dectApiPathAlarm\":\"\",\"dectApiProtocolCellAlarm\":\"http\",\"dectHtmlHostCellAlarm\":\"\",\"dectHtmlPortCellAlarm\":\"\",\"dectHtmlPathCellAlarm\":\"\",\"path_master\":\"/Applications/MAMP/htdocs/isafe_web/auxiliary/test/Master.csv\",\"path_snmp\":\"/Applications/MAMP/htdocs/isafe_web/auxiliary/test/snmpagent.log\",\"internalAlarmPrevText\":\"\",\"internalAlarmNextText\":\"\",\"alarmNumberDect\":\"333\",\"numberNormalPositionDect\":\"\",\"numberForcePositionDect\":\"\",\"outdoorEmailDect\":true,\"indoorEmailDect\":true,\"outdoorSmsDect\":true,\"indoorSmsDect\":true}', 0, '2024-03-23 10:15:48'),
(660, 'dect_2', '{\"enableDectAlarm\":false,\"dectTypeAlarm\":\"allarme_numerico\",\"dectApiProtocolAlarm\":\"http\",\"dectApiHostAlarm\":\"\",\"dectApiPortAlarm\":\"\",\"dectApiPathAlarm\":\"\",\"dectApiProtocolCellAlarm\":\"http\",\"dectHtmlHostCellAlarm\":\"\",\"dectHtmlPortCellAlarm\":\"\",\"dectHtmlPathCellAlarm\":\"\",\"path_master\":\"/Applications/MAMP/htdocs/isafe_web/auxiliary/test/Master.csv\",\"path_snmp\":\"/Applications/MAMP/htdocs/isafe_web/auxiliary/test/snmpagent.log\",\"internalAlarmPrevText\":\"\",\"internalAlarmNextText\":\"\",\"alarmNumberDect\":\"333\",\"numberNormalPositionDect\":\"\",\"numberForcePositionDect\":\"\",\"outdoorEmailDect\":true,\"indoorEmailDect\":true,\"outdoorSmsDect\":true,\"indoorSmsDect\":true}', 0, '2024-03-23 10:27:20'),
(661, 'dect_2', '{\"enableDectAlarm\":true,\"dectTypeAlarm\":\"allarme_numerico\",\"dectApiProtocolAlarm\":\"http\",\"dectApiHostAlarm\":\"\",\"dectApiPortAlarm\":\"\",\"dectApiPathAlarm\":\"\",\"dectApiProtocolCellAlarm\":\"http\",\"dectHtmlHostCellAlarm\":\"\",\"dectHtmlPortCellAlarm\":\"\",\"dectHtmlPathCellAlarm\":\"\",\"path_master\":\"/Applications/MAMP/htdocs/isafe_web/auxiliary/test/Master.csv\",\"path_snmp\":\"/Applications/MAMP/htdocs/isafe_web/auxiliary/test/snmpagent.log\",\"internalAlarmPrevText\":\"\",\"internalAlarmNextText\":\"\",\"alarmNumberDect\":\"333\",\"numberNormalPositionDect\":\"\",\"numberForcePositionDect\":\"\",\"outdoorEmailDect\":true,\"indoorEmailDect\":true,\"outdoorSmsDect\":true,\"indoorSmsDect\":true}', 0, '2024-03-23 10:31:51'),
(662, 'dect_1', '{\"enableDectAlarm\":false,\"dectTypeAlarm\":\"alcatel_oxo_no_html\",\"dectApiProtocolAlarm\":\"http\",\"dectApiHostAlarm\":\"\",\"dectApiPortAlarm\":\"\",\"dectApiPathAlarm\":\"\",\"dectApiProtocolCellAlarm\":\"http\",\"dectHtmlHostCellAlarm\":\"\",\"dectHtmlPortCellAlarm\":\"\",\"dectHtmlPathCellAlarm\":\"\",\"path_master\":\"/Applications/MAMP/htdocs/isafe_web/auxiliary/test/Master.csv\",\"path_snmp\":\"/Applications/MAMP/htdocs/isafe_web/auxiliary/test/snmpagent.log\",\"internalAlarmPrevText\":\"\",\"internalAlarmNextText\":\"\",\"alarmNumberDect\":\"222\",\"numberNormalPositionDect\":\"\",\"numberForcePositionDect\":\"\",\"outdoorEmailDect\":false,\"indoorEmailDect\":true,\"outdoorSmsDect\":true,\"indoorSmsDect\":true}', 0, '2024-03-23 10:33:17'),
(663, 'dect_2', '{\"enableDectAlarm\":false,\"dectTypeAlarm\":\"allarme_numerico\",\"dectApiProtocolAlarm\":\"http\",\"dectApiHostAlarm\":\"\",\"dectApiPortAlarm\":\"\",\"dectApiPathAlarm\":\"\",\"dectApiProtocolCellAlarm\":\"http\",\"dectHtmlHostCellAlarm\":\"\",\"dectHtmlPortCellAlarm\":\"\",\"dectHtmlPathCellAlarm\":\"\",\"path_master\":\"/Applications/MAMP/htdocs/isafe_web/auxiliary/test/Master.csv\",\"path_snmp\":\"/Applications/MAMP/htdocs/isafe_web/auxiliary/test/snmpagent.log\",\"internalAlarmPrevText\":\"\",\"internalAlarmNextText\":\"\",\"alarmNumberDect\":\"333\",\"numberNormalPositionDect\":\"\",\"numberForcePositionDect\":\"\",\"outdoorEmailDect\":true,\"indoorEmailDect\":true,\"outdoorSmsDect\":true,\"indoorSmsDect\":true}', 0, '2024-03-23 10:59:14'),
(664, 'dect_1', '{\"enableDectAlarm\":true,\"dectTypeAlarm\":\"citotelefono\",\"dectApiProtocolAlarm\":\"http\",\"dectApiHostAlarm\":\"\",\"dectApiPortAlarm\":\"\",\"dectApiPathAlarm\":\"\",\"dectApiProtocolCellAlarm\":\"http\",\"dectHtmlHostCellAlarm\":\"\",\"dectHtmlPortCellAlarm\":\"\",\"dectHtmlPathCellAlarm\":\"\",\"path_master\":\"/Applications/MAMP/htdocs/isafe_web/auxiliary/test/Master.csv\",\"path_snmp\":\"/Applications/MAMP/htdocs/isafe_web/auxiliary/test/snmpagent.log\",\"internalAlarmPrevText\":\"\",\"internalAlarmNextText\":\"\",\"alarmNumberDect\":\"222\",\"numberNormalPositionDect\":\"\",\"numberForcePositionDect\":\"\",\"outdoorEmailDect\":false,\"indoorEmailDect\":true,\"outdoorSmsDect\":true,\"indoorSmsDect\":true}', 0, '2024-03-23 10:59:17'),
(665, 'dect_2', '{\"enableDectAlarm\":false,\"dectTypeAlarm\":\"allarme_numerico\",\"dectApiProtocolAlarm\":\"http\",\"dectApiHostAlarm\":\"\",\"dectApiPortAlarm\":\"\",\"dectApiPathAlarm\":\"\",\"dectApiProtocolCellAlarm\":\"http\",\"dectHtmlHostCellAlarm\":\"\",\"dectHtmlPortCellAlarm\":\"\",\"dectHtmlPathCellAlarm\":\"\",\"path_master\":\"/Applications/MAMP/htdocs/isafe_web/auxiliary/test/Master.csv\",\"path_snmp\":\"/Applications/MAMP/htdocs/isafe_web/auxiliary/test/snmpagent.log\",\"internalAlarmPrevText\":\"\",\"internalAlarmNextText\":\"\",\"alarmNumberDect\":\"333\",\"numberNormalPositionDect\":\"\",\"numberForcePositionDect\":\"\",\"outdoorEmailDect\":true,\"indoorEmailDect\":true,\"outdoorSmsDect\":true,\"indoorSmsDect\":true}', 0, '2024-03-23 11:00:34'),
(666, 'dect_1', '{\"enableDectAlarm\":true,\"dectTypeAlarm\":\"citotelefono\",\"dectApiProtocolAlarm\":\"http\",\"dectApiHostAlarm\":\"\",\"dectApiPortAlarm\":\"\",\"dectApiPathAlarm\":\"\",\"dectApiProtocolCellAlarm\":\"http\",\"dectHtmlHostCellAlarm\":\"\",\"dectHtmlPortCellAlarm\":\"\",\"dectHtmlPathCellAlarm\":\"\",\"path_master\":\"/Applications/MAMP/htdocs/isafe_web/auxiliary/test/Master.csv\",\"path_snmp\":\"/Applications/MAMP/htdocs/isafe_web/auxiliary/test/snmpagent.log\",\"internalAlarmPrevText\":\"\",\"internalAlarmNextText\":\"\",\"alarmNumberDect\":\"222\",\"numberNormalPositionDect\":\"\",\"numberForcePositionDect\":\"\",\"outdoorEmailDect\":false,\"indoorEmailDect\":true,\"outdoorSmsDect\":true,\"indoorSmsDect\":true}', 0, '2024-03-23 11:00:58'),
(667, 'dect_2', '{\"enableDectAlarm\":false,\"dectTypeAlarm\":\"allarme_numerico\",\"dectApiProtocolAlarm\":\"http\",\"dectApiHostAlarm\":\"\",\"dectApiPortAlarm\":\"\",\"dectApiPathAlarm\":\"\",\"dectApiProtocolCellAlarm\":\"http\",\"dectHtmlHostCellAlarm\":\"\",\"dectHtmlPortCellAlarm\":\"\",\"dectHtmlPathCellAlarm\":\"\",\"path_master\":\"/Applications/MAMP/htdocs/isafe_web/auxiliary/test/Master.csv\",\"path_snmp\":\"/Applications/MAMP/htdocs/isafe_web/auxiliary/test/snmpagent.log\",\"internalAlarmPrevText\":\"\",\"internalAlarmNextText\":\"\",\"alarmNumberDect\":\"333\",\"numberNormalPositionDect\":\"\",\"numberForcePositionDect\":\"\",\"outdoorEmailDect\":true,\"indoorEmailDect\":true,\"outdoorSmsDect\":true,\"indoorSmsDect\":true}', 0, '2024-03-23 11:01:00'),
(668, 'dect_2', '{\"enableDectAlarm\":true,\"dectTypeAlarm\":\"allarme_numerico\",\"dectApiProtocolAlarm\":\"http\",\"dectApiHostAlarm\":\"\",\"dectApiPortAlarm\":\"\",\"dectApiPathAlarm\":\"\",\"dectApiProtocolCellAlarm\":\"http\",\"dectHtmlHostCellAlarm\":\"\",\"dectHtmlPortCellAlarm\":\"\",\"dectHtmlPathCellAlarm\":\"\",\"path_master\":\"/Applications/MAMP/htdocs/isafe_web/auxiliary/test/Master.csv\",\"path_snmp\":\"/Applications/MAMP/htdocs/isafe_web/auxiliary/test/snmpagent.log\",\"internalAlarmPrevText\":\"\",\"internalAlarmNextText\":\"\",\"alarmNumberDect\":\"333\",\"numberNormalPositionDect\":\"\",\"numberForcePositionDect\":\"\",\"outdoorEmailDect\":true,\"indoorEmailDect\":true,\"outdoorSmsDect\":true,\"indoorSmsDect\":true}', 0, '2024-03-23 16:57:14'),
(669, 'dect_2', '{\"enableDectAlarm\":false,\"dectTypeAlarm\":\"allarme_numerico\",\"dectApiProtocolAlarm\":\"http\",\"dectApiHostAlarm\":\"\",\"dectApiPortAlarm\":\"\",\"dectApiPathAlarm\":\"\",\"dectApiProtocolCellAlarm\":\"http\",\"dectHtmlHostCellAlarm\":\"\",\"dectHtmlPortCellAlarm\":\"\",\"dectHtmlPathCellAlarm\":\"\",\"path_master\":\"/Applications/MAMP/htdocs/isafe_web/auxiliary/test/Master.csv\",\"path_snmp\":\"/Applications/MAMP/htdocs/isafe_web/auxiliary/test/snmpagent.log\",\"internalAlarmPrevText\":\"\",\"internalAlarmNextText\":\"\",\"alarmNumberDect\":\"333\",\"numberNormalPositionDect\":\"\",\"numberForcePositionDect\":\"\",\"outdoorEmailDect\":true,\"indoorEmailDect\":true,\"outdoorSmsDect\":true,\"indoorSmsDect\":true}', 0, '2024-03-23 17:51:13'),
(670, 'dect_1', '{\"enableDectAlarm\":true,\"dectTypeAlarm\":\"citotelefono\",\"dectApiProtocolAlarm\":\"http\",\"dectApiHostAlarm\":\"\",\"dectApiPortAlarm\":\"\",\"dectApiPathAlarm\":\"\",\"dectApiProtocolCellAlarm\":\"http\",\"dectHtmlHostCellAlarm\":\"\",\"dectHtmlPortCellAlarm\":\"\",\"dectHtmlPathCellAlarm\":\"\",\"path_master\":\"/Applications/MAMP/htdocs/isafe_web/auxiliary/test/Master.csv\",\"path_snmp\":\"/Applications/MAMP/htdocs/isafe_web/auxiliary/test/snmpagent.log\",\"internalAlarmPrevText\":\"\",\"internalAlarmNextText\":\"\",\"alarmNumberDect\":\"\",\"numberNormalPositionDect\":\"\",\"numberForcePositionDect\":\"\",\"outdoorEmailDect\":false,\"indoorEmailDect\":true,\"outdoorSmsDect\":true,\"indoorSmsDect\":true}', 0, '2024-03-23 18:01:14'),
(671, 'dect_2', '{\"enableDectAlarm\":true,\"dectTypeAlarm\":\"allarme_numerico\",\"dectApiProtocolAlarm\":\"http\",\"dectApiHostAlarm\":\"\",\"dectApiPortAlarm\":\"\",\"dectApiPathAlarm\":\"\",\"dectApiProtocolCellAlarm\":\"http\",\"dectHtmlHostCellAlarm\":\"\",\"dectHtmlPortCellAlarm\":\"\",\"dectHtmlPathCellAlarm\":\"\",\"path_master\":\"/Applications/MAMP/htdocs/isafe_web/auxiliary/test/Master.csv\",\"path_snmp\":\"/Applications/MAMP/htdocs/isafe_web/auxiliary/test/snmpagent.log\",\"internalAlarmPrevText\":\"\",\"internalAlarmNextText\":\"\",\"alarmNumberDect\":\"333\",\"numberNormalPositionDect\":\"\",\"numberForcePositionDect\":\"\",\"outdoorEmailDect\":true,\"indoorEmailDect\":true,\"outdoorSmsDect\":true,\"indoorSmsDect\":true}', 0, '2024-03-24 14:22:55'),
(672, 'dect_2', '{\"enableDectAlarm\":true,\"dectTypeAlarm\":\"allarme_numerico\",\"dectApiProtocolAlarm\":\"http\",\"dectApiHostAlarm\":\"\",\"dectApiPortAlarm\":\"\",\"dectApiPathAlarm\":\"\",\"dectApiProtocolCellAlarm\":\"http\",\"dectHtmlHostCellAlarm\":\"\",\"dectHtmlPortCellAlarm\":\"\",\"dectHtmlPathCellAlarm\":\"\",\"path_master\":\"/Applications/MAMP/htdocs/isafe_web/auxiliary/test/Master.csv\",\"path_snmp\":\"/Applications/MAMP/htdocs/isafe_web/auxiliary/test/snmpagent.log\",\"internalAlarmPrevText\":\"\",\"internalAlarmNextText\":\"\",\"alarmNumberDect\":\"\",\"numberNormalPositionDect\":\"\",\"numberForcePositionDect\":\"\",\"outdoorEmailDect\":true,\"indoorEmailDect\":true,\"outdoorSmsDect\":true,\"indoorSmsDect\":true}', 0, '2024-03-24 14:23:02'),
(673, 'voice_rss_parameters', '{\"key\":\"a659f978bec54b5db56cef5423427c63\",\"language\":\"it-it\",\"speed\":\"-1\",\"format\":\"8khz_8bit_mono\",\"codecs\":\"WAV\",\"phrase\":\"Premi uno per riascoltare o premi due per confermare la ricezione del messaggio.\"}', 0, '2024-03-24 14:33:08'),
(674, 'serial', '{\"serialDataArray\":[{\"enableSerialAlarm\":\"0\",\"serialTypeAlarm\":\"nurse\",\"serialTypeProtocol\":\"rs232\",\"serialEspa444ModProtocol\":\"\",\"serialRS232EndLine\":\"\\\\r\\\\n\",\"serialRS232Timeout\":\"1000\",\"serialRS232Separator\":\"###\",\"serialRS232StartInfo\":\"0\",\"serialRS232EndInfo\":\"-1\",\"serialTcpHost\":\"127.0.0.1\",\"serialTcpPort\":\"8999\",\"serialRepetitionTimeCat\":\"\",\"serialPositionCat\":\"\",\"stopOnEndLineSerial\":false,\"heartbeatTimeoutCAT\":\"\"},{\"enableSerialAlarm\":\"0\",\"serialTypeAlarm\":\"nurse\",\"serialTypeProtocol\":\"rs232\",\"serialEspa444ModProtocol\":\"\",\"serialRS232EndLine\":\"\",\"serialRS232Timeout\":\"\",\"serialRS232Separator\":\"\",\"serialRS232StartInfo\":\"\",\"serialRS232EndInfo\":\"\",\"serialTcpHost\":\"\",\"serialTcpPort\":\"\",\"serialRepetitionTimeCat\":\"\",\"serialPositionCat\":\"\",\"stopOnEndLineSerial\":false,\"heartbeatTimeoutCAT\":\"\"},{\"enableSerialAlarm\":\"0\",\"serialTypeAlarm\":\"nurse\",\"serialTypeProtocol\":\"rs232\",\"serialEspa444ModProtocol\":\"\",\"serialRS232EndLine\":\"\",\"serialRS232Timeout\":\"\",\"serialRS232Separator\":\"\",\"serialRS232StartInfo\":\"\",\"serialRS232EndInfo\":\"\",\"serialTcpHost\":\"\",\"serialTcpPort\":\"\",\"serialRepetitionTimeCat\":\"\",\"serialPositionCat\":\"\",\"stopOnEndLineSerial\":false,\"heartbeatTimeoutCAT\":\"\"},{\"enableSerialAlarm\":\"0\",\"serialTypeAlarm\":\"nurse\",\"serialTypeProtocol\":\"rs232\",\"serialEspa444ModProtocol\":\"\",\"serialRS232EndLine\":\"\",\"serialRS232Timeout\":\"\",\"serialRS232Separator\":\"\",\"serialRS232StartInfo\":\"\",\"serialRS232EndInfo\":\"\",\"serialTcpHost\":\"\",\"serialTcpPort\":\"\",\"serialRepetitionTimeCat\":\"\",\"serialPositionCat\":\"\",\"stopOnEndLineSerial\":false,\"heartbeatTimeoutCAT\":\"\"},{\"enableSerialAlarm\":\"0\",\"serialTypeAlarm\":\"nurse\",\"serialTypeProtocol\":\"rs232\",\"serialEspa444ModProtocol\":\"\",\"serialRS232EndLine\":\"\",\"serialRS232Timeout\":\"\",\"serialRS232Separator\":\"\",\"serialRS232StartInfo\":\"\",\"serialRS232EndInfo\":\"\",\"serialTcpHost\":\"\",\"serialTcpPort\":\"\",\"serialRepetitionTimeCat\":\"\",\"serialPositionCat\":\"\",\"stopOnEndLineSerial\":false,\"heartbeatTimeoutCAT\":\"\"}],\"outdoorEmailSerial\":false,\"indoorEmailSerial\":false,\"outdoorSmsSerial\":false,\"indoorSmsSerial\":false}', 0, '2024-03-28 10:59:03'),
(675, 'serial', '{\"serialDataArray\":[{\"enableSerialAlarm\":\"1\",\"serialTypeAlarm\":\"nurse\",\"serialTypeProtocol\":\"rs232\",\"serialEspa444ModProtocol\":\"\",\"serialRS232EndLine\":\"\\\\r\\\\n\",\"serialRS232Timeout\":\"1000\",\"serialRS232Separator\":\" \",\"serialRS232StartInfo\":\"0\",\"serialRS232EndInfo\":\"-1\",\"serialTcpHost\":\"127.0.0.1\",\"serialTcpPort\":\"8999\",\"serialRepetitionTimeCat\":\"\",\"serialPositionCat\":\"\",\"stopOnEndLineSerial\":false,\"heartbeatTimeoutCAT\":\"\"},{\"enableSerialAlarm\":\"0\",\"serialTypeAlarm\":\"nurse\",\"serialTypeProtocol\":\"rs232\",\"serialEspa444ModProtocol\":\"\",\"serialRS232EndLine\":\"\",\"serialRS232Timeout\":\"\",\"serialRS232Separator\":\"\",\"serialRS232StartInfo\":\"\",\"serialRS232EndInfo\":\"\",\"serialTcpHost\":\"\",\"serialTcpPort\":\"\",\"serialRepetitionTimeCat\":\"\",\"serialPositionCat\":\"\",\"stopOnEndLineSerial\":false,\"heartbeatTimeoutCAT\":\"\"},{\"enableSerialAlarm\":\"0\",\"serialTypeAlarm\":\"nurse\",\"serialTypeProtocol\":\"rs232\",\"serialEspa444ModProtocol\":\"\",\"serialRS232EndLine\":\"\",\"serialRS232Timeout\":\"\",\"serialRS232Separator\":\"\",\"serialRS232StartInfo\":\"\",\"serialRS232EndInfo\":\"\",\"serialTcpHost\":\"\",\"serialTcpPort\":\"\",\"serialRepetitionTimeCat\":\"\",\"serialPositionCat\":\"\",\"stopOnEndLineSerial\":false,\"heartbeatTimeoutCAT\":\"\"},{\"enableSerialAlarm\":\"0\",\"serialTypeAlarm\":\"nurse\",\"serialTypeProtocol\":\"rs232\",\"serialEspa444ModProtocol\":\"\",\"serialRS232EndLine\":\"\",\"serialRS232Timeout\":\"\",\"serialRS232Separator\":\"\",\"serialRS232StartInfo\":\"\",\"serialRS232EndInfo\":\"\",\"serialTcpHost\":\"\",\"serialTcpPort\":\"\",\"serialRepetitionTimeCat\":\"\",\"serialPositionCat\":\"\",\"stopOnEndLineSerial\":false,\"heartbeatTimeoutCAT\":\"\"},{\"enableSerialAlarm\":\"0\",\"serialTypeAlarm\":\"nurse\",\"serialTypeProtocol\":\"rs232\",\"serialEspa444ModProtocol\":\"\",\"serialRS232EndLine\":\"\",\"serialRS232Timeout\":\"\",\"serialRS232Separator\":\"\",\"serialRS232StartInfo\":\"\",\"serialRS232EndInfo\":\"\",\"serialTcpHost\":\"\",\"serialTcpPort\":\"\",\"serialRepetitionTimeCat\":\"\",\"serialPositionCat\":\"\",\"stopOnEndLineSerial\":false,\"heartbeatTimeoutCAT\":\"\"}],\"outdoorEmailSerial\":false,\"indoorEmailSerial\":false,\"outdoorSmsSerial\":false,\"indoorSmsSerial\":false}', 0, '2024-03-28 11:00:16'),
(676, 'serial', '{\"serialDataArray\":[{\"enableSerialAlarm\":\"1\",\"serialTypeAlarm\":\"altro\",\"serialTypeProtocol\":\"rs232\",\"serialEspa444ModProtocol\":\"\",\"serialRS232EndLine\":\"\\\\r\\\\n\",\"serialRS232Timeout\":\"1000\",\"serialRS232Separator\":\" \",\"serialRS232StartInfo\":\"4\",\"serialRS232EndInfo\":\"-1\",\"serialTcpHost\":\"0.0.0.0\",\"serialTcpPort\":\"4061\",\"serialRepetitionTimeCat\":\"\",\"serialPositionCat\":\"\",\"stopOnEndLineSerial\":false,\"heartbeatTimeoutCAT\":\"\"},{\"enableSerialAlarm\":\"0\",\"serialTypeAlarm\":\"nurse\",\"serialTypeProtocol\":\"rs232\",\"serialEspa444ModProtocol\":\"\",\"serialRS232EndLine\":\"\",\"serialRS232Timeout\":\"\",\"serialRS232Separator\":\"\",\"serialRS232StartInfo\":\"\",\"serialRS232EndInfo\":\"\",\"serialTcpHost\":\"\",\"serialTcpPort\":\"\",\"serialRepetitionTimeCat\":\"\",\"serialPositionCat\":\"\",\"stopOnEndLineSerial\":false,\"heartbeatTimeoutCAT\":\"\"},{\"enableSerialAlarm\":\"0\",\"serialTypeAlarm\":\"nurse\",\"serialTypeProtocol\":\"rs232\",\"serialEspa444ModProtocol\":\"\",\"serialRS232EndLine\":\"\",\"serialRS232Timeout\":\"\",\"serialRS232Separator\":\"\",\"serialRS232StartInfo\":\"\",\"serialRS232EndInfo\":\"\",\"serialTcpHost\":\"\",\"serialTcpPort\":\"\",\"serialRepetitionTimeCat\":\"\",\"serialPositionCat\":\"\",\"stopOnEndLineSerial\":false,\"heartbeatTimeoutCAT\":\"\"},{\"enableSerialAlarm\":\"0\",\"serialTypeAlarm\":\"nurse\",\"serialTypeProtocol\":\"rs232\",\"serialEspa444ModProtocol\":\"\",\"serialRS232EndLine\":\"\",\"serialRS232Timeout\":\"\",\"serialRS232Separator\":\"\",\"serialRS232StartInfo\":\"\",\"serialRS232EndInfo\":\"\",\"serialTcpHost\":\"\",\"serialTcpPort\":\"\",\"serialRepetitionTimeCat\":\"\",\"serialPositionCat\":\"\",\"stopOnEndLineSerial\":false,\"heartbeatTimeoutCAT\":\"\"},{\"enableSerialAlarm\":\"0\",\"serialTypeAlarm\":\"nurse\",\"serialTypeProtocol\":\"rs232\",\"serialEspa444ModProtocol\":\"\",\"serialRS232EndLine\":\"\",\"serialRS232Timeout\":\"\",\"serialRS232Separator\":\"\",\"serialRS232StartInfo\":\"\",\"serialRS232EndInfo\":\"\",\"serialTcpHost\":\"\",\"serialTcpPort\":\"\",\"serialRepetitionTimeCat\":\"\",\"serialPositionCat\":\"\",\"stopOnEndLineSerial\":false,\"heartbeatTimeoutCAT\":\"\"}],\"outdoorEmailSerial\":false,\"indoorEmailSerial\":false,\"outdoorSmsSerial\":false,\"indoorSmsSerial\":false}', 0, '2024-03-28 11:46:31'),
(677, 'serial', '{\"serialDataArray\":[{\"enableSerialAlarm\":\"0\",\"serialTypeAlarm\":\"altro\",\"serialTypeProtocol\":\"rs232\",\"serialEspa444ModProtocol\":\"\",\"serialRS232EndLine\":\"\\\\r\\\\n\",\"serialRS232Timeout\":\"1000\",\"serialRS232Separator\":\"###\",\"serialRS232StartInfo\":\"4\",\"serialRS232EndInfo\":\"-1\",\"serialTcpHost\":\"0.0.0.0\",\"serialTcpPort\":\"4061\",\"serialRepetitionTimeCat\":\"\",\"serialPositionCat\":\"\",\"stopOnEndLineSerial\":false,\"heartbeatTimeoutCAT\":\"\"},{\"enableSerialAlarm\":\"0\",\"serialTypeAlarm\":\"nurse\",\"serialTypeProtocol\":\"rs232\",\"serialEspa444ModProtocol\":\"\",\"serialRS232EndLine\":\"\",\"serialRS232Timeout\":\"\",\"serialRS232Separator\":\"\",\"serialRS232StartInfo\":\"\",\"serialRS232EndInfo\":\"\",\"serialTcpHost\":\"\",\"serialTcpPort\":\"\",\"serialRepetitionTimeCat\":\"\",\"serialPositionCat\":\"\",\"stopOnEndLineSerial\":false,\"heartbeatTimeoutCAT\":\"\"},{\"enableSerialAlarm\":\"0\",\"serialTypeAlarm\":\"nurse\",\"serialTypeProtocol\":\"rs232\",\"serialEspa444ModProtocol\":\"\",\"serialRS232EndLine\":\"\",\"serialRS232Timeout\":\"\",\"serialRS232Separator\":\"\",\"serialRS232StartInfo\":\"\",\"serialRS232EndInfo\":\"\",\"serialTcpHost\":\"\",\"serialTcpPort\":\"\",\"serialRepetitionTimeCat\":\"\",\"serialPositionCat\":\"\",\"stopOnEndLineSerial\":false,\"heartbeatTimeoutCAT\":\"\"},{\"enableSerialAlarm\":\"0\",\"serialTypeAlarm\":\"nurse\",\"serialTypeProtocol\":\"rs232\",\"serialEspa444ModProtocol\":\"\",\"serialRS232EndLine\":\"\",\"serialRS232Timeout\":\"\",\"serialRS232Separator\":\"\",\"serialRS232StartInfo\":\"\",\"serialRS232EndInfo\":\"\",\"serialTcpHost\":\"\",\"serialTcpPort\":\"\",\"serialRepetitionTimeCat\":\"\",\"serialPositionCat\":\"\",\"stopOnEndLineSerial\":false,\"heartbeatTimeoutCAT\":\"\"},{\"enableSerialAlarm\":\"0\",\"serialTypeAlarm\":\"nurse\",\"serialTypeProtocol\":\"rs232\",\"serialEspa444ModProtocol\":\"\",\"serialRS232EndLine\":\"\",\"serialRS232Timeout\":\"\",\"serialRS232Separator\":\"\",\"serialRS232StartInfo\":\"\",\"serialRS232EndInfo\":\"\",\"serialTcpHost\":\"\",\"serialTcpPort\":\"\",\"serialRepetitionTimeCat\":\"\",\"serialPositionCat\":\"\",\"stopOnEndLineSerial\":false,\"heartbeatTimeoutCAT\":\"\"}],\"outdoorEmailSerial\":false,\"indoorEmailSerial\":false,\"outdoorSmsSerial\":false,\"indoorSmsSerial\":false}', 0, '2024-03-28 12:30:09'),
(678, 'serial', '{\"serialDataArray\":[{\"enableSerialAlarm\":\"1\",\"serialTypeAlarm\":\"altro\",\"serialTypeProtocol\":\"rs232\",\"serialEspa444ModProtocol\":\"\",\"serialRS232EndLine\":\"\\\\r\\\\n\",\"serialRS232Timeout\":\"1000\",\"serialRS232Separator\":\" \",\"serialRS232StartInfo\":\"4\",\"serialRS232EndInfo\":\"-1\",\"serialTcpHost\":\"0.0.0.0\",\"serialTcpPort\":\"4061\",\"serialRepetitionTimeCat\":\"\",\"serialPositionCat\":\"\",\"stopOnEndLineSerial\":false,\"heartbeatTimeoutCAT\":\"\"},{\"enableSerialAlarm\":\"0\",\"serialTypeAlarm\":\"nurse\",\"serialTypeProtocol\":\"rs232\",\"serialEspa444ModProtocol\":\"\",\"serialRS232EndLine\":\"\",\"serialRS232Timeout\":\"\",\"serialRS232Separator\":\"\",\"serialRS232StartInfo\":\"\",\"serialRS232EndInfo\":\"\",\"serialTcpHost\":\"\",\"serialTcpPort\":\"\",\"serialRepetitionTimeCat\":\"\",\"serialPositionCat\":\"\",\"stopOnEndLineSerial\":false,\"heartbeatTimeoutCAT\":\"\"},{\"enableSerialAlarm\":\"0\",\"serialTypeAlarm\":\"nurse\",\"serialTypeProtocol\":\"rs232\",\"serialEspa444ModProtocol\":\"\",\"serialRS232EndLine\":\"\",\"serialRS232Timeout\":\"\",\"serialRS232Separator\":\"\",\"serialRS232StartInfo\":\"\",\"serialRS232EndInfo\":\"\",\"serialTcpHost\":\"\",\"serialTcpPort\":\"\",\"serialRepetitionTimeCat\":\"\",\"serialPositionCat\":\"\",\"stopOnEndLineSerial\":false,\"heartbeatTimeoutCAT\":\"\"},{\"enableSerialAlarm\":\"0\",\"serialTypeAlarm\":\"nurse\",\"serialTypeProtocol\":\"rs232\",\"serialEspa444ModProtocol\":\"\",\"serialRS232EndLine\":\"\",\"serialRS232Timeout\":\"\",\"serialRS232Separator\":\"\",\"serialRS232StartInfo\":\"\",\"serialRS232EndInfo\":\"\",\"serialTcpHost\":\"\",\"serialTcpPort\":\"\",\"serialRepetitionTimeCat\":\"\",\"serialPositionCat\":\"\",\"stopOnEndLineSerial\":false,\"heartbeatTimeoutCAT\":\"\"},{\"enableSerialAlarm\":\"0\",\"serialTypeAlarm\":\"nurse\",\"serialTypeProtocol\":\"rs232\",\"serialEspa444ModProtocol\":\"\",\"serialRS232EndLine\":\"\",\"serialRS232Timeout\":\"\",\"serialRS232Separator\":\"\",\"serialRS232StartInfo\":\"\",\"serialRS232EndInfo\":\"\",\"serialTcpHost\":\"\",\"serialTcpPort\":\"\",\"serialRepetitionTimeCat\":\"\",\"serialPositionCat\":\"\",\"stopOnEndLineSerial\":false,\"heartbeatTimeoutCAT\":\"\"}],\"outdoorEmailSerial\":false,\"indoorEmailSerial\":false,\"outdoorSmsSerial\":false,\"indoorSmsSerial\":false}', 0, '2024-04-11 16:30:03'),
(679, 'voice_rss_parameters', '{\"key\":\"a659f978bec54b5db56cef5423427c63\",\"language\":\"it-it\",\"speed\":\"-1\",\"format\":\"8khz_8bit_mono\",\"codecs\":\"WAV\",\"phrase\":\"Premi uno per riascoltare o premi due per confermare la ricezione del messaggio.\"}', 0, '2024-04-15 08:52:40'),
(680, 'serial', '{\"serialDataArray\":[{\"enableSerialAlarm\":\"0\",\"serialTypeAlarm\":\"altro\",\"serialTypeProtocol\":\"rs232\",\"serialEspa444ModProtocol\":\"\",\"serialRS232EndLine\":\"\\\\r\\\\n\",\"serialRS232Timeout\":\"1000\",\"serialRS232Separator\":\"###\",\"serialRS232StartInfo\":\"4\",\"serialRS232EndInfo\":\"-1\",\"serialTcpHost\":\"0.0.0.0\",\"serialTcpPort\":\"4061\",\"serialRepetitionTimeCat\":\"\",\"serialPositionCat\":\"\",\"stopOnEndLineSerial\":false,\"heartbeatTimeoutCAT\":\"\"},{\"enableSerialAlarm\":\"0\",\"serialTypeAlarm\":\"nurse\",\"serialTypeProtocol\":\"rs232\",\"serialEspa444ModProtocol\":\"\",\"serialRS232EndLine\":\"\",\"serialRS232Timeout\":\"\",\"serialRS232Separator\":\"\",\"serialRS232StartInfo\":\"\",\"serialRS232EndInfo\":\"\",\"serialTcpHost\":\"\",\"serialTcpPort\":\"\",\"serialRepetitionTimeCat\":\"\",\"serialPositionCat\":\"\",\"stopOnEndLineSerial\":false,\"heartbeatTimeoutCAT\":\"\"},{\"enableSerialAlarm\":\"0\",\"serialTypeAlarm\":\"nurse\",\"serialTypeProtocol\":\"rs232\",\"serialEspa444ModProtocol\":\"\",\"serialRS232EndLine\":\"\",\"serialRS232Timeout\":\"\",\"serialRS232Separator\":\"\",\"serialRS232StartInfo\":\"\",\"serialRS232EndInfo\":\"\",\"serialTcpHost\":\"\",\"serialTcpPort\":\"\",\"serialRepetitionTimeCat\":\"\",\"serialPositionCat\":\"\",\"stopOnEndLineSerial\":false,\"heartbeatTimeoutCAT\":\"\"},{\"enableSerialAlarm\":\"0\",\"serialTypeAlarm\":\"nurse\",\"serialTypeProtocol\":\"rs232\",\"serialEspa444ModProtocol\":\"\",\"serialRS232EndLine\":\"\",\"serialRS232Timeout\":\"\",\"serialRS232Separator\":\"\",\"serialRS232StartInfo\":\"\",\"serialRS232EndInfo\":\"\",\"serialTcpHost\":\"\",\"serialTcpPort\":\"\",\"serialRepetitionTimeCat\":\"\",\"serialPositionCat\":\"\",\"stopOnEndLineSerial\":false,\"heartbeatTimeoutCAT\":\"\"},{\"enableSerialAlarm\":\"0\",\"serialTypeAlarm\":\"nurse\",\"serialTypeProtocol\":\"rs232\",\"serialEspa444ModProtocol\":\"\",\"serialRS232EndLine\":\"\",\"serialRS232Timeout\":\"\",\"serialRS232Separator\":\"\",\"serialRS232StartInfo\":\"\",\"serialRS232EndInfo\":\"\",\"serialTcpHost\":\"\",\"serialTcpPort\":\"\",\"serialRepetitionTimeCat\":\"\",\"serialPositionCat\":\"\",\"stopOnEndLineSerial\":false,\"heartbeatTimeoutCAT\":\"\"}],\"outdoorEmailSerial\":false,\"indoorEmailSerial\":false,\"outdoorSmsSerial\":false,\"indoorSmsSerial\":false}', 0, '2024-04-15 08:57:13'),
(681, 'pbx1', '{\"pbxNChannel\":\"30\",\"pbxTrunkName\":\"trunk\",\"pbxApiProtocol\":\"http\",\"pbxHost\":\"localhost\",\"pbxPort\":\"8088\"}', 0, '2024-04-15 08:57:27'),
(682, 'dect_2', '{\"enableDectAlarm\":false,\"dectTypeAlarm\":\"allarme_numerico\",\"dectApiProtocolAlarm\":\"http\",\"dectApiHostAlarm\":\"\",\"dectApiPortAlarm\":\"\",\"dectApiPathAlarm\":\"\",\"dectApiProtocolCellAlarm\":\"http\",\"dectHtmlHostCellAlarm\":\"\",\"dectHtmlPortCellAlarm\":\"\",\"dectHtmlPathCellAlarm\":\"\",\"path_master\":\"/Applications/MAMP/htdocs/isafe_web/auxiliary/test/Master.csv\",\"path_snmp\":\"/Applications/MAMP/htdocs/isafe_web/auxiliary/test/snmpagent.log\",\"internalAlarmPrevText\":\"\",\"internalAlarmNextText\":\"\",\"alarmNumberDect\":\"\",\"numberNormalPositionDect\":\"\",\"numberForcePositionDect\":\"\",\"outdoorEmailDect\":true,\"indoorEmailDect\":true,\"outdoorSmsDect\":true,\"indoorSmsDect\":true}', 0, '2024-04-15 08:57:53'),
(683, 'dect_2', '{\"enableDectAlarm\":false,\"dectTypeAlarm\":\"allarme_numerico\",\"dectApiProtocolAlarm\":\"http\",\"dectApiHostAlarm\":\"\",\"dectApiPortAlarm\":\"\",\"dectApiPathAlarm\":\"\",\"dectApiProtocolCellAlarm\":\"http\",\"dectHtmlHostCellAlarm\":\"\",\"dectHtmlPortCellAlarm\":\"\",\"dectHtmlPathCellAlarm\":\"\",\"path_master\":\"/Applications/MAMP/htdocs/isafe_web/auxiliary/test/Master.csv\",\"path_snmp\":\"/Applications/MAMP/htdocs/isafe_web/auxiliary/test/snmpagent.log\",\"internalAlarmPrevText\":\"\",\"internalAlarmNextText\":\"\",\"alarmNumberDect\":\"\",\"numberNormalPositionDect\":\"\",\"numberForcePositionDect\":\"\",\"outdoorEmailDect\":true,\"indoorEmailDect\":true,\"outdoorSmsDect\":true,\"indoorSmsDect\":true}', 0, '2024-04-15 08:58:56'),
(684, 'dect_2', '{\"enableDectAlarm\":true,\"dectTypeAlarm\":\"allarme_numerico\",\"dectApiProtocolAlarm\":\"http\",\"dectApiHostAlarm\":\"\",\"dectApiPortAlarm\":\"\",\"dectApiPathAlarm\":\"\",\"dectApiProtocolCellAlarm\":\"http\",\"dectHtmlHostCellAlarm\":\"\",\"dectHtmlPortCellAlarm\":\"\",\"dectHtmlPathCellAlarm\":\"\",\"path_master\":\"/Applications/MAMP/htdocs/isafe_web/auxiliary/test/Master.csv\",\"path_snmp\":\"/Applications/MAMP/htdocs/isafe_web/auxiliary/test/snmpagent.log\",\"internalAlarmPrevText\":\"\",\"internalAlarmNextText\":\"\",\"alarmNumberDect\":\"\",\"numberNormalPositionDect\":\"\",\"numberForcePositionDect\":\"\",\"outdoorEmailDect\":true,\"indoorEmailDect\":true,\"outdoorSmsDect\":true,\"indoorSmsDect\":true}', 0, '2024-04-15 08:59:01'),
(685, 'dect_2', '{\"enableDectAlarm\":false,\"dectTypeAlarm\":\"allarme_numerico\",\"dectApiProtocolAlarm\":\"http\",\"dectApiHostAlarm\":\"\",\"dectApiPortAlarm\":\"\",\"dectApiPathAlarm\":\"\",\"dectApiProtocolCellAlarm\":\"http\",\"dectHtmlHostCellAlarm\":\"\",\"dectHtmlPortCellAlarm\":\"\",\"dectHtmlPathCellAlarm\":\"\",\"path_master\":\"/Applications/MAMP/htdocs/isafe_web/auxiliary/test/Master.csv\",\"path_snmp\":\"/Applications/MAMP/htdocs/isafe_web/auxiliary/test/snmpagent.log\",\"internalAlarmPrevText\":\"\",\"internalAlarmNextText\":\"\",\"alarmNumberDect\":\"\",\"numberNormalPositionDect\":\"\",\"numberForcePositionDect\":\"\",\"outdoorEmailDect\":true,\"indoorEmailDect\":true,\"outdoorSmsDect\":true,\"indoorSmsDect\":true}', 1, '2024-04-15 08:59:04'),
(686, 'dect_1', '{\"enableDectAlarm\":true,\"dectTypeAlarm\":\"gigaset_bm\",\"dectApiProtocolAlarm\":\"http\",\"dectApiHostAlarm\":\"\",\"dectApiPortAlarm\":\"\",\"dectApiPathAlarm\":\"\",\"dectApiProtocolCellAlarm\":\"http\",\"dectHtmlHostCellAlarm\":\"\",\"dectHtmlPortCellAlarm\":\"\",\"dectHtmlPathCellAlarm\":\"\",\"path_master\":\"/Applications/MAMP/htdocs/isafe_web/auxiliary/test/Master.csv\",\"path_snmp\":\"/Applications/MAMP/htdocs/isafe_web/auxiliary/test/snmpagent.log\",\"internalAlarmPrevText\":\"\",\"internalAlarmNextText\":\"\",\"alarmNumberDect\":\"222\",\"numberNormalPositionDect\":\"\",\"numberForcePositionDect\":\"\",\"outdoorEmailDect\":false,\"indoorEmailDect\":true,\"outdoorSmsDect\":false,\"indoorSmsDect\":true}', 0, '2024-04-15 08:59:21');
INSERT INTO `configurations` (`id`, `name_key`, `value`, `active`, `insert_time`) VALUES
(687, 'voice_rss_parameters', '{\"key\":\"a659f978bec54b5db56cef5423427c63\",\"language\":\"it-it\",\"speed\":\"-1\",\"format\":\"8khz_8bit_mono\",\"codecs\":\"WAV\",\"phrase\":\"Premi uno per riascoltare o premi due per confermare la ricezione del messaggio.\"}', 0, '2024-04-15 11:00:49'),
(688, 'scada', '{\n\"enableScada\":18,\n			\"threadConfiguration\": {\n\"threadNumber\":18,\n				\"sleepTime\": 5000,\n				\"sleepTimeException\": 5000,\n				\"actions\": true,\n				\"emailOptions\": [],\n				\"smsOptions\": [],\n				\"appInfo\": [],\n				\"scadaDbInfo\": [\n					{\n						\"dbType\": \"sqlexpress\",\n						\"dbHost\": \"192.168.199.2\",\n						\"dbName\": \"Prova\",\n						\"dbUser\": \"sa\",\n						\"dbPassword\": \"Wdfjklcg99!\",\n						\"dbRestOfConnectionString\": \"\",\n						\"tablesInfo\": [\n							{\n								\"tableName\": \"dbo.Tabella1\",\n								\"tableId\": \"id\",\n								\"modality\": \"trouble\",\n								\"alarmDescriptionColumn\": \"name\",\n								\"alarmGroupNameColumn\": \"name\",\n								\"alarmBeginColumn\": \"name\",\n								\"alarmEndColumn\": \"name\"\n							}\n						]\n					}\n				],\n				\"isafeWebInfo\": {\n					\"protocol\": \"http\",\n					\"host\": \"localhost\",\n					\"port\": \"80\",\n					\"token\": \"aYhCfhv0m9LBTpgrgoLBUgSXv1E02qQRg1DdBLAxu2wxstGhDy\",\n					\"path\": \"/isafe_web/api/\",\n\"name\":\"Coster 3\"\n				}\n			}\n		}', 0, '2024-05-01 16:45:01'),
(689, 'pbx1', '{\"pbxNChannel\":\"30\",\"pbxTrunkName\":\"trunk\",\"pbxActive\":true,\"pbxApiProtocol\":\"http\",\"pbxHost\":\"10.8.0.1\",\"pbxPort\":\"8088\"}', 0, '2024-05-02 21:27:11'),
(690, 'twig_1', '{\"enableTwigAlarm\":true,\"twigMode\":\"first_beacon_second_area\",\"customerToken\":\"lyqasni4fl8qpcrhp60s\",\"enableWatchdogAlarm\":\"1\",\"watchdogMap\":\"1\",\"enableBatteryAlarm\":\"1\",\"batteryMap\":\"1\",\"tracking\":\"1\",\"status\":\"1\",\"backEndTwig\":\"https://twig.blumit.it\",\"outdoorEmailTwig\":true,\"indoorEmailTwig\":true,\"outdoorSmsTwig\":true,\"indoorSmsTwig\":true}', 0, '2024-05-10 15:49:49'),
(691, 'pbx1', '{\"pbxNChannel\":\"30\",\"pbxTrunkName\":\"trunk\",\"pbxApiProtocol\":\"http\",\"pbxHost\":\"10.8.0.1\",\"pbxPort\":\"8088\"}', 1, '2024-05-10 20:18:57'),
(692, 'twig_1', '{\"enableTwigAlarm\":true,\"twigMode\":\"first_beacon_second_area\",\"customerToken\":\"lyqasni4fl8qpcrhp60s\",\"enableWatchdogAlarm\":\"1\",\"watchdogMap\":\"1\",\"enableBatteryAlarm\":\"1\",\"batteryMap\":\"1\",\"tracking\":\"1\",\"status\":\"1\",\"backEndTwig\":\"https://twig.blumit.it\",\"outdoorEmailTwig\":true,\"indoorEmailTwig\":true,\"outdoorSmsTwig\":true,\"indoorSmsTwig\":true}', 0, '2024-05-10 20:19:12'),
(693, 'dect_1', '{\"enableDectAlarm\":false,\"dectTypeAlarm\":\"gigaset_bm\",\"dectApiProtocolAlarm\":\"http\",\"dectApiHostAlarm\":\"\",\"dectApiPortAlarm\":\"\",\"dectApiPathAlarm\":\"\",\"dectApiProtocolCellAlarm\":\"http\",\"dectHtmlHostCellAlarm\":\"\",\"dectHtmlPortCellAlarm\":\"\",\"dectHtmlPathCellAlarm\":\"\",\"path_master\":\"/Applications/MAMP/htdocs/isafe_web/auxiliary/test/Master.csv\",\"path_snmp\":\"/Applications/MAMP/htdocs/isafe_web/auxiliary/test/snmpagent.log\",\"internalAlarmPrevText\":\"\",\"internalAlarmNextText\":\"\",\"alarmNumberDect\":\"222\",\"numberNormalPositionDect\":\"\",\"numberForcePositionDect\":\"\",\"outdoorEmailDect\":false,\"indoorEmailDect\":true,\"outdoorSmsDect\":false,\"indoorSmsDect\":true}', 1, '2024-05-10 20:19:39'),
(694, 'pop3_1', '{\"enablePop3ToTrouble\":\"0\",\"sslPop3ToTrouble\":\"0\",\"pop3ToTroubleHost\":\"10.5.1.236\",\"pop3ToTroublePort\":\"110\",\"pop3ToTroubleUser\":\"ewon\",\"pop3ToTroublePassword\":\"ewon\",\"pop3Infos\":[{\"pop3ToTroubleName\":\"Inizio_Allarme\",\"pop3ToTroubleKeyWords\":\"ALM LVL\",\"pop3ToTroubleWhere\":\"subject\",\"pop3ToTroubleInfo\":\"subject\",\"pop3ToTroubleFilter\":\"contain\",\"pop3ToTroubleInfoSeparator\":\",\",\"pop3ToTroubleInfoPositionAfterSep\":\"5\"},{\"pop3ToTroubleName\":\"\",\"pop3ToTroubleKeyWords\":\"\",\"pop3ToTroubleWhere\":\"subject\",\"pop3ToTroubleInfo\":\"subject\",\"pop3ToTroubleFilter\":\"contain\",\"pop3ToTroubleInfoSeparator\":\"\",\"pop3ToTroubleInfoPositionAfterSep\":\"\"},{\"pop3ToTroubleName\":\"\",\"pop3ToTroubleKeyWords\":\"\",\"pop3ToTroubleWhere\":\"subject\",\"pop3ToTroubleInfo\":\"subject\",\"pop3ToTroubleFilter\":\"contain\",\"pop3ToTroubleInfoSeparator\":\"\",\"pop3ToTroubleInfoPositionAfterSep\":\"\"},{\"pop3ToTroubleName\":\"\",\"pop3ToTroubleKeyWords\":\"\",\"pop3ToTroubleWhere\":\"subject\",\"pop3ToTroubleInfo\":\"subject\",\"pop3ToTroubleFilter\":\"contain\",\"pop3ToTroubleInfoSeparator\":\"\",\"pop3ToTroubleInfoPositionAfterSep\":\"\"},{\"pop3ToTroubleName\":\"\",\"pop3ToTroubleKeyWords\":\"\",\"pop3ToTroubleWhere\":\"subject\",\"pop3ToTroubleInfo\":\"subject\",\"pop3ToTroubleFilter\":\"contain\",\"pop3ToTroubleInfoSeparator\":\"\",\"pop3ToTroubleInfoPositionAfterSep\":\"\"}]}', 1, '2024-05-10 20:19:59'),
(695, 'app_android_1', '{\"enableAndroidAlarm\":true,\"androidSourceAlarm\":\"sms\",\"androidMode\":\"first_beacon_second_area\",\"smsServerApp\":\"https://sms.phoenyxsrl.com\",\"backEndApp\":\"https://app.phoenyxsrl.com\",\"smsServerIdCustomer\":\"87\",\"smsServerTokenCustomer\":\"da39a3ee5e6b4b0d3255bfef95601890afd8070991a1e5a9a96ee49546e9ad94c8b5463d9fb44654\",\"customerKey\":\"fc153d5aeeab6563105c5bd38c586b7d\",\"enableKeepAlive\":\"0\",\"keepAlive\":\"300\",\"keepAliveModality\":\"manDown\",\"keepAliveMap\":\"1\",\"batteryCheck\":\"0\",\"batteryLevel\":\"15\",\"outdoorEmailAndroid\":true,\"indoorEmailAndroid\":true,\"outdoorSmsAndroid\":true,\"indoorSmsAndroid\":true}', 0, '2024-05-11 01:24:48'),
(696, 'app_android_1', '{\"enableAndroidAlarm\":false,\"androidSourceAlarm\":\"sms\",\"androidMode\":\"first_beacon_second_area\",\"smsServerApp\":null,\"backEndApp\":null,\"smsServerIdCustomer\":\"87\",\"smsServerTokenCustomer\":\"da39a3ee5e6b4b0d3255bfef95601890afd8070991a1e5a9a96ee49546e9ad94c8b5463d9fb44654\",\"customerKey\":\"fc153d5aeeab6563105c5bd38c586b7d\",\"enableKeepAlive\":\"0\",\"keepAlive\":\"300\",\"keepAliveModality\":\"manDown\",\"keepAliveMap\":\"1\",\"batteryCheck\":\"0\",\"batteryLevel\":\"15\",\"outdoorEmailAndroid\":true,\"indoorEmailAndroid\":true,\"outdoorSmsAndroid\":true,\"indoorSmsAndroid\":true}', 0, '2024-05-11 01:28:23'),
(697, 'voice_rss_parameters', '{\"key\":\"a659f978bec54b5db56cef5423427c63\",\"language\":\"it-it\",\"speed\":\"-1\",\"format\":\"8khz_8bit_mono\",\"codecs\":\"WAV\",\"phrase\":\"Premi uno per riascoltare o premi due per confermare la ricezione del messaggio.\"}', 0, '2024-05-11 02:00:03'),
(698, 'voice_rss_parameters', '{\"key\":\"a659f978bec54b5db56cef5423427c63\",\"language\":\"it-it\",\"speed\":\"-1\",\"format\":\"8khz_8bit_mono\",\"codecs\":\"WAV\",\"phrase\":\"Premi uno per riascoltare o premi due per confermare la ricezione del messaggio.\"}', 0, '2024-05-11 02:36:52'),
(699, 'voice_rss_parameters', '{\"key\":\"a659f978bec54b5db56cef5423427c63\",\"language\":\"it-it\",\"speed\":\"-1\",\"format\":\"8khz_8bit_mono\",\"codecs\":\"WAV\",\"phrase\":\"Premi uno per riascoltare o premi due per confermare la ricezione del messaggio.\"}', 0, '2024-05-11 03:04:48'),
(700, 'serial', '{\"serialDataArray\":[{\"enableSerialAlarm\":\"1\",\"serialTypeAlarm\":\"nurse\",\"serialTypeProtocol\":\"rs232\",\"serialEspa444ModProtocol\":\"\",\"serialRS232EndLine\":\"\\\\r\\\\n\",\"serialRS232Timeout\":\"1000\",\"serialRS232Separator\":\" \",\"serialRS232StartInfo\":\"0\",\"serialRS232EndInfo\":\"-1\",\"serialTcpHost\":\"0.0.0.0\",\"serialTcpPort\":\"4061\",\"serialRepetitionTimeCat\":\"\",\"serialPositionCat\":\"\",\"stopOnEndLineSerial\":false,\"heartbeatTimeoutCAT\":\"\"},{\"enableSerialAlarm\":\"0\",\"serialTypeAlarm\":\"nurse\",\"serialTypeProtocol\":\"rs232\",\"serialEspa444ModProtocol\":\"\",\"serialRS232EndLine\":\"\",\"serialRS232Timeout\":\"\",\"serialRS232Separator\":\"\",\"serialRS232StartInfo\":\"\",\"serialRS232EndInfo\":\"\",\"serialTcpHost\":\"\",\"serialTcpPort\":\"\",\"serialRepetitionTimeCat\":\"\",\"serialPositionCat\":\"\",\"stopOnEndLineSerial\":false,\"heartbeatTimeoutCAT\":\"\"},{\"enableSerialAlarm\":\"0\",\"serialTypeAlarm\":\"nurse\",\"serialTypeProtocol\":\"rs232\",\"serialEspa444ModProtocol\":\"\",\"serialRS232EndLine\":\"\",\"serialRS232Timeout\":\"\",\"serialRS232Separator\":\"\",\"serialRS232StartInfo\":\"\",\"serialRS232EndInfo\":\"\",\"serialTcpHost\":\"\",\"serialTcpPort\":\"\",\"serialRepetitionTimeCat\":\"\",\"serialPositionCat\":\"\",\"stopOnEndLineSerial\":false,\"heartbeatTimeoutCAT\":\"\"},{\"enableSerialAlarm\":\"0\",\"serialTypeAlarm\":\"nurse\",\"serialTypeProtocol\":\"rs232\",\"serialEspa444ModProtocol\":\"\",\"serialRS232EndLine\":\"\",\"serialRS232Timeout\":\"\",\"serialRS232Separator\":\"\",\"serialRS232StartInfo\":\"\",\"serialRS232EndInfo\":\"\",\"serialTcpHost\":\"\",\"serialTcpPort\":\"\",\"serialRepetitionTimeCat\":\"\",\"serialPositionCat\":\"\",\"stopOnEndLineSerial\":false,\"heartbeatTimeoutCAT\":\"\"},{\"enableSerialAlarm\":\"0\",\"serialTypeAlarm\":\"nurse\",\"serialTypeProtocol\":\"rs232\",\"serialEspa444ModProtocol\":\"\",\"serialRS232EndLine\":\"\",\"serialRS232Timeout\":\"\",\"serialRS232Separator\":\"\",\"serialRS232StartInfo\":\"\",\"serialRS232EndInfo\":\"\",\"serialTcpHost\":\"\",\"serialTcpPort\":\"\",\"serialRepetitionTimeCat\":\"\",\"serialPositionCat\":\"\",\"stopOnEndLineSerial\":false,\"heartbeatTimeoutCAT\":\"\"}],\"outdoorEmailSerial\":false,\"indoorEmailSerial\":false,\"outdoorSmsSerial\":false,\"indoorSmsSerial\":false}', 0, '2024-05-25 09:42:21'),
(701, 'serial', '{\"serialDataArray\":[{\"enableSerialAlarm\":\"1\",\"serialTypeAlarm\":\"nurse\",\"serialTypeProtocol\":\"rs232\",\"serialEspa444ModProtocol\":\"\",\"serialRS232EndLine\":\"\\\\r\\\\n\",\"serialRS232Timeout\":\"1000\",\"serialRS232Separator\":\" \",\"serialRS232StartInfo\":\"1\",\"serialRS232EndInfo\":\"-1\",\"serialTcpHost\":\"0.0.0.0\",\"serialTcpPort\":\"4061\",\"serialRepetitionTimeCat\":\"\",\"serialPositionCat\":\"\",\"stopOnEndLineSerial\":false,\"heartbeatTimeoutCAT\":\"\"},{\"enableSerialAlarm\":\"0\",\"serialTypeAlarm\":\"nurse\",\"serialTypeProtocol\":\"rs232\",\"serialEspa444ModProtocol\":\"\",\"serialRS232EndLine\":\"\",\"serialRS232Timeout\":\"\",\"serialRS232Separator\":\"\",\"serialRS232StartInfo\":\"\",\"serialRS232EndInfo\":\"\",\"serialTcpHost\":\"\",\"serialTcpPort\":\"\",\"serialRepetitionTimeCat\":\"\",\"serialPositionCat\":\"\",\"stopOnEndLineSerial\":false,\"heartbeatTimeoutCAT\":\"\"},{\"enableSerialAlarm\":\"0\",\"serialTypeAlarm\":\"nurse\",\"serialTypeProtocol\":\"rs232\",\"serialEspa444ModProtocol\":\"\",\"serialRS232EndLine\":\"\",\"serialRS232Timeout\":\"\",\"serialRS232Separator\":\"\",\"serialRS232StartInfo\":\"\",\"serialRS232EndInfo\":\"\",\"serialTcpHost\":\"\",\"serialTcpPort\":\"\",\"serialRepetitionTimeCat\":\"\",\"serialPositionCat\":\"\",\"stopOnEndLineSerial\":false,\"heartbeatTimeoutCAT\":\"\"},{\"enableSerialAlarm\":\"0\",\"serialTypeAlarm\":\"nurse\",\"serialTypeProtocol\":\"rs232\",\"serialEspa444ModProtocol\":\"\",\"serialRS232EndLine\":\"\",\"serialRS232Timeout\":\"\",\"serialRS232Separator\":\"\",\"serialRS232StartInfo\":\"\",\"serialRS232EndInfo\":\"\",\"serialTcpHost\":\"\",\"serialTcpPort\":\"\",\"serialRepetitionTimeCat\":\"\",\"serialPositionCat\":\"\",\"stopOnEndLineSerial\":false,\"heartbeatTimeoutCAT\":\"\"},{\"enableSerialAlarm\":\"0\",\"serialTypeAlarm\":\"nurse\",\"serialTypeProtocol\":\"rs232\",\"serialEspa444ModProtocol\":\"\",\"serialRS232EndLine\":\"\",\"serialRS232Timeout\":\"\",\"serialRS232Separator\":\"\",\"serialRS232StartInfo\":\"\",\"serialRS232EndInfo\":\"\",\"serialTcpHost\":\"\",\"serialTcpPort\":\"\",\"serialRepetitionTimeCat\":\"\",\"serialPositionCat\":\"\",\"stopOnEndLineSerial\":false,\"heartbeatTimeoutCAT\":\"\"}],\"outdoorEmailSerial\":false,\"indoorEmailSerial\":false,\"outdoorSmsSerial\":false,\"indoorSmsSerial\":false}', 0, '2024-05-25 09:44:30'),
(702, 'serial', '{\"serialDataArray\":[{\"enableSerialAlarm\":\"1\",\"serialTypeAlarm\":\"nurse\",\"serialTypeProtocol\":\"rs232\",\"serialEspa444ModProtocol\":\"\",\"serialRS232EndLine\":\"\\\\r\\\\n\",\"serialRS232Timeout\":\"1000\",\"serialRS232Separator\":\" \",\"serialRS232StartInfo\":\"1\",\"serialRS232EndInfo\":\"-1\",\"serialTcpHost\":\"0.0.0.0\",\"serialTcpPort\":\"4061\",\"serialRepetitionTimeCat\":\"\",\"serialPositionCat\":\"\",\"stopOnEndLineSerial\":false,\"heartbeatTimeoutCAT\":\"\"},{\"enableSerialAlarm\":\"0\",\"serialTypeAlarm\":\"nurse\",\"serialTypeProtocol\":\"rs232\",\"serialEspa444ModProtocol\":\"\",\"serialRS232EndLine\":\"\",\"serialRS232Timeout\":\"\",\"serialRS232Separator\":\"\",\"serialRS232StartInfo\":\"\",\"serialRS232EndInfo\":\"\",\"serialTcpHost\":\"\",\"serialTcpPort\":\"\",\"serialRepetitionTimeCat\":\"\",\"serialPositionCat\":\"\",\"stopOnEndLineSerial\":false,\"heartbeatTimeoutCAT\":\"\"},{\"enableSerialAlarm\":\"0\",\"serialTypeAlarm\":\"nurse\",\"serialTypeProtocol\":\"rs232\",\"serialEspa444ModProtocol\":\"\",\"serialRS232EndLine\":\"\",\"serialRS232Timeout\":\"\",\"serialRS232Separator\":\"\",\"serialRS232StartInfo\":\"\",\"serialRS232EndInfo\":\"\",\"serialTcpHost\":\"\",\"serialTcpPort\":\"\",\"serialRepetitionTimeCat\":\"\",\"serialPositionCat\":\"\",\"stopOnEndLineSerial\":false,\"heartbeatTimeoutCAT\":\"\"},{\"enableSerialAlarm\":\"0\",\"serialTypeAlarm\":\"nurse\",\"serialTypeProtocol\":\"rs232\",\"serialEspa444ModProtocol\":\"\",\"serialRS232EndLine\":\"\",\"serialRS232Timeout\":\"\",\"serialRS232Separator\":\"\",\"serialRS232StartInfo\":\"\",\"serialRS232EndInfo\":\"\",\"serialTcpHost\":\"\",\"serialTcpPort\":\"\",\"serialRepetitionTimeCat\":\"\",\"serialPositionCat\":\"\",\"stopOnEndLineSerial\":false,\"heartbeatTimeoutCAT\":\"\"},{\"enableSerialAlarm\":\"0\",\"serialTypeAlarm\":\"nurse\",\"serialTypeProtocol\":\"rs232\",\"serialEspa444ModProtocol\":\"\",\"serialRS232EndLine\":\"\",\"serialRS232Timeout\":\"\",\"serialRS232Separator\":\"\",\"serialRS232StartInfo\":\"\",\"serialRS232EndInfo\":\"\",\"serialTcpHost\":\"\",\"serialTcpPort\":\"\",\"serialRepetitionTimeCat\":\"\",\"serialPositionCat\":\"\",\"stopOnEndLineSerial\":false,\"heartbeatTimeoutCAT\":\"\"}],\"outdoorEmailSerial\":false,\"indoorEmailSerial\":false,\"outdoorSmsSerial\":false,\"indoorSmsSerial\":false}', 0, '2024-05-25 14:53:44'),
(703, 'serial', '{\"serialDataArray\":[{\"enableSerialAlarm\":\"1\",\"serialTypeAlarm\":\"nurse\",\"serialTypeProtocol\":\"rs232\",\"serialEspa444ModProtocol\":\"\",\"serialRS232EndLine\":\"\\\\r\\\\n\",\"serialRS232Timeout\":\"1000\",\"serialRS232Separator\":\" \",\"serialRS232StartInfo\":\"1\",\"serialRS232EndInfo\":\"-1\",\"serialTcpHost\":\"0.0.0.0\",\"serialTcpPort\":\"4061\",\"serialRepetitionTimeCat\":\"\",\"serialPositionCat\":\"\",\"stopOnEndLineSerial\":false,\"heartbeatTimeoutCAT\":\"\"},{\"enableSerialAlarm\":\"0\",\"serialTypeAlarm\":\"nurse\",\"serialTypeProtocol\":\"rs232\",\"serialEspa444ModProtocol\":\"\",\"serialRS232EndLine\":\"\",\"serialRS232Timeout\":\"\",\"serialRS232Separator\":\"\",\"serialRS232StartInfo\":\"\",\"serialRS232EndInfo\":\"\",\"serialTcpHost\":\"\",\"serialTcpPort\":\"\",\"serialRepetitionTimeCat\":\"\",\"serialPositionCat\":\"\",\"stopOnEndLineSerial\":false,\"heartbeatTimeoutCAT\":\"\"},{\"enableSerialAlarm\":\"0\",\"serialTypeAlarm\":\"nurse\",\"serialTypeProtocol\":\"rs232\",\"serialEspa444ModProtocol\":\"\",\"serialRS232EndLine\":\"\",\"serialRS232Timeout\":\"\",\"serialRS232Separator\":\"\",\"serialRS232StartInfo\":\"\",\"serialRS232EndInfo\":\"\",\"serialTcpHost\":\"\",\"serialTcpPort\":\"\",\"serialRepetitionTimeCat\":\"\",\"serialPositionCat\":\"\",\"stopOnEndLineSerial\":false,\"heartbeatTimeoutCAT\":\"\"},{\"enableSerialAlarm\":\"0\",\"serialTypeAlarm\":\"nurse\",\"serialTypeProtocol\":\"rs232\",\"serialEspa444ModProtocol\":\"\",\"serialRS232EndLine\":\"\",\"serialRS232Timeout\":\"\",\"serialRS232Separator\":\"\",\"serialRS232StartInfo\":\"\",\"serialRS232EndInfo\":\"\",\"serialTcpHost\":\"\",\"serialTcpPort\":\"\",\"serialRepetitionTimeCat\":\"\",\"serialPositionCat\":\"\",\"stopOnEndLineSerial\":false,\"heartbeatTimeoutCAT\":\"\"},{\"enableSerialAlarm\":\"0\",\"serialTypeAlarm\":\"nurse\",\"serialTypeProtocol\":\"rs232\",\"serialEspa444ModProtocol\":\"\",\"serialRS232EndLine\":\"\",\"serialRS232Timeout\":\"\",\"serialRS232Separator\":\"\",\"serialRS232StartInfo\":\"\",\"serialRS232EndInfo\":\"\",\"serialTcpHost\":\"\",\"serialTcpPort\":\"\",\"serialRepetitionTimeCat\":\"\",\"serialPositionCat\":\"\",\"stopOnEndLineSerial\":false,\"heartbeatTimeoutCAT\":\"\"}],\"outdoorEmailSerial\":false,\"indoorEmailSerial\":false,\"outdoorSmsSerial\":false,\"indoorSmsSerial\":false}', 0, '2024-05-25 14:54:14'),
(704, 'serial', '{\"serialDataArray\":[{\"enableSerialAlarm\":\"1\",\"serialTypeAlarm\":\"nurse\",\"serialTypeProtocol\":\"rs232\",\"serialEspa444ModProtocol\":\"\",\"serialRS232EndLine\":\"\\\\r\\\\n\",\"serialRS232Timeout\":\"1000\",\"serialRS232Separator\":\" \",\"serialRS232StartInfo\":\"1\",\"serialRS232EndInfo\":\"-1\",\"serialTcpHost\":\"0.0.0.0\",\"serialTcpPort\":\"4061\",\"serialRepetitionTimeCat\":\"\",\"serialPositionCat\":\"\",\"stopOnEndLineSerial\":false,\"heartbeatTimeoutCAT\":\"\"},{\"enableSerialAlarm\":\"0\",\"serialTypeAlarm\":\"nurse\",\"serialTypeProtocol\":\"rs232\",\"serialEspa444ModProtocol\":\"\",\"serialRS232EndLine\":\"\",\"serialRS232Timeout\":\"\",\"serialRS232Separator\":\"\",\"serialRS232StartInfo\":\"\",\"serialRS232EndInfo\":\"\",\"serialTcpHost\":\"\",\"serialTcpPort\":\"\",\"serialRepetitionTimeCat\":\"\",\"serialPositionCat\":\"\",\"stopOnEndLineSerial\":false,\"heartbeatTimeoutCAT\":\"\"},{\"enableSerialAlarm\":\"0\",\"serialTypeAlarm\":\"nurse\",\"serialTypeProtocol\":\"rs232\",\"serialEspa444ModProtocol\":\"\",\"serialRS232EndLine\":\"\",\"serialRS232Timeout\":\"\",\"serialRS232Separator\":\"\",\"serialRS232StartInfo\":\"\",\"serialRS232EndInfo\":\"\",\"serialTcpHost\":\"\",\"serialTcpPort\":\"\",\"serialRepetitionTimeCat\":\"\",\"serialPositionCat\":\"\",\"stopOnEndLineSerial\":false,\"heartbeatTimeoutCAT\":\"\"},{\"enableSerialAlarm\":\"0\",\"serialTypeAlarm\":\"nurse\",\"serialTypeProtocol\":\"rs232\",\"serialEspa444ModProtocol\":\"\",\"serialRS232EndLine\":\"\",\"serialRS232Timeout\":\"\",\"serialRS232Separator\":\"\",\"serialRS232StartInfo\":\"\",\"serialRS232EndInfo\":\"\",\"serialTcpHost\":\"\",\"serialTcpPort\":\"\",\"serialRepetitionTimeCat\":\"\",\"serialPositionCat\":\"\",\"stopOnEndLineSerial\":false,\"heartbeatTimeoutCAT\":\"\"},{\"enableSerialAlarm\":\"0\",\"serialTypeAlarm\":\"nurse\",\"serialTypeProtocol\":\"rs232\",\"serialEspa444ModProtocol\":\"\",\"serialRS232EndLine\":\"\",\"serialRS232Timeout\":\"\",\"serialRS232Separator\":\"\",\"serialRS232StartInfo\":\"\",\"serialRS232EndInfo\":\"\",\"serialTcpHost\":\"\",\"serialTcpPort\":\"\",\"serialRepetitionTimeCat\":\"\",\"serialPositionCat\":\"\",\"stopOnEndLineSerial\":false,\"heartbeatTimeoutCAT\":\"\"}],\"outdoorEmailSerial\":false,\"indoorEmailSerial\":false,\"outdoorSmsSerial\":false,\"indoorSmsSerial\":false}', 0, '2024-05-25 14:54:20'),
(705, 'serial', '{\"serialDataArray\":[{\"enableSerialAlarm\":\"1\",\"serialTypeAlarm\":\"nurse\",\"serialTypeProtocol\":\"rs232\",\"serialEspa444ModProtocol\":\"\",\"serialRS232EndLine\":\"\\\\r\\\\n\",\"serialRS232Timeout\":\"1000\",\"serialRS232Separator\":\" \",\"serialRS232StartInfo\":\"1\",\"serialRS232EndInfo\":\"-1\",\"serialTcpHost\":\"0.0.0.0\",\"serialTcpPort\":\"4061\",\"serialRepetitionTimeCat\":\"\",\"serialPositionCat\":\"\",\"stopOnEndLineSerial\":false,\"heartbeatTimeoutCAT\":\"\"},{\"enableSerialAlarm\":\"0\",\"serialTypeAlarm\":\"nurse\",\"serialTypeProtocol\":\"rs232\",\"serialEspa444ModProtocol\":\"\",\"serialRS232EndLine\":\"\",\"serialRS232Timeout\":\"\",\"serialRS232Separator\":\"\",\"serialRS232StartInfo\":\"\",\"serialRS232EndInfo\":\"\",\"serialTcpHost\":\"\",\"serialTcpPort\":\"\",\"serialRepetitionTimeCat\":\"\",\"serialPositionCat\":\"\",\"stopOnEndLineSerial\":false,\"heartbeatTimeoutCAT\":\"\"},{\"enableSerialAlarm\":\"0\",\"serialTypeAlarm\":\"nurse\",\"serialTypeProtocol\":\"rs232\",\"serialEspa444ModProtocol\":\"\",\"serialRS232EndLine\":\"\",\"serialRS232Timeout\":\"\",\"serialRS232Separator\":\"\",\"serialRS232StartInfo\":\"\",\"serialRS232EndInfo\":\"\",\"serialTcpHost\":\"\",\"serialTcpPort\":\"\",\"serialRepetitionTimeCat\":\"\",\"serialPositionCat\":\"\",\"stopOnEndLineSerial\":false,\"heartbeatTimeoutCAT\":\"\"},{\"enableSerialAlarm\":\"0\",\"serialTypeAlarm\":\"nurse\",\"serialTypeProtocol\":\"rs232\",\"serialEspa444ModProtocol\":\"\",\"serialRS232EndLine\":\"\",\"serialRS232Timeout\":\"\",\"serialRS232Separator\":\"\",\"serialRS232StartInfo\":\"\",\"serialRS232EndInfo\":\"\",\"serialTcpHost\":\"\",\"serialTcpPort\":\"\",\"serialRepetitionTimeCat\":\"\",\"serialPositionCat\":\"\",\"stopOnEndLineSerial\":false,\"heartbeatTimeoutCAT\":\"\"},{\"enableSerialAlarm\":\"0\",\"serialTypeAlarm\":\"nurse\",\"serialTypeProtocol\":\"rs232\",\"serialEspa444ModProtocol\":\"\",\"serialRS232EndLine\":\"\",\"serialRS232Timeout\":\"\",\"serialRS232Separator\":\"\",\"serialRS232StartInfo\":\"\",\"serialRS232EndInfo\":\"\",\"serialTcpHost\":\"\",\"serialTcpPort\":\"\",\"serialRepetitionTimeCat\":\"\",\"serialPositionCat\":\"\",\"stopOnEndLineSerial\":false,\"heartbeatTimeoutCAT\":\"\"}],\"outdoorEmailSerial\":false,\"indoorEmailSerial\":false,\"outdoorSmsSerial\":false,\"indoorSmsSerial\":false}', 0, '2024-05-25 14:56:06'),
(706, 'serial', '{\"serialDataArray\":[{\"enableSerialAlarm\":\"1\",\"serialTypeAlarm\":\"nurse\",\"serialTypeProtocol\":\"rs232\",\"serialEspa444ModProtocol\":\"\",\"serialRS232EndLine\":\"\\\\r\\\\n\",\"serialRS232Timeout\":\"1000\",\"serialRS232Separator\":\" \",\"serialRS232StartInfo\":\"1\",\"serialRS232EndInfo\":\"-1\",\"serialTcpHost\":\"0.0.0.0\",\"serialTcpPort\":\"4061\",\"serialRepetitionTimeCat\":\"\",\"serialPositionCat\":\"\",\"stopOnEndLineSerial\":false,\"heartbeatTimeoutCAT\":\"\"},{\"enableSerialAlarm\":\"0\",\"serialTypeAlarm\":\"nurse\",\"serialTypeProtocol\":\"rs232\",\"serialEspa444ModProtocol\":\"\",\"serialRS232EndLine\":\"\",\"serialRS232Timeout\":\"\",\"serialRS232Separator\":\"\",\"serialRS232StartInfo\":\"\",\"serialRS232EndInfo\":\"\",\"serialTcpHost\":\"\",\"serialTcpPort\":\"\",\"serialRepetitionTimeCat\":\"\",\"serialPositionCat\":\"\",\"stopOnEndLineSerial\":false,\"heartbeatTimeoutCAT\":\"\"},{\"enableSerialAlarm\":\"0\",\"serialTypeAlarm\":\"nurse\",\"serialTypeProtocol\":\"rs232\",\"serialEspa444ModProtocol\":\"\",\"serialRS232EndLine\":\"\",\"serialRS232Timeout\":\"\",\"serialRS232Separator\":\"\",\"serialRS232StartInfo\":\"\",\"serialRS232EndInfo\":\"\",\"serialTcpHost\":\"\",\"serialTcpPort\":\"\",\"serialRepetitionTimeCat\":\"\",\"serialPositionCat\":\"\",\"stopOnEndLineSerial\":false,\"heartbeatTimeoutCAT\":\"\"},{\"enableSerialAlarm\":\"0\",\"serialTypeAlarm\":\"nurse\",\"serialTypeProtocol\":\"rs232\",\"serialEspa444ModProtocol\":\"\",\"serialRS232EndLine\":\"\",\"serialRS232Timeout\":\"\",\"serialRS232Separator\":\"\",\"serialRS232StartInfo\":\"\",\"serialRS232EndInfo\":\"\",\"serialTcpHost\":\"\",\"serialTcpPort\":\"\",\"serialRepetitionTimeCat\":\"\",\"serialPositionCat\":\"\",\"stopOnEndLineSerial\":false,\"heartbeatTimeoutCAT\":\"\"},{\"enableSerialAlarm\":\"0\",\"serialTypeAlarm\":\"nurse\",\"serialTypeProtocol\":\"rs232\",\"serialEspa444ModProtocol\":\"\",\"serialRS232EndLine\":\"\",\"serialRS232Timeout\":\"\",\"serialRS232Separator\":\"\",\"serialRS232StartInfo\":\"\",\"serialRS232EndInfo\":\"\",\"serialTcpHost\":\"\",\"serialTcpPort\":\"\",\"serialRepetitionTimeCat\":\"\",\"serialPositionCat\":\"\",\"stopOnEndLineSerial\":false,\"heartbeatTimeoutCAT\":\"\"}],\"outdoorEmailSerial\":false,\"indoorEmailSerial\":false,\"outdoorSmsSerial\":false,\"indoorSmsSerial\":false}', 0, '2024-05-25 14:57:42'),
(707, 'serial', '{\"serialDataArray\":[{\"enableSerialAlarm\":\"1\",\"serialTypeAlarm\":\"nurse\",\"serialTypeProtocol\":\"rs232\",\"serialEspa444ModProtocol\":\"\",\"serialRS232EndLine\":\"\\\\r\\\\n\",\"serialRS232Timeout\":\"1000\",\"serialRS232Separator\":\" \",\"serialRS232StartInfo\":\"1\",\"serialRS232EndInfo\":\"-1\",\"serialTcpHost\":\"0.0.0.0\",\"serialTcpPort\":\"4061\",\"serialRepetitionTimeCat\":\"\",\"serialPositionCat\":\"\",\"stopOnEndLineSerial\":false,\"heartbeatTimeoutCAT\":\"\"},{\"enableSerialAlarm\":\"0\",\"serialTypeAlarm\":\"nurse\",\"serialTypeProtocol\":\"rs232\",\"serialEspa444ModProtocol\":\"\",\"serialRS232EndLine\":\"\",\"serialRS232Timeout\":\"\",\"serialRS232Separator\":\"\",\"serialRS232StartInfo\":\"\",\"serialRS232EndInfo\":\"\",\"serialTcpHost\":\"\",\"serialTcpPort\":\"\",\"serialRepetitionTimeCat\":\"\",\"serialPositionCat\":\"\",\"stopOnEndLineSerial\":false,\"heartbeatTimeoutCAT\":\"\"},{\"enableSerialAlarm\":\"0\",\"serialTypeAlarm\":\"nurse\",\"serialTypeProtocol\":\"rs232\",\"serialEspa444ModProtocol\":\"\",\"serialRS232EndLine\":\"\",\"serialRS232Timeout\":\"\",\"serialRS232Separator\":\"\",\"serialRS232StartInfo\":\"\",\"serialRS232EndInfo\":\"\",\"serialTcpHost\":\"\",\"serialTcpPort\":\"\",\"serialRepetitionTimeCat\":\"\",\"serialPositionCat\":\"\",\"stopOnEndLineSerial\":false,\"heartbeatTimeoutCAT\":\"\"},{\"enableSerialAlarm\":\"0\",\"serialTypeAlarm\":\"nurse\",\"serialTypeProtocol\":\"rs232\",\"serialEspa444ModProtocol\":\"\",\"serialRS232EndLine\":\"\",\"serialRS232Timeout\":\"\",\"serialRS232Separator\":\"\",\"serialRS232StartInfo\":\"\",\"serialRS232EndInfo\":\"\",\"serialTcpHost\":\"\",\"serialTcpPort\":\"\",\"serialRepetitionTimeCat\":\"\",\"serialPositionCat\":\"\",\"stopOnEndLineSerial\":false,\"heartbeatTimeoutCAT\":\"\"},{\"enableSerialAlarm\":\"0\",\"serialTypeAlarm\":\"nurse\",\"serialTypeProtocol\":\"rs232\",\"serialEspa444ModProtocol\":\"\",\"serialRS232EndLine\":\"\",\"serialRS232Timeout\":\"\",\"serialRS232Separator\":\"\",\"serialRS232StartInfo\":\"\",\"serialRS232EndInfo\":\"\",\"serialTcpHost\":\"\",\"serialTcpPort\":\"\",\"serialRepetitionTimeCat\":\"\",\"serialPositionCat\":\"\",\"stopOnEndLineSerial\":false,\"heartbeatTimeoutCAT\":\"\"}],\"outdoorEmailSerial\":false,\"indoorEmailSerial\":false,\"outdoorSmsSerial\":false,\"indoorSmsSerial\":false}', 0, '2024-05-25 14:58:01'),
(708, 'serial', '{\"serialDataArray\":[{\"enableSerialAlarm\":\"1\",\"serialTypeAlarm\":\"nurse\",\"serialTypeProtocol\":\"rs232\",\"serialEspa444ModProtocol\":\"\",\"serialRS232EndLine\":\"\\\\r\\\\n\",\"serialRS232Timeout\":\"1000\",\"serialRS232Separator\":\" \",\"serialRS232StartInfo\":\"1\",\"serialRS232EndInfo\":\"-1\",\"serialTcpHost\":\"0.0.0.0\",\"serialTcpPort\":\"4061\",\"serialRepetitionTimeCat\":\"\",\"serialPositionCat\":\"\",\"stopOnEndLineSerial\":false,\"heartbeatTimeoutCAT\":\"\",\"socketTimeout\":\"20000\"},{\"enableSerialAlarm\":\"0\",\"serialTypeAlarm\":\"nurse\",\"serialTypeProtocol\":\"rs232\",\"serialEspa444ModProtocol\":\"\",\"serialRS232EndLine\":\"\",\"serialRS232Timeout\":\"\",\"serialRS232Separator\":\"\",\"serialRS232StartInfo\":\"\",\"serialRS232EndInfo\":\"\",\"serialTcpHost\":\"\",\"serialTcpPort\":\"\",\"serialRepetitionTimeCat\":\"\",\"serialPositionCat\":\"\",\"stopOnEndLineSerial\":false,\"heartbeatTimeoutCAT\":\"\",\"socketTimeout\":\"undefined\"},{\"enableSerialAlarm\":\"0\",\"serialTypeAlarm\":\"nurse\",\"serialTypeProtocol\":\"rs232\",\"serialEspa444ModProtocol\":\"\",\"serialRS232EndLine\":\"\",\"serialRS232Timeout\":\"\",\"serialRS232Separator\":\"\",\"serialRS232StartInfo\":\"\",\"serialRS232EndInfo\":\"\",\"serialTcpHost\":\"\",\"serialTcpPort\":\"\",\"serialRepetitionTimeCat\":\"\",\"serialPositionCat\":\"\",\"stopOnEndLineSerial\":false,\"heartbeatTimeoutCAT\":\"\",\"socketTimeout\":\"undefined\"},{\"enableSerialAlarm\":\"0\",\"serialTypeAlarm\":\"nurse\",\"serialTypeProtocol\":\"rs232\",\"serialEspa444ModProtocol\":\"\",\"serialRS232EndLine\":\"\",\"serialRS232Timeout\":\"\",\"serialRS232Separator\":\"\",\"serialRS232StartInfo\":\"\",\"serialRS232EndInfo\":\"\",\"serialTcpHost\":\"\",\"serialTcpPort\":\"\",\"serialRepetitionTimeCat\":\"\",\"serialPositionCat\":\"\",\"stopOnEndLineSerial\":false,\"heartbeatTimeoutCAT\":\"\",\"socketTimeout\":\"undefined\"},{\"enableSerialAlarm\":\"0\",\"serialTypeAlarm\":\"nurse\",\"serialTypeProtocol\":\"rs232\",\"serialEspa444ModProtocol\":\"\",\"serialRS232EndLine\":\"\",\"serialRS232Timeout\":\"\",\"serialRS232Separator\":\"\",\"serialRS232StartInfo\":\"\",\"serialRS232EndInfo\":\"\",\"serialTcpHost\":\"\",\"serialTcpPort\":\"\",\"serialRepetitionTimeCat\":\"\",\"serialPositionCat\":\"\",\"stopOnEndLineSerial\":false,\"heartbeatTimeoutCAT\":\"\",\"socketTimeout\":\"undefined\"}],\"outdoorEmailSerial\":false,\"indoorEmailSerial\":false,\"outdoorSmsSerial\":false,\"indoorSmsSerial\":false}', 0, '2024-05-25 15:00:28'),
(709, 'serial', '{\"serialDataArray\":[{\"enableSerialAlarm\":\"1\",\"serialTypeAlarm\":\"nurse\",\"serialTypeProtocol\":\"rs232\",\"serialEspa444ModProtocol\":\"\",\"serialRS232EndLine\":\"\\\\r\\\\n\",\"serialRS232Timeout\":\"1000\",\"serialRS232Separator\":\" \",\"serialRS232StartInfo\":\"1\",\"serialRS232EndInfo\":\"-1\",\"serialTcpHost\":\"0.0.0.0\",\"serialTcpPort\":\"4061\",\"serialRepetitionTimeCat\":\"\",\"serialPositionCat\":\"\",\"stopOnEndLineSerial\":true,\"heartbeatTimeoutCAT\":\"\"},{\"enableSerialAlarm\":\"0\",\"serialTypeAlarm\":\"nurse\",\"serialTypeProtocol\":\"rs232\",\"serialEspa444ModProtocol\":\"\",\"serialRS232EndLine\":\"\",\"serialRS232Timeout\":\"\",\"serialRS232Separator\":\"\",\"serialRS232StartInfo\":\"\",\"serialRS232EndInfo\":\"\",\"serialTcpHost\":\"\",\"serialTcpPort\":\"\",\"serialRepetitionTimeCat\":\"\",\"serialPositionCat\":\"\",\"stopOnEndLineSerial\":false,\"heartbeatTimeoutCAT\":\"\"},{\"enableSerialAlarm\":\"0\",\"serialTypeAlarm\":\"nurse\",\"serialTypeProtocol\":\"rs232\",\"serialEspa444ModProtocol\":\"\",\"serialRS232EndLine\":\"\",\"serialRS232Timeout\":\"\",\"serialRS232Separator\":\"\",\"serialRS232StartInfo\":\"\",\"serialRS232EndInfo\":\"\",\"serialTcpHost\":\"\",\"serialTcpPort\":\"\",\"serialRepetitionTimeCat\":\"\",\"serialPositionCat\":\"\",\"stopOnEndLineSerial\":false,\"heartbeatTimeoutCAT\":\"\"},{\"enableSerialAlarm\":\"0\",\"serialTypeAlarm\":\"nurse\",\"serialTypeProtocol\":\"rs232\",\"serialEspa444ModProtocol\":\"\",\"serialRS232EndLine\":\"\",\"serialRS232Timeout\":\"\",\"serialRS232Separator\":\"\",\"serialRS232StartInfo\":\"\",\"serialRS232EndInfo\":\"\",\"serialTcpHost\":\"\",\"serialTcpPort\":\"\",\"serialRepetitionTimeCat\":\"\",\"serialPositionCat\":\"\",\"stopOnEndLineSerial\":false,\"heartbeatTimeoutCAT\":\"\"},{\"enableSerialAlarm\":\"0\",\"serialTypeAlarm\":\"nurse\",\"serialTypeProtocol\":\"rs232\",\"serialEspa444ModProtocol\":\"\",\"serialRS232EndLine\":\"\",\"serialRS232Timeout\":\"\",\"serialRS232Separator\":\"\",\"serialRS232StartInfo\":\"\",\"serialRS232EndInfo\":\"\",\"serialTcpHost\":\"\",\"serialTcpPort\":\"\",\"serialRepetitionTimeCat\":\"\",\"serialPositionCat\":\"\",\"stopOnEndLineSerial\":false,\"heartbeatTimeoutCAT\":\"\"}],\"outdoorEmailSerial\":false,\"indoorEmailSerial\":false,\"outdoorSmsSerial\":false,\"indoorSmsSerial\":false}', 0, '2024-05-29 15:21:04'),
(710, 'serial', '{\"serialDataArray\":[{\"enableSerialAlarm\":\"1\",\"serialTypeAlarm\":\"nurse\",\"serialTypeProtocol\":\"rs232\",\"serialEspa444ModProtocol\":\"\",\"serialRS232EndLine\":\"\\\\r\\\\n\",\"serialRS232Timeout\":\"1000\",\"serialRS232Separator\":\" \",\"serialRS232StartInfo\":\"1\",\"serialRS232EndInfo\":\"-1\",\"serialTcpHost\":\"0.0.0.0\",\"serialTcpPort\":\"4061\",\"serialRepetitionTimeCat\":\"\",\"serialPositionCat\":\"\",\"stopOnEndLineSerial\":true,\"heartbeatTimeoutCAT\":\"\",\"socketTimeout\":\"10000\"},{\"enableSerialAlarm\":\"0\",\"serialTypeAlarm\":\"nurse\",\"serialTypeProtocol\":\"rs232\",\"serialEspa444ModProtocol\":\"\",\"serialRS232EndLine\":\"\",\"serialRS232Timeout\":\"\",\"serialRS232Separator\":\"\",\"serialRS232StartInfo\":\"\",\"serialRS232EndInfo\":\"\",\"serialTcpHost\":\"\",\"serialTcpPort\":\"\",\"serialRepetitionTimeCat\":\"\",\"serialPositionCat\":\"\",\"stopOnEndLineSerial\":false,\"heartbeatTimeoutCAT\":\"\",\"socketTimeout\":\"undefined\"},{\"enableSerialAlarm\":\"0\",\"serialTypeAlarm\":\"nurse\",\"serialTypeProtocol\":\"rs232\",\"serialEspa444ModProtocol\":\"\",\"serialRS232EndLine\":\"\",\"serialRS232Timeout\":\"\",\"serialRS232Separator\":\"\",\"serialRS232StartInfo\":\"\",\"serialRS232EndInfo\":\"\",\"serialTcpHost\":\"\",\"serialTcpPort\":\"\",\"serialRepetitionTimeCat\":\"\",\"serialPositionCat\":\"\",\"stopOnEndLineSerial\":false,\"heartbeatTimeoutCAT\":\"\",\"socketTimeout\":\"undefined\"},{\"enableSerialAlarm\":\"0\",\"serialTypeAlarm\":\"nurse\",\"serialTypeProtocol\":\"rs232\",\"serialEspa444ModProtocol\":\"\",\"serialRS232EndLine\":\"\",\"serialRS232Timeout\":\"\",\"serialRS232Separator\":\"\",\"serialRS232StartInfo\":\"\",\"serialRS232EndInfo\":\"\",\"serialTcpHost\":\"\",\"serialTcpPort\":\"\",\"serialRepetitionTimeCat\":\"\",\"serialPositionCat\":\"\",\"stopOnEndLineSerial\":false,\"heartbeatTimeoutCAT\":\"\",\"socketTimeout\":\"undefined\"},{\"enableSerialAlarm\":\"0\",\"serialTypeAlarm\":\"nurse\",\"serialTypeProtocol\":\"rs232\",\"serialEspa444ModProtocol\":\"\",\"serialRS232EndLine\":\"\",\"serialRS232Timeout\":\"\",\"serialRS232Separator\":\"\",\"serialRS232StartInfo\":\"\",\"serialRS232EndInfo\":\"\",\"serialTcpHost\":\"\",\"serialTcpPort\":\"\",\"serialRepetitionTimeCat\":\"\",\"serialPositionCat\":\"\",\"stopOnEndLineSerial\":false,\"heartbeatTimeoutCAT\":\"\",\"socketTimeout\":\"undefined\"}],\"outdoorEmailSerial\":false,\"indoorEmailSerial\":false,\"outdoorSmsSerial\":false,\"indoorSmsSerial\":false}', 0, '2024-05-29 15:27:33'),
(711, 'twig_1', '{\"enableTwigAlarm\":true,\"twigMode\":\"first_beacon_second_area\",\"customerToken\":\"lyqasni4fl8qpcrhp60s\",\"enableWatchdogAlarm\":\"1\",\"watchdogMap\":\"1\",\"enableBatteryAlarm\":\"1\",\"batteryMap\":\"1\",\"tracking\":\"1\",\"status\":\"1\",\"backEndTwig\":\"https://twig.blumit.it\",\"outdoorEmailTwig\":true,\"indoorEmailTwig\":true,\"outdoorSmsTwig\":true,\"indoorSmsTwig\":true}', 0, '2024-06-19 17:00:22'),
(712, 'twig_2', '{\"enableTwigAlarm\":false,\"twigMode\":\"first_beacon_second_area\",\"customerToken\":\"\",\"enableWatchdogAlarm\":\"0\",\"watchdogMap\":\"0\",\"enableBatteryAlarm\":\"0\",\"batteryMap\":\"0\",\"tracking\":\"0\",\"status\":\"0\",\"backEndTwig\":\"https://twig.blumit.it\",\"outdoorEmailTwig\":false,\"indoorEmailTwig\":false,\"outdoorSmsTwig\":false,\"indoorSmsTwig\":false}', 1, '2024-06-19 17:00:53'),
(713, 'twig_3', '{\"enableTwigAlarm\":false,\"twigMode\":\"first_beacon_second_area\",\"customerToken\":\"\",\"enableWatchdogAlarm\":\"0\",\"watchdogMap\":\"0\",\"enableBatteryAlarm\":\"0\",\"batteryMap\":\"0\",\"tracking\":\"0\",\"status\":\"0\",\"backEndTwig\":\"https://twig.blumit.it\",\"outdoorEmailTwig\":false,\"indoorEmailTwig\":false,\"outdoorSmsTwig\":false,\"indoorSmsTwig\":false}', 1, '2024-06-19 17:00:56'),
(714, 'app_android_1', '{\"enableAndroidAlarm\":false,\"androidSourceAlarm\":\"sms\",\"androidMode\":\"first_beacon_second_area\",\"smsServerApp\":null,\"backEndApp\":null,\"smsServerIdCustomer\":\"87\",\"smsServerTokenCustomer\":\"da39a3ee5e6b4b0d3255bfef95601890afd8070991a1e5a9a96ee49546e9ad94c8b5463d9fb44654\",\"customerKey\":\"fc153d5aeeab6563105c5bd38c586b7d\",\"enableKeepAlive\":\"0\",\"keepAlive\":\"300\",\"keepAliveModality\":\"manDown\",\"keepAliveMap\":\"1\",\"batteryCheck\":\"0\",\"batteryLevel\":\"15\",\"outdoorEmailAndroid\":true,\"indoorEmailAndroid\":true,\"outdoorSmsAndroid\":true,\"indoorSmsAndroid\":true}', 0, '2024-06-19 17:02:50'),
(715, 'app_android_1', '{\"enableAndroidAlarm\":false,\"androidSourceAlarm\":\"sms\",\"androidMode\":\"first_beacon_second_area\",\"smsServerApp\":null,\"backEndApp\":null,\"smsServerIdCustomer\":\"87\",\"smsServerTokenCustomer\":\"da39a3ee5e6b4b0d3255bfef95601890afd8070991a1e5a9a96ee49546e9ad94c8b5463d9fb44654\",\"customerKey\":\"fc153d5aeeab6563105c5bd38c586b7d\",\"enableKeepAlive\":\"0\",\"keepAlive\":\"300\",\"keepAliveModality\":\"manDown\",\"keepAliveMap\":\"1\",\"batteryCheck\":\"0\",\"batteryLevel\":\"15\",\"outdoorEmailAndroid\":true,\"indoorEmailAndroid\":true,\"outdoorSmsAndroid\":true,\"indoorSmsAndroid\":true,\"separateSmsAndroid\":true,\"separateEmailAndroid\":true}', 0, '2024-06-19 17:08:58'),
(716, 'app_android_1', '{\"enableAndroidAlarm\":false,\"androidSourceAlarm\":\"sms\",\"androidMode\":\"first_beacon_second_area\",\"smsServerApp\":null,\"backEndApp\":null,\"smsServerIdCustomer\":\"87\",\"smsServerTokenCustomer\":\"da39a3ee5e6b4b0d3255bfef95601890afd8070991a1e5a9a96ee49546e9ad94c8b5463d9fb44654\",\"customerKey\":\"fc153d5aeeab6563105c5bd38c586b7d\",\"enableKeepAlive\":\"0\",\"keepAlive\":\"300\",\"keepAliveModality\":\"manDown\",\"keepAliveMap\":\"1\",\"batteryCheck\":\"0\",\"batteryLevel\":\"15\",\"outdoorEmailAndroid\":true,\"indoorEmailAndroid\":true,\"outdoorSmsAndroid\":true,\"indoorSmsAndroid\":true,\"separateSmsAndroid\":true,\"separateEmailAndroid\":true}', 1, '2024-06-19 17:09:03'),
(717, 'twig_1', '{\"enableTwigAlarm\":true,\"twigMode\":\"first_beacon_second_area\",\"customerToken\":\"lyqasni4fl8qpcrhp60s\",\"enableWatchdogAlarm\":\"1\",\"watchdogMap\":\"1\",\"enableBatteryAlarm\":\"1\",\"batteryMap\":\"1\",\"tracking\":\"1\",\"status\":\"1\",\"backEndTwig\":\"https://twig.blumit.it\",\"outdoorEmailTwig\":true,\"indoorEmailTwig\":true,\"outdoorSmsTwig\":true,\"indoorSmsTwig\":true,\"separateSmsTwig\":true,\"separateEmailTwig\":true}', 0, '2024-06-19 17:11:31'),
(718, 'twig_1', '{\"enableTwigAlarm\":true,\"twigMode\":\"first_beacon_second_area\",\"customerToken\":\"lyqasni4fl8qpcrhp60s\",\"enableWatchdogAlarm\":\"1\",\"watchdogMap\":\"1\",\"enableBatteryAlarm\":\"1\",\"batteryMap\":\"1\",\"tracking\":\"1\",\"status\":\"1\",\"backEndTwig\":\"https://twig.blumit.it\",\"outdoorEmailTwig\":true,\"indoorEmailTwig\":true,\"outdoorSmsTwig\":true,\"indoorSmsTwig\":true,\"separateSmsTwig\":true,\"separateEmailTwig\":true}', 0, '2024-06-19 20:20:54'),
(719, 'serial', '{\"serialDataArray\":[{\"enableSerialAlarm\":\"1\",\"serialTypeAlarm\":\"nurse\",\"serialTypeProtocol\":\"rs232\",\"serialEspa444ModProtocol\":\"\",\"serialRS232EndLine\":\"\\\\r\\\\n\",\"serialRS232Timeout\":\"1000\",\"serialRS232Separator\":\" \",\"serialRS232StartInfo\":\"1\",\"serialRS232EndInfo\":\"3\",\"serialTcpHost\":\"0.0.0.0\",\"serialTcpPort\":\"4061\",\"serialRepetitionTimeCat\":\"\",\"serialPositionCat\":\"\",\"stopOnEndLineSerial\":true,\"heartbeatTimeoutCAT\":\"\",\"socketTimeout\":\"10000\"},{\"enableSerialAlarm\":\"0\",\"serialTypeAlarm\":\"nurse\",\"serialTypeProtocol\":\"rs232\",\"serialEspa444ModProtocol\":\"\",\"serialRS232EndLine\":\"\",\"serialRS232Timeout\":\"\",\"serialRS232Separator\":\"\",\"serialRS232StartInfo\":\"\",\"serialRS232EndInfo\":\"\",\"serialTcpHost\":\"\",\"serialTcpPort\":\"\",\"serialRepetitionTimeCat\":\"\",\"serialPositionCat\":\"\",\"stopOnEndLineSerial\":false,\"heartbeatTimeoutCAT\":\"\",\"socketTimeout\":\"undefined\"},{\"enableSerialAlarm\":\"0\",\"serialTypeAlarm\":\"nurse\",\"serialTypeProtocol\":\"rs232\",\"serialEspa444ModProtocol\":\"\",\"serialRS232EndLine\":\"\",\"serialRS232Timeout\":\"\",\"serialRS232Separator\":\"\",\"serialRS232StartInfo\":\"\",\"serialRS232EndInfo\":\"\",\"serialTcpHost\":\"\",\"serialTcpPort\":\"\",\"serialRepetitionTimeCat\":\"\",\"serialPositionCat\":\"\",\"stopOnEndLineSerial\":false,\"heartbeatTimeoutCAT\":\"\",\"socketTimeout\":\"undefined\"},{\"enableSerialAlarm\":\"0\",\"serialTypeAlarm\":\"nurse\",\"serialTypeProtocol\":\"rs232\",\"serialEspa444ModProtocol\":\"\",\"serialRS232EndLine\":\"\",\"serialRS232Timeout\":\"\",\"serialRS232Separator\":\"\",\"serialRS232StartInfo\":\"\",\"serialRS232EndInfo\":\"\",\"serialTcpHost\":\"\",\"serialTcpPort\":\"\",\"serialRepetitionTimeCat\":\"\",\"serialPositionCat\":\"\",\"stopOnEndLineSerial\":false,\"heartbeatTimeoutCAT\":\"\",\"socketTimeout\":\"undefined\"},{\"enableSerialAlarm\":\"0\",\"serialTypeAlarm\":\"nurse\",\"serialTypeProtocol\":\"rs232\",\"serialEspa444ModProtocol\":\"\",\"serialRS232EndLine\":\"\",\"serialRS232Timeout\":\"\",\"serialRS232Separator\":\"\",\"serialRS232StartInfo\":\"\",\"serialRS232EndInfo\":\"\",\"serialTcpHost\":\"\",\"serialTcpPort\":\"\",\"serialRepetitionTimeCat\":\"\",\"serialPositionCat\":\"\",\"stopOnEndLineSerial\":false,\"heartbeatTimeoutCAT\":\"\",\"socketTimeout\":\"undefined\"}],\"outdoorEmailSerial\":false,\"indoorEmailSerial\":false,\"outdoorSmsSerial\":false,\"indoorSmsSerial\":false}', 0, '2024-07-16 14:46:43'),
(720, 'twig_1', '{\"enableTwigAlarm\":false,\"twigMode\":\"first_beacon_second_area\",\"customerToken\":\"lyqasni4fl8qpcrhp60s\",\"enableWatchdogAlarm\":\"1\",\"watchdogMap\":\"1\",\"enableBatteryAlarm\":\"1\",\"batteryMap\":\"1\",\"tracking\":\"1\",\"status\":\"1\",\"backEndTwig\":\"https://twig.blumit.it\",\"outdoorEmailTwig\":true,\"indoorEmailTwig\":true,\"outdoorSmsTwig\":true,\"indoorSmsTwig\":true,\"separateSmsTwig\":true,\"separateEmailTwig\":true}', 1, '2024-07-16 14:48:15'),
(721, 'serial', '{\"serialDataArray\":[{\"enableSerialAlarm\":\"1\",\"serialTypeAlarm\":\"altro\",\"serialTypeProtocol\":\"rs232\",\"serialEspa444ModProtocol\":\"\",\"serialRS232EndLine\":\"\\\\r\\\\n\",\"serialRS232Timeout\":\"5000\",\"serialRS232Separator\":\";\",\"serialRS232StartInfo\":\"1\",\"serialRS232EndInfo\":\"2\",\"serialTcpHost\":\"0.0.0.0\",\"serialTcpPort\":\"4061\",\"serialRepetitionTimeCat\":\"\",\"serialPositionCat\":\"\",\"stopOnEndLineSerial\":false,\"heartbeatTimeoutCAT\":\"\",\"socketTimeout\":\"10000\"},{\"enableSerialAlarm\":\"0\",\"serialTypeAlarm\":\"nurse\",\"serialTypeProtocol\":\"rs232\",\"serialEspa444ModProtocol\":\"\",\"serialRS232EndLine\":\"\",\"serialRS232Timeout\":\"\",\"serialRS232Separator\":\"\",\"serialRS232StartInfo\":\"\",\"serialRS232EndInfo\":\"\",\"serialTcpHost\":\"\",\"serialTcpPort\":\"\",\"serialRepetitionTimeCat\":\"\",\"serialPositionCat\":\"\",\"stopOnEndLineSerial\":false,\"heartbeatTimeoutCAT\":\"\",\"socketTimeout\":\"undefined\"},{\"enableSerialAlarm\":\"0\",\"serialTypeAlarm\":\"nurse\",\"serialTypeProtocol\":\"rs232\",\"serialEspa444ModProtocol\":\"\",\"serialRS232EndLine\":\"\",\"serialRS232Timeout\":\"\",\"serialRS232Separator\":\"\",\"serialRS232StartInfo\":\"\",\"serialRS232EndInfo\":\"\",\"serialTcpHost\":\"\",\"serialTcpPort\":\"\",\"serialRepetitionTimeCat\":\"\",\"serialPositionCat\":\"\",\"stopOnEndLineSerial\":false,\"heartbeatTimeoutCAT\":\"\",\"socketTimeout\":\"undefined\"},{\"enableSerialAlarm\":\"0\",\"serialTypeAlarm\":\"nurse\",\"serialTypeProtocol\":\"rs232\",\"serialEspa444ModProtocol\":\"\",\"serialRS232EndLine\":\"\",\"serialRS232Timeout\":\"\",\"serialRS232Separator\":\"\",\"serialRS232StartInfo\":\"\",\"serialRS232EndInfo\":\"\",\"serialTcpHost\":\"\",\"serialTcpPort\":\"\",\"serialRepetitionTimeCat\":\"\",\"serialPositionCat\":\"\",\"stopOnEndLineSerial\":false,\"heartbeatTimeoutCAT\":\"\",\"socketTimeout\":\"undefined\"},{\"enableSerialAlarm\":\"0\",\"serialTypeAlarm\":\"nurse\",\"serialTypeProtocol\":\"rs232\",\"serialEspa444ModProtocol\":\"\",\"serialRS232EndLine\":\"\",\"serialRS232Timeout\":\"\",\"serialRS232Separator\":\"\",\"serialRS232StartInfo\":\"\",\"serialRS232EndInfo\":\"\",\"serialTcpHost\":\"\",\"serialTcpPort\":\"\",\"serialRepetitionTimeCat\":\"\",\"serialPositionCat\":\"\",\"stopOnEndLineSerial\":false,\"heartbeatTimeoutCAT\":\"\",\"socketTimeout\":\"undefined\"}],\"outdoorEmailSerial\":false,\"indoorEmailSerial\":false,\"outdoorSmsSerial\":false,\"indoorSmsSerial\":false}', 0, '2024-07-16 14:50:40'),
(722, 'serial', '{\"serialDataArray\":[{\"enableSerialAlarm\":\"1\",\"serialTypeAlarm\":\"altro\",\"serialTypeProtocol\":\"rs232\",\"serialEspa444ModProtocol\":\"\",\"serialRS232EndLine\":\"\",\"serialRS232Timeout\":\"5000\",\"serialRS232Separator\":\";\",\"serialRS232StartInfo\":\"1\",\"serialRS232EndInfo\":\"2\",\"serialTcpHost\":\"0.0.0.0\",\"serialTcpPort\":\"502\",\"serialRepetitionTimeCat\":\"\",\"serialPositionCat\":\"\",\"stopOnEndLineSerial\":false,\"heartbeatTimeoutCAT\":\"\",\"socketTimeout\":\"10000\"},{\"enableSerialAlarm\":\"0\",\"serialTypeAlarm\":\"nurse\",\"serialTypeProtocol\":\"rs232\",\"serialEspa444ModProtocol\":\"\",\"serialRS232EndLine\":\"\",\"serialRS232Timeout\":\"\",\"serialRS232Separator\":\"\",\"serialRS232StartInfo\":\"\",\"serialRS232EndInfo\":\"\",\"serialTcpHost\":\"\",\"serialTcpPort\":\"\",\"serialRepetitionTimeCat\":\"\",\"serialPositionCat\":\"\",\"stopOnEndLineSerial\":false,\"heartbeatTimeoutCAT\":\"\",\"socketTimeout\":\"undefined\"},{\"enableSerialAlarm\":\"0\",\"serialTypeAlarm\":\"nurse\",\"serialTypeProtocol\":\"rs232\",\"serialEspa444ModProtocol\":\"\",\"serialRS232EndLine\":\"\",\"serialRS232Timeout\":\"\",\"serialRS232Separator\":\"\",\"serialRS232StartInfo\":\"\",\"serialRS232EndInfo\":\"\",\"serialTcpHost\":\"\",\"serialTcpPort\":\"\",\"serialRepetitionTimeCat\":\"\",\"serialPositionCat\":\"\",\"stopOnEndLineSerial\":false,\"heartbeatTimeoutCAT\":\"\",\"socketTimeout\":\"undefined\"},{\"enableSerialAlarm\":\"0\",\"serialTypeAlarm\":\"nurse\",\"serialTypeProtocol\":\"rs232\",\"serialEspa444ModProtocol\":\"\",\"serialRS232EndLine\":\"\",\"serialRS232Timeout\":\"\",\"serialRS232Separator\":\"\",\"serialRS232StartInfo\":\"\",\"serialRS232EndInfo\":\"\",\"serialTcpHost\":\"\",\"serialTcpPort\":\"\",\"serialRepetitionTimeCat\":\"\",\"serialPositionCat\":\"\",\"stopOnEndLineSerial\":false,\"heartbeatTimeoutCAT\":\"\",\"socketTimeout\":\"undefined\"},{\"enableSerialAlarm\":\"0\",\"serialTypeAlarm\":\"nurse\",\"serialTypeProtocol\":\"rs232\",\"serialEspa444ModProtocol\":\"\",\"serialRS232EndLine\":\"\",\"serialRS232Timeout\":\"\",\"serialRS232Separator\":\"\",\"serialRS232StartInfo\":\"\",\"serialRS232EndInfo\":\"\",\"serialTcpHost\":\"\",\"serialTcpPort\":\"\",\"serialRepetitionTimeCat\":\"\",\"serialPositionCat\":\"\",\"stopOnEndLineSerial\":false,\"heartbeatTimeoutCAT\":\"\",\"socketTimeout\":\"undefined\"}],\"outdoorEmailSerial\":false,\"indoorEmailSerial\":false,\"outdoorSmsSerial\":false,\"indoorSmsSerial\":false}', 0, '2024-07-16 14:51:52'),
(723, 'serial', '{\"serialDataArray\":[{\"enableSerialAlarm\":\"1\",\"serialTypeAlarm\":\"altro\",\"serialTypeProtocol\":\"rs232\",\"serialEspa444ModProtocol\":\"\",\"serialRS232EndLine\":\"\",\"serialRS232Timeout\":\"5000\",\"serialRS232Separator\":\";\",\"serialRS232StartInfo\":\"1\",\"serialRS232EndInfo\":\"2\",\"serialTcpHost\":\"0.0.0.0\",\"serialTcpPort\":\"502\",\"serialRepetitionTimeCat\":\"\",\"serialPositionCat\":\"\",\"stopOnEndLineSerial\":false,\"heartbeatTimeoutCAT\":\"\",\"socketTimeout\":\"\"},{\"enableSerialAlarm\":\"0\",\"serialTypeAlarm\":\"nurse\",\"serialTypeProtocol\":\"rs232\",\"serialEspa444ModProtocol\":\"\",\"serialRS232EndLine\":\"\",\"serialRS232Timeout\":\"\",\"serialRS232Separator\":\"\",\"serialRS232StartInfo\":\"\",\"serialRS232EndInfo\":\"\",\"serialTcpHost\":\"\",\"serialTcpPort\":\"\",\"serialRepetitionTimeCat\":\"\",\"serialPositionCat\":\"\",\"stopOnEndLineSerial\":false,\"heartbeatTimeoutCAT\":\"\",\"socketTimeout\":\"undefined\"},{\"enableSerialAlarm\":\"0\",\"serialTypeAlarm\":\"nurse\",\"serialTypeProtocol\":\"rs232\",\"serialEspa444ModProtocol\":\"\",\"serialRS232EndLine\":\"\",\"serialRS232Timeout\":\"\",\"serialRS232Separator\":\"\",\"serialRS232StartInfo\":\"\",\"serialRS232EndInfo\":\"\",\"serialTcpHost\":\"\",\"serialTcpPort\":\"\",\"serialRepetitionTimeCat\":\"\",\"serialPositionCat\":\"\",\"stopOnEndLineSerial\":false,\"heartbeatTimeoutCAT\":\"\",\"socketTimeout\":\"undefined\"},{\"enableSerialAlarm\":\"0\",\"serialTypeAlarm\":\"nurse\",\"serialTypeProtocol\":\"rs232\",\"serialEspa444ModProtocol\":\"\",\"serialRS232EndLine\":\"\",\"serialRS232Timeout\":\"\",\"serialRS232Separator\":\"\",\"serialRS232StartInfo\":\"\",\"serialRS232EndInfo\":\"\",\"serialTcpHost\":\"\",\"serialTcpPort\":\"\",\"serialRepetitionTimeCat\":\"\",\"serialPositionCat\":\"\",\"stopOnEndLineSerial\":false,\"heartbeatTimeoutCAT\":\"\",\"socketTimeout\":\"undefined\"},{\"enableSerialAlarm\":\"0\",\"serialTypeAlarm\":\"nurse\",\"serialTypeProtocol\":\"rs232\",\"serialEspa444ModProtocol\":\"\",\"serialRS232EndLine\":\"\",\"serialRS232Timeout\":\"\",\"serialRS232Separator\":\"\",\"serialRS232StartInfo\":\"\",\"serialRS232EndInfo\":\"\",\"serialTcpHost\":\"\",\"serialTcpPort\":\"\",\"serialRepetitionTimeCat\":\"\",\"serialPositionCat\":\"\",\"stopOnEndLineSerial\":false,\"heartbeatTimeoutCAT\":\"\",\"socketTimeout\":\"undefined\"}],\"outdoorEmailSerial\":false,\"indoorEmailSerial\":false,\"outdoorSmsSerial\":false,\"indoorSmsSerial\":false}', 0, '2024-07-16 15:03:21');
INSERT INTO `configurations` (`id`, `name_key`, `value`, `active`, `insert_time`) VALUES
(724, 'serial', '{\"serialDataArray\":[{\"enableSerialAlarm\":\"1\",\"serialTypeAlarm\":\"altro\",\"serialTypeProtocol\":\"rs232\",\"serialEspa444ModProtocol\":\"\",\"serialRS232EndLine\":\"\",\"serialRS232Timeout\":\"5000\",\"serialRS232Separator\":\";\",\"serialRS232StartInfo\":\"1\",\"serialRS232EndInfo\":\"2\",\"serialTcpHost\":\"0.0.0.0\",\"serialTcpPort\":\"502\",\"serialRepetitionTimeCat\":\"\",\"serialPositionCat\":\"\",\"stopOnEndLineSerial\":false,\"heartbeatTimeoutCAT\":\"\",\"socketTimeout\":\"0\"},{\"enableSerialAlarm\":\"0\",\"serialTypeAlarm\":\"nurse\",\"serialTypeProtocol\":\"rs232\",\"serialEspa444ModProtocol\":\"\",\"serialRS232EndLine\":\"\",\"serialRS232Timeout\":\"\",\"serialRS232Separator\":\"\",\"serialRS232StartInfo\":\"\",\"serialRS232EndInfo\":\"\",\"serialTcpHost\":\"\",\"serialTcpPort\":\"\",\"serialRepetitionTimeCat\":\"\",\"serialPositionCat\":\"\",\"stopOnEndLineSerial\":false,\"heartbeatTimeoutCAT\":\"\",\"socketTimeout\":\"undefined\"},{\"enableSerialAlarm\":\"0\",\"serialTypeAlarm\":\"nurse\",\"serialTypeProtocol\":\"rs232\",\"serialEspa444ModProtocol\":\"\",\"serialRS232EndLine\":\"\",\"serialRS232Timeout\":\"\",\"serialRS232Separator\":\"\",\"serialRS232StartInfo\":\"\",\"serialRS232EndInfo\":\"\",\"serialTcpHost\":\"\",\"serialTcpPort\":\"\",\"serialRepetitionTimeCat\":\"\",\"serialPositionCat\":\"\",\"stopOnEndLineSerial\":false,\"heartbeatTimeoutCAT\":\"\",\"socketTimeout\":\"undefined\"},{\"enableSerialAlarm\":\"0\",\"serialTypeAlarm\":\"nurse\",\"serialTypeProtocol\":\"rs232\",\"serialEspa444ModProtocol\":\"\",\"serialRS232EndLine\":\"\",\"serialRS232Timeout\":\"\",\"serialRS232Separator\":\"\",\"serialRS232StartInfo\":\"\",\"serialRS232EndInfo\":\"\",\"serialTcpHost\":\"\",\"serialTcpPort\":\"\",\"serialRepetitionTimeCat\":\"\",\"serialPositionCat\":\"\",\"stopOnEndLineSerial\":false,\"heartbeatTimeoutCAT\":\"\",\"socketTimeout\":\"undefined\"},{\"enableSerialAlarm\":\"0\",\"serialTypeAlarm\":\"nurse\",\"serialTypeProtocol\":\"rs232\",\"serialEspa444ModProtocol\":\"\",\"serialRS232EndLine\":\"\",\"serialRS232Timeout\":\"\",\"serialRS232Separator\":\"\",\"serialRS232StartInfo\":\"\",\"serialRS232EndInfo\":\"\",\"serialTcpHost\":\"\",\"serialTcpPort\":\"\",\"serialRepetitionTimeCat\":\"\",\"serialPositionCat\":\"\",\"stopOnEndLineSerial\":false,\"heartbeatTimeoutCAT\":\"\",\"socketTimeout\":\"undefined\"}],\"outdoorEmailSerial\":false,\"indoorEmailSerial\":false,\"outdoorSmsSerial\":false,\"indoorSmsSerial\":false}', 0, '2024-07-16 15:03:46'),
(725, 'serial', '{\"serialDataArray\":[{\"enableSerialAlarm\":\"1\",\"serialTypeAlarm\":\"altro\",\"serialTypeProtocol\":\"rs232\",\"serialEspa444ModProtocol\":\"\",\"serialRS232EndLine\":\"\",\"serialRS232Timeout\":\"5000\",\"serialRS232Separator\":\";\",\"serialRS232StartInfo\":\"1\",\"serialRS232EndInfo\":\"2\",\"serialTcpHost\":\"0.0.0.0\",\"serialTcpPort\":\"502\",\"serialRepetitionTimeCat\":\"\",\"serialPositionCat\":\"\",\"stopOnEndLineSerial\":false,\"heartbeatTimeoutCAT\":\"\",\"socketTimeout\":\"-1\"},{\"enableSerialAlarm\":\"0\",\"serialTypeAlarm\":\"nurse\",\"serialTypeProtocol\":\"rs232\",\"serialEspa444ModProtocol\":\"\",\"serialRS232EndLine\":\"\",\"serialRS232Timeout\":\"\",\"serialRS232Separator\":\"\",\"serialRS232StartInfo\":\"\",\"serialRS232EndInfo\":\"\",\"serialTcpHost\":\"\",\"serialTcpPort\":\"\",\"serialRepetitionTimeCat\":\"\",\"serialPositionCat\":\"\",\"stopOnEndLineSerial\":false,\"heartbeatTimeoutCAT\":\"\",\"socketTimeout\":\"undefined\"},{\"enableSerialAlarm\":\"0\",\"serialTypeAlarm\":\"nurse\",\"serialTypeProtocol\":\"rs232\",\"serialEspa444ModProtocol\":\"\",\"serialRS232EndLine\":\"\",\"serialRS232Timeout\":\"\",\"serialRS232Separator\":\"\",\"serialRS232StartInfo\":\"\",\"serialRS232EndInfo\":\"\",\"serialTcpHost\":\"\",\"serialTcpPort\":\"\",\"serialRepetitionTimeCat\":\"\",\"serialPositionCat\":\"\",\"stopOnEndLineSerial\":false,\"heartbeatTimeoutCAT\":\"\",\"socketTimeout\":\"undefined\"},{\"enableSerialAlarm\":\"0\",\"serialTypeAlarm\":\"nurse\",\"serialTypeProtocol\":\"rs232\",\"serialEspa444ModProtocol\":\"\",\"serialRS232EndLine\":\"\",\"serialRS232Timeout\":\"\",\"serialRS232Separator\":\"\",\"serialRS232StartInfo\":\"\",\"serialRS232EndInfo\":\"\",\"serialTcpHost\":\"\",\"serialTcpPort\":\"\",\"serialRepetitionTimeCat\":\"\",\"serialPositionCat\":\"\",\"stopOnEndLineSerial\":false,\"heartbeatTimeoutCAT\":\"\",\"socketTimeout\":\"undefined\"},{\"enableSerialAlarm\":\"0\",\"serialTypeAlarm\":\"nurse\",\"serialTypeProtocol\":\"rs232\",\"serialEspa444ModProtocol\":\"\",\"serialRS232EndLine\":\"\",\"serialRS232Timeout\":\"\",\"serialRS232Separator\":\"\",\"serialRS232StartInfo\":\"\",\"serialRS232EndInfo\":\"\",\"serialTcpHost\":\"\",\"serialTcpPort\":\"\",\"serialRepetitionTimeCat\":\"\",\"serialPositionCat\":\"\",\"stopOnEndLineSerial\":false,\"heartbeatTimeoutCAT\":\"\",\"socketTimeout\":\"undefined\"}],\"outdoorEmailSerial\":false,\"indoorEmailSerial\":false,\"outdoorSmsSerial\":false,\"indoorSmsSerial\":false}', 0, '2024-07-16 15:04:11'),
(726, 'serial', '{\"serialDataArray\":[{\"enableSerialAlarm\":\"1\",\"serialTypeAlarm\":\"altro\",\"serialTypeProtocol\":\"rs232\",\"serialEspa444ModProtocol\":\"\",\"serialRS232EndLine\":\"\",\"serialRS232Timeout\":\"5000\",\"serialRS232Separator\":\";\",\"serialRS232StartInfo\":\"1\",\"serialRS232EndInfo\":\"2\",\"serialTcpHost\":\"0.0.0.0\",\"serialTcpPort\":\"502\",\"serialRepetitionTimeCat\":\"\",\"serialPositionCat\":\"\",\"stopOnEndLineSerial\":false,\"heartbeatTimeoutCAT\":\"\",\"socketTimeout\":\"0\"},{\"enableSerialAlarm\":\"0\",\"serialTypeAlarm\":\"nurse\",\"serialTypeProtocol\":\"rs232\",\"serialEspa444ModProtocol\":\"\",\"serialRS232EndLine\":\"\",\"serialRS232Timeout\":\"\",\"serialRS232Separator\":\"\",\"serialRS232StartInfo\":\"\",\"serialRS232EndInfo\":\"\",\"serialTcpHost\":\"\",\"serialTcpPort\":\"\",\"serialRepetitionTimeCat\":\"\",\"serialPositionCat\":\"\",\"stopOnEndLineSerial\":false,\"heartbeatTimeoutCAT\":\"\",\"socketTimeout\":\"undefined\"},{\"enableSerialAlarm\":\"0\",\"serialTypeAlarm\":\"nurse\",\"serialTypeProtocol\":\"rs232\",\"serialEspa444ModProtocol\":\"\",\"serialRS232EndLine\":\"\",\"serialRS232Timeout\":\"\",\"serialRS232Separator\":\"\",\"serialRS232StartInfo\":\"\",\"serialRS232EndInfo\":\"\",\"serialTcpHost\":\"\",\"serialTcpPort\":\"\",\"serialRepetitionTimeCat\":\"\",\"serialPositionCat\":\"\",\"stopOnEndLineSerial\":false,\"heartbeatTimeoutCAT\":\"\",\"socketTimeout\":\"undefined\"},{\"enableSerialAlarm\":\"0\",\"serialTypeAlarm\":\"nurse\",\"serialTypeProtocol\":\"rs232\",\"serialEspa444ModProtocol\":\"\",\"serialRS232EndLine\":\"\",\"serialRS232Timeout\":\"\",\"serialRS232Separator\":\"\",\"serialRS232StartInfo\":\"\",\"serialRS232EndInfo\":\"\",\"serialTcpHost\":\"\",\"serialTcpPort\":\"\",\"serialRepetitionTimeCat\":\"\",\"serialPositionCat\":\"\",\"stopOnEndLineSerial\":false,\"heartbeatTimeoutCAT\":\"\",\"socketTimeout\":\"undefined\"},{\"enableSerialAlarm\":\"0\",\"serialTypeAlarm\":\"nurse\",\"serialTypeProtocol\":\"rs232\",\"serialEspa444ModProtocol\":\"\",\"serialRS232EndLine\":\"\",\"serialRS232Timeout\":\"\",\"serialRS232Separator\":\"\",\"serialRS232StartInfo\":\"\",\"serialRS232EndInfo\":\"\",\"serialTcpHost\":\"\",\"serialTcpPort\":\"\",\"serialRepetitionTimeCat\":\"\",\"serialPositionCat\":\"\",\"stopOnEndLineSerial\":false,\"heartbeatTimeoutCAT\":\"\",\"socketTimeout\":\"undefined\"}],\"outdoorEmailSerial\":false,\"indoorEmailSerial\":false,\"outdoorSmsSerial\":false,\"indoorSmsSerial\":false}', 0, '2024-07-16 15:04:41'),
(727, 'serial', '{\"serialDataArray\":[{\"enableSerialAlarm\":\"1\",\"serialTypeAlarm\":\"altro\",\"serialTypeProtocol\":\"rs232\",\"serialEspa444ModProtocol\":\"\",\"serialRS232EndLine\":\"\",\"serialRS232Timeout\":\"5000\",\"serialRS232Separator\":\";\",\"serialRS232StartInfo\":\"1\",\"serialRS232EndInfo\":\"2\",\"serialTcpHost\":\"0.0.0.0\",\"serialTcpPort\":\"502\",\"serialRepetitionTimeCat\":\"\",\"serialPositionCat\":\"\",\"stopOnEndLineSerial\":false,\"heartbeatTimeoutCAT\":\"\",\"socketTimeout\":\"9999999999999999\"},{\"enableSerialAlarm\":\"0\",\"serialTypeAlarm\":\"nurse\",\"serialTypeProtocol\":\"rs232\",\"serialEspa444ModProtocol\":\"\",\"serialRS232EndLine\":\"\",\"serialRS232Timeout\":\"\",\"serialRS232Separator\":\"\",\"serialRS232StartInfo\":\"\",\"serialRS232EndInfo\":\"\",\"serialTcpHost\":\"\",\"serialTcpPort\":\"\",\"serialRepetitionTimeCat\":\"\",\"serialPositionCat\":\"\",\"stopOnEndLineSerial\":false,\"heartbeatTimeoutCAT\":\"\",\"socketTimeout\":\"undefined\"},{\"enableSerialAlarm\":\"0\",\"serialTypeAlarm\":\"nurse\",\"serialTypeProtocol\":\"rs232\",\"serialEspa444ModProtocol\":\"\",\"serialRS232EndLine\":\"\",\"serialRS232Timeout\":\"\",\"serialRS232Separator\":\"\",\"serialRS232StartInfo\":\"\",\"serialRS232EndInfo\":\"\",\"serialTcpHost\":\"\",\"serialTcpPort\":\"\",\"serialRepetitionTimeCat\":\"\",\"serialPositionCat\":\"\",\"stopOnEndLineSerial\":false,\"heartbeatTimeoutCAT\":\"\",\"socketTimeout\":\"undefined\"},{\"enableSerialAlarm\":\"0\",\"serialTypeAlarm\":\"nurse\",\"serialTypeProtocol\":\"rs232\",\"serialEspa444ModProtocol\":\"\",\"serialRS232EndLine\":\"\",\"serialRS232Timeout\":\"\",\"serialRS232Separator\":\"\",\"serialRS232StartInfo\":\"\",\"serialRS232EndInfo\":\"\",\"serialTcpHost\":\"\",\"serialTcpPort\":\"\",\"serialRepetitionTimeCat\":\"\",\"serialPositionCat\":\"\",\"stopOnEndLineSerial\":false,\"heartbeatTimeoutCAT\":\"\",\"socketTimeout\":\"undefined\"},{\"enableSerialAlarm\":\"0\",\"serialTypeAlarm\":\"nurse\",\"serialTypeProtocol\":\"rs232\",\"serialEspa444ModProtocol\":\"\",\"serialRS232EndLine\":\"\",\"serialRS232Timeout\":\"\",\"serialRS232Separator\":\"\",\"serialRS232StartInfo\":\"\",\"serialRS232EndInfo\":\"\",\"serialTcpHost\":\"\",\"serialTcpPort\":\"\",\"serialRepetitionTimeCat\":\"\",\"serialPositionCat\":\"\",\"stopOnEndLineSerial\":false,\"heartbeatTimeoutCAT\":\"\",\"socketTimeout\":\"undefined\"}],\"outdoorEmailSerial\":false,\"indoorEmailSerial\":false,\"outdoorSmsSerial\":false,\"indoorSmsSerial\":false}', 0, '2024-07-16 15:05:42'),
(728, 'serial', '{\"serialDataArray\":[{\"enableSerialAlarm\":\"1\",\"serialTypeAlarm\":\"altro\",\"serialTypeProtocol\":\"rs232\",\"serialEspa444ModProtocol\":\"\",\"serialRS232EndLine\":\"\",\"serialRS232Timeout\":\"5000\",\"serialRS232Separator\":\";\",\"serialRS232StartInfo\":\"1\",\"serialRS232EndInfo\":\"2\",\"serialTcpHost\":\"0.0.0.0\",\"serialTcpPort\":\"502\",\"serialRepetitionTimeCat\":\"\",\"serialPositionCat\":\"\",\"stopOnEndLineSerial\":false,\"heartbeatTimeoutCAT\":\"\",\"socketTimeout\":\"999999999\"},{\"enableSerialAlarm\":\"0\",\"serialTypeAlarm\":\"nurse\",\"serialTypeProtocol\":\"rs232\",\"serialEspa444ModProtocol\":\"\",\"serialRS232EndLine\":\"\",\"serialRS232Timeout\":\"\",\"serialRS232Separator\":\"\",\"serialRS232StartInfo\":\"\",\"serialRS232EndInfo\":\"\",\"serialTcpHost\":\"\",\"serialTcpPort\":\"\",\"serialRepetitionTimeCat\":\"\",\"serialPositionCat\":\"\",\"stopOnEndLineSerial\":false,\"heartbeatTimeoutCAT\":\"\",\"socketTimeout\":\"undefined\"},{\"enableSerialAlarm\":\"0\",\"serialTypeAlarm\":\"nurse\",\"serialTypeProtocol\":\"rs232\",\"serialEspa444ModProtocol\":\"\",\"serialRS232EndLine\":\"\",\"serialRS232Timeout\":\"\",\"serialRS232Separator\":\"\",\"serialRS232StartInfo\":\"\",\"serialRS232EndInfo\":\"\",\"serialTcpHost\":\"\",\"serialTcpPort\":\"\",\"serialRepetitionTimeCat\":\"\",\"serialPositionCat\":\"\",\"stopOnEndLineSerial\":false,\"heartbeatTimeoutCAT\":\"\",\"socketTimeout\":\"undefined\"},{\"enableSerialAlarm\":\"0\",\"serialTypeAlarm\":\"nurse\",\"serialTypeProtocol\":\"rs232\",\"serialEspa444ModProtocol\":\"\",\"serialRS232EndLine\":\"\",\"serialRS232Timeout\":\"\",\"serialRS232Separator\":\"\",\"serialRS232StartInfo\":\"\",\"serialRS232EndInfo\":\"\",\"serialTcpHost\":\"\",\"serialTcpPort\":\"\",\"serialRepetitionTimeCat\":\"\",\"serialPositionCat\":\"\",\"stopOnEndLineSerial\":false,\"heartbeatTimeoutCAT\":\"\",\"socketTimeout\":\"undefined\"},{\"enableSerialAlarm\":\"0\",\"serialTypeAlarm\":\"nurse\",\"serialTypeProtocol\":\"rs232\",\"serialEspa444ModProtocol\":\"\",\"serialRS232EndLine\":\"\",\"serialRS232Timeout\":\"\",\"serialRS232Separator\":\"\",\"serialRS232StartInfo\":\"\",\"serialRS232EndInfo\":\"\",\"serialTcpHost\":\"\",\"serialTcpPort\":\"\",\"serialRepetitionTimeCat\":\"\",\"serialPositionCat\":\"\",\"stopOnEndLineSerial\":false,\"heartbeatTimeoutCAT\":\"\",\"socketTimeout\":\"undefined\"}],\"outdoorEmailSerial\":false,\"indoorEmailSerial\":false,\"outdoorSmsSerial\":false,\"indoorSmsSerial\":false}', 0, '2024-07-16 15:08:01'),
(729, 'serial', '{\"serialDataArray\":[{\"enableSerialAlarm\":\"1\",\"serialTypeAlarm\":\"altro\",\"serialTypeProtocol\":\"rs232\",\"serialEspa444ModProtocol\":\"\",\"serialRS232EndLine\":\"\",\"serialRS232Timeout\":\"5000\",\"serialRS232Separator\":\";\",\"serialRS232StartInfo\":\"0\",\"serialRS232EndInfo\":\"-1\",\"serialTcpHost\":\"0.0.0.0\",\"serialTcpPort\":\"502\",\"serialRepetitionTimeCat\":\"\",\"serialPositionCat\":\"\",\"stopOnEndLineSerial\":false,\"heartbeatTimeoutCAT\":\"\",\"socketTimeout\":\"999999999\"},{\"enableSerialAlarm\":\"0\",\"serialTypeAlarm\":\"nurse\",\"serialTypeProtocol\":\"rs232\",\"serialEspa444ModProtocol\":\"\",\"serialRS232EndLine\":\"\",\"serialRS232Timeout\":\"\",\"serialRS232Separator\":\"\",\"serialRS232StartInfo\":\"\",\"serialRS232EndInfo\":\"\",\"serialTcpHost\":\"\",\"serialTcpPort\":\"\",\"serialRepetitionTimeCat\":\"\",\"serialPositionCat\":\"\",\"stopOnEndLineSerial\":false,\"heartbeatTimeoutCAT\":\"\",\"socketTimeout\":\"undefined\"},{\"enableSerialAlarm\":\"0\",\"serialTypeAlarm\":\"nurse\",\"serialTypeProtocol\":\"rs232\",\"serialEspa444ModProtocol\":\"\",\"serialRS232EndLine\":\"\",\"serialRS232Timeout\":\"\",\"serialRS232Separator\":\"\",\"serialRS232StartInfo\":\"\",\"serialRS232EndInfo\":\"\",\"serialTcpHost\":\"\",\"serialTcpPort\":\"\",\"serialRepetitionTimeCat\":\"\",\"serialPositionCat\":\"\",\"stopOnEndLineSerial\":false,\"heartbeatTimeoutCAT\":\"\",\"socketTimeout\":\"undefined\"},{\"enableSerialAlarm\":\"0\",\"serialTypeAlarm\":\"nurse\",\"serialTypeProtocol\":\"rs232\",\"serialEspa444ModProtocol\":\"\",\"serialRS232EndLine\":\"\",\"serialRS232Timeout\":\"\",\"serialRS232Separator\":\"\",\"serialRS232StartInfo\":\"\",\"serialRS232EndInfo\":\"\",\"serialTcpHost\":\"\",\"serialTcpPort\":\"\",\"serialRepetitionTimeCat\":\"\",\"serialPositionCat\":\"\",\"stopOnEndLineSerial\":false,\"heartbeatTimeoutCAT\":\"\",\"socketTimeout\":\"undefined\"},{\"enableSerialAlarm\":\"0\",\"serialTypeAlarm\":\"nurse\",\"serialTypeProtocol\":\"rs232\",\"serialEspa444ModProtocol\":\"\",\"serialRS232EndLine\":\"\",\"serialRS232Timeout\":\"\",\"serialRS232Separator\":\"\",\"serialRS232StartInfo\":\"\",\"serialRS232EndInfo\":\"\",\"serialTcpHost\":\"\",\"serialTcpPort\":\"\",\"serialRepetitionTimeCat\":\"\",\"serialPositionCat\":\"\",\"stopOnEndLineSerial\":false,\"heartbeatTimeoutCAT\":\"\",\"socketTimeout\":\"undefined\"}],\"outdoorEmailSerial\":false,\"indoorEmailSerial\":false,\"outdoorSmsSerial\":false,\"indoorSmsSerial\":false}', 0, '2024-07-16 15:56:35'),
(730, 'serial', '{\"serialDataArray\":[{\"enableSerialAlarm\":\"1\",\"serialTypeAlarm\":\"altro\",\"serialTypeProtocol\":\"rs232\",\"serialEspa444ModProtocol\":\"\",\"serialRS232EndLine\":\"\",\"serialRS232Timeout\":\"5000\",\"serialRS232Separator\":\";\",\"serialRS232StartInfo\":\"1\",\"serialRS232EndInfo\":\"2\",\"serialTcpHost\":\"0.0.0.0\",\"serialTcpPort\":\"502\",\"serialRepetitionTimeCat\":\"\",\"serialPositionCat\":\"\",\"stopOnEndLineSerial\":false,\"heartbeatTimeoutCAT\":\"\",\"socketTimeout\":\"999999999\"},{\"enableSerialAlarm\":\"0\",\"serialTypeAlarm\":\"nurse\",\"serialTypeProtocol\":\"rs232\",\"serialEspa444ModProtocol\":\"\",\"serialRS232EndLine\":\"\",\"serialRS232Timeout\":\"\",\"serialRS232Separator\":\"\",\"serialRS232StartInfo\":\"\",\"serialRS232EndInfo\":\"\",\"serialTcpHost\":\"\",\"serialTcpPort\":\"\",\"serialRepetitionTimeCat\":\"\",\"serialPositionCat\":\"\",\"stopOnEndLineSerial\":false,\"heartbeatTimeoutCAT\":\"\",\"socketTimeout\":\"undefined\"},{\"enableSerialAlarm\":\"0\",\"serialTypeAlarm\":\"nurse\",\"serialTypeProtocol\":\"rs232\",\"serialEspa444ModProtocol\":\"\",\"serialRS232EndLine\":\"\",\"serialRS232Timeout\":\"\",\"serialRS232Separator\":\"\",\"serialRS232StartInfo\":\"\",\"serialRS232EndInfo\":\"\",\"serialTcpHost\":\"\",\"serialTcpPort\":\"\",\"serialRepetitionTimeCat\":\"\",\"serialPositionCat\":\"\",\"stopOnEndLineSerial\":false,\"heartbeatTimeoutCAT\":\"\",\"socketTimeout\":\"undefined\"},{\"enableSerialAlarm\":\"0\",\"serialTypeAlarm\":\"nurse\",\"serialTypeProtocol\":\"rs232\",\"serialEspa444ModProtocol\":\"\",\"serialRS232EndLine\":\"\",\"serialRS232Timeout\":\"\",\"serialRS232Separator\":\"\",\"serialRS232StartInfo\":\"\",\"serialRS232EndInfo\":\"\",\"serialTcpHost\":\"\",\"serialTcpPort\":\"\",\"serialRepetitionTimeCat\":\"\",\"serialPositionCat\":\"\",\"stopOnEndLineSerial\":false,\"heartbeatTimeoutCAT\":\"\",\"socketTimeout\":\"undefined\"},{\"enableSerialAlarm\":\"0\",\"serialTypeAlarm\":\"nurse\",\"serialTypeProtocol\":\"rs232\",\"serialEspa444ModProtocol\":\"\",\"serialRS232EndLine\":\"\",\"serialRS232Timeout\":\"\",\"serialRS232Separator\":\"\",\"serialRS232StartInfo\":\"\",\"serialRS232EndInfo\":\"\",\"serialTcpHost\":\"\",\"serialTcpPort\":\"\",\"serialRepetitionTimeCat\":\"\",\"serialPositionCat\":\"\",\"stopOnEndLineSerial\":false,\"heartbeatTimeoutCAT\":\"\",\"socketTimeout\":\"undefined\"}],\"outdoorEmailSerial\":false,\"indoorEmailSerial\":false,\"outdoorSmsSerial\":false,\"indoorSmsSerial\":false}', 0, '2024-07-16 17:25:01'),
(731, 'serial', '{\"serialDataArray\":[{\"enableSerialAlarm\":\"1\",\"serialTypeAlarm\":\"altro\",\"serialTypeProtocol\":\"rs232\",\"serialEspa444ModProtocol\":\"\",\"serialRS232EndLine\":\"\",\"serialRS232Timeout\":\"5000\",\"serialRS232Separator\":\";\",\"serialRS232StartInfo\":\"1\",\"serialRS232EndInfo\":\"2\",\"serialTcpHost\":\"0.0.0.0\",\"serialTcpPort\":\"502\",\"serialRepetitionTimeCat\":\"\",\"serialPositionCat\":\"\",\"stopOnEndLineSerial\":false,\"heartbeatTimeoutCAT\":\"\",\"socketTimeout\":\"999999999\"},{\"enableSerialAlarm\":\"0\",\"serialTypeAlarm\":\"nurse\",\"serialTypeProtocol\":\"rs232\",\"serialEspa444ModProtocol\":\"\",\"serialRS232EndLine\":\"\",\"serialRS232Timeout\":\"\",\"serialRS232Separator\":\"\",\"serialRS232StartInfo\":\"\",\"serialRS232EndInfo\":\"\",\"serialTcpHost\":\"\",\"serialTcpPort\":\"\",\"serialRepetitionTimeCat\":\"\",\"serialPositionCat\":\"\",\"stopOnEndLineSerial\":false,\"heartbeatTimeoutCAT\":\"\",\"socketTimeout\":\"undefined\"},{\"enableSerialAlarm\":\"0\",\"serialTypeAlarm\":\"nurse\",\"serialTypeProtocol\":\"rs232\",\"serialEspa444ModProtocol\":\"\",\"serialRS232EndLine\":\"\",\"serialRS232Timeout\":\"\",\"serialRS232Separator\":\"\",\"serialRS232StartInfo\":\"\",\"serialRS232EndInfo\":\"\",\"serialTcpHost\":\"\",\"serialTcpPort\":\"\",\"serialRepetitionTimeCat\":\"\",\"serialPositionCat\":\"\",\"stopOnEndLineSerial\":false,\"heartbeatTimeoutCAT\":\"\",\"socketTimeout\":\"undefined\"},{\"enableSerialAlarm\":\"0\",\"serialTypeAlarm\":\"nurse\",\"serialTypeProtocol\":\"rs232\",\"serialEspa444ModProtocol\":\"\",\"serialRS232EndLine\":\"\",\"serialRS232Timeout\":\"\",\"serialRS232Separator\":\"\",\"serialRS232StartInfo\":\"\",\"serialRS232EndInfo\":\"\",\"serialTcpHost\":\"\",\"serialTcpPort\":\"\",\"serialRepetitionTimeCat\":\"\",\"serialPositionCat\":\"\",\"stopOnEndLineSerial\":false,\"heartbeatTimeoutCAT\":\"\",\"socketTimeout\":\"undefined\"},{\"enableSerialAlarm\":\"0\",\"serialTypeAlarm\":\"nurse\",\"serialTypeProtocol\":\"rs232\",\"serialEspa444ModProtocol\":\"\",\"serialRS232EndLine\":\"\",\"serialRS232Timeout\":\"\",\"serialRS232Separator\":\"\",\"serialRS232StartInfo\":\"\",\"serialRS232EndInfo\":\"\",\"serialTcpHost\":\"\",\"serialTcpPort\":\"\",\"serialRepetitionTimeCat\":\"\",\"serialPositionCat\":\"\",\"stopOnEndLineSerial\":false,\"heartbeatTimeoutCAT\":\"\",\"socketTimeout\":\"undefined\"}],\"outdoorEmailSerial\":false,\"indoorEmailSerial\":false,\"outdoorSmsSerial\":false,\"indoorSmsSerial\":false}', 0, '2024-07-16 17:25:46'),
(732, 'voice_rss_parameters', '{\"key\":\"a659f978bec54b5db56cef5423427c63\",\"language\":\"it-it\",\"speed\":\"-1\",\"format\":\"8khz_8bit_mono\",\"codecs\":\"WAV\",\"phrase\":\"Premi uno per riascoltare o premi due per confermare la ricezione del messaggio.\"}', 0, '2024-07-26 22:36:39'),
(733, 'ev_1', '{\"enableEvAlarm\":false,\"evMode\":\"first_beacon_second_area\",\"customerEvToken\":\"\",\"enableWatchdogAlarm\":\"0\",\"watchdogMap\":\"1\",\"batteryMap\":\"0\",\"tracking\":\"1\",\"status\":\"1\",\"backEndEv\":\"https://ev.blumit.it\",\"outdoorEmailEv\":true,\"indoorEmailEv\":false,\"outdoorSmsEv\":true,\"indoorSmsEv\":false,\"separateSmsEv\":false,\"separateEmailEv\":false}', 0, '2024-07-26 22:44:23'),
(734, 'ev_1', '{\"enableEvAlarm\":true,\"evMode\":\"first_beacon_second_area\",\"customerEvToken\":\"lyqasni4fl8qpcrhp60s\",\"enableWatchdogAlarm\":\"1\",\"watchdogMap\":\"1\",\"batteryMap\":null,\"tracking\":\"1\",\"status\":\"1\",\"backEndEv\":\"https://ev.blumit.it\",\"outdoorEmailEv\":false,\"indoorEmailEv\":true,\"outdoorSmsEv\":false,\"indoorSmsEv\":true,\"separateSmsEv\":false,\"separateEmailEv\":false}', 0, '2024-07-26 22:49:14'),
(735, 'ev_1', '{\"enableEvAlarm\":true,\"evMode\":\"first_beacon_second_area\",\"customerEvToken\":\"lyqasni4fl8qpcrhp60s\",\"enableWatchdogAlarm\":\"1\",\"watchdogMap\":\"1\",\"batteryMap\":null,\"tracking\":\"1\",\"status\":\"1\",\"backEndEv\":\"http://127.0.0.1/EV_Device\",\"outdoorEmailEv\":false,\"indoorEmailEv\":true,\"outdoorSmsEv\":false,\"indoorSmsEv\":true,\"separateSmsEv\":false,\"separateEmailEv\":false}', 0, '2024-07-26 22:50:20'),
(736, 'ev_1', '{\"enableEvAlarm\":true,\"evMode\":\"first_beacon_second_area\",\"customerEvToken\":\"lyqasni4fl8qpcrhp60s\",\"enableWatchdogAlarm\":\"1\",\"watchdogMap\":\"1\",\"batteryMap\":null,\"tracking\":\"0\",\"status\":\"0\",\"backEndEv\":\"https://ev.blumit.it\",\"outdoorEmailEv\":true,\"indoorEmailEv\":false,\"outdoorSmsEv\":true,\"indoorSmsEv\":false,\"separateSmsEv\":false,\"separateEmailEv\":false}', 0, '2024-07-27 02:06:41'),
(737, 'ev_1', '{\"enableEvAlarm\":true,\"evMode\":\"first_beacon_second_area\",\"customerEvToken\":\"lyqasni4fl8qpcrhp60s\",\"enableWatchdogAlarm\":\"1\",\"watchdogMap\":\"1\",\"batteryMap\":null,\"tracking\":\"0\",\"status\":\"0\",\"backEndEv\":\"https://ev.blumit.it\",\"outdoorEmailEv\":true,\"indoorEmailEv\":false,\"outdoorSmsEv\":true,\"indoorSmsEv\":false,\"separateSmsEv\":false,\"separateEmailEv\":false}', 0, '2024-07-27 02:08:39'),
(738, 'ev_1', '{\"enableEvAlarm\":true,\"evMode\":\"first_beacon_second_area\",\"customerEvToken\":\"lyqasni4fl8qpcrhp60s\",\"enableWatchdogAlarm\":\"1\",\"watchdogMap\":\"1\",\"batteryMap\":null,\"tracking\":\"0\",\"status\":\"0\",\"backEndEv\":\"http://127.0.0.1/EV_Device\",\"outdoorEmailEv\":true,\"indoorEmailEv\":false,\"outdoorSmsEv\":true,\"indoorSmsEv\":false,\"separateSmsEv\":false,\"separateEmailEv\":false}', 0, '2024-07-27 02:17:07'),
(739, 'nox_1', '{\"enableNoxAlarm\":true,\"customerNoxToken\":\"lyqasni4fl8qpcrhp60s\",\"enableWatchdogNoxAlarm\":\"1\",\"statusNox\":\"1\",\"backEndNox\":\"https://nox.blumit.it\",\"outdoorEmailNox\":false,\"indoorEmailNox\":false,\"outdoorSmsNox\":false,\"indoorSmsNox\":false}', 0, '2024-08-08 21:23:07'),
(740, 'nox_2', '{\"enableNoxAlarm\":true,\"customerNoxToken\":\"lyqasni4fl8qpcrhp60s\",\"enableWatchdogNoxAlarm\":\"1\",\"statusNox\":\"1\",\"backEndNox\":\"https://nox.blumit.it\",\"outdoorEmailNox\":false,\"indoorEmailNox\":false,\"outdoorSmsNox\":false,\"indoorSmsNox\":false}', 0, '2024-08-08 21:23:20'),
(741, 'nox_3', '{\"enableNoxAlarm\":true,\"customerNoxToken\":\"lyqasni4fl8qpcrhp60s\",\"enableWatchdogNoxAlarm\":\"1\",\"statusNox\":\"1\",\"backEndNox\":\"https://nox.blumit.it\",\"outdoorEmailNox\":false,\"indoorEmailNox\":false,\"outdoorSmsNox\":false,\"indoorSmsNox\":false}', 0, '2024-08-08 21:23:33'),
(742, 'locus_1', '{\"enableLocusAlarm\":true,\"customerLocusToken\":\"lyqasni4fl8qpcrhp60s\",\"enableWatchdogLocusAlarm\":\"1\",\"statusLocus\":\"1\",\"backEndLocus\":\"https://loccus.blumit.it\",\"outdoorEmailLocus\":false,\"indoorEmailLocus\":false,\"outdoorSmsLocus\":false,\"indoorSmsLocus\":false}', 0, '2024-08-08 21:23:44'),
(743, 'locus_2', '{\"enableLocusAlarm\":true,\"customerLocusToken\":\"lyqasni4fl8qpcrhp60s\",\"enableWatchdogLocusAlarm\":\"1\",\"statusLocus\":\"1\",\"backEndLocus\":\"https://locus.blumit.it\",\"outdoorEmailLocus\":false,\"indoorEmailLocus\":false,\"outdoorSmsLocus\":false,\"indoorSmsLocus\":false}', 0, '2024-08-08 21:24:51'),
(744, 'locus_3', '{\"enableLocusAlarm\":true,\"customerLocusToken\":\"lyqasni4fl8qpcrhp60s\",\"enableWatchdogLocusAlarm\":\"1\",\"statusLocus\":\"1\",\"backEndLocus\":\"https://locus.blumit.it\",\"outdoorEmailLocus\":false,\"indoorEmailLocus\":false,\"outdoorSmsLocus\":false,\"indoorSmsLocus\":false}', 0, '2024-08-08 21:26:11'),
(745, 'nox_2', '{\"enableNoxAlarm\":false,\"customerNoxToken\":\"lyqasni4fl8qpcrhp60s\",\"enableWatchdogNoxAlarm\":\"1\",\"statusNox\":\"1\",\"backEndNox\":\"https://nox.blumit.it\",\"outdoorEmailNox\":false,\"indoorEmailNox\":false,\"outdoorSmsNox\":false,\"indoorSmsNox\":false}', 1, '2024-08-08 21:28:28'),
(746, 'nox_3', '{\"enableNoxAlarm\":false,\"customerNoxToken\":\"lyqasni4fl8qpcrhp60s\",\"enableWatchdogNoxAlarm\":\"1\",\"statusNox\":\"1\",\"backEndNox\":\"https://nox.blumit.it\",\"outdoorEmailNox\":false,\"indoorEmailNox\":false,\"outdoorSmsNox\":false,\"indoorSmsNox\":false}', 1, '2024-08-08 21:28:32'),
(747, 'locus_1', '{\"enableLocusAlarm\":false,\"customerLocusToken\":\"lyqasni4fl8qpcrhp60s\",\"enableWatchdogLocusAlarm\":\"1\",\"statusLocus\":\"1\",\"backEndLocus\":\"https://loccus.blumit.it\",\"outdoorEmailLocus\":false,\"indoorEmailLocus\":false,\"outdoorSmsLocus\":false,\"indoorSmsLocus\":false}', 0, '2024-08-08 21:28:37'),
(748, 'locus_2', '{\"enableLocusAlarm\":false,\"customerLocusToken\":\"lyqasni4fl8qpcrhp60s\",\"enableWatchdogLocusAlarm\":\"1\",\"statusLocus\":\"1\",\"backEndLocus\":\"https://locus.blumit.it\",\"outdoorEmailLocus\":false,\"indoorEmailLocus\":false,\"outdoorSmsLocus\":false,\"indoorSmsLocus\":false}', 1, '2024-08-08 21:28:40'),
(749, 'locus_3', '{\"enableLocusAlarm\":false,\"customerLocusToken\":\"lyqasni4fl8qpcrhp60s\",\"enableWatchdogLocusAlarm\":\"1\",\"statusLocus\":\"1\",\"backEndLocus\":\"https://locus.blumit.it\",\"outdoorEmailLocus\":false,\"indoorEmailLocus\":false,\"outdoorSmsLocus\":false,\"indoorSmsLocus\":false}', 1, '2024-08-08 21:28:44'),
(750, 'voice_rss_parameters', '{\"key\":\"a659f978bec54b5db56cef5423427c63\",\"language\":\"it-it\",\"speed\":\"-1\",\"format\":\"8khz_8bit_mono\",\"codecs\":\"WAV\",\"phrase\":\"Premi uno per riascoltare o premi due per confermare la ricezione del messaggio.\"}', 0, '2024-08-11 13:36:06'),
(751, 'smtp1', '{\"host\":\"mail.blumit.it\",\"port\":\"587\",\"auth\":\"SI\",\"username\":\"blumit.it70388\",\"password\":\"Y@Ap785mm3\",\"security\":\"starttls\",\"emailMittente\":\"info@blumit.it\",\"nameMittente\":\"Test\"}', 0, '2024-08-11 13:38:28'),
(752, 'nox_1', '{\"enableNoxAlarm\":true,\"customerNoxToken\":\"lyqasni4fl8qpcrhp60s\",\"enableWatchdogNoxAlarm\":\"1\",\"statusNox\":\"1\",\"backEndNox\":\"127.0.0.1/nox\",\"outdoorEmailNox\":false,\"indoorEmailNox\":false,\"outdoorSmsNox\":false,\"indoorSmsNox\":false}', 0, '2024-08-11 13:41:20'),
(753, 'locus_1', '{\"enableLocusAlarm\":false,\"customerLocusToken\":\"lyqasni4fl8qpcrhp60s\",\"enableWatchdogLocusAlarm\":\"1\",\"statusLocus\":\"1\",\"backEndLocus\":\"https://locus.blumit.it\",\"outdoorEmailLocus\":false,\"indoorEmailLocus\":false,\"outdoorSmsLocus\":false,\"indoorSmsLocus\":false}', 1, '2024-08-11 13:42:36'),
(754, 'nox_1', '{\"enableNoxAlarm\":true,\"customerNoxToken\":\"lyqasni4fl8qpcrhp60s\",\"enableWatchdogNoxAlarm\":\"1\",\"statusNox\":\"1\",\"backEndNox\":\"http://127.0.0.1/nox/\",\"outdoorEmailNox\":false,\"indoorEmailNox\":false,\"outdoorSmsNox\":false,\"indoorSmsNox\":false}', 0, '2024-08-11 13:45:03'),
(755, 'voice_rss_parameters', '{\"key\":\"a659f978bec54b5db56cef5423427c63\",\"language\":\"it-it\",\"speed\":\"-1\",\"format\":\"8khz_8bit_mono\",\"codecs\":\"WAV\",\"phrase\":\"Premi uno per riascoltare o premi due per confermare la ricezione del messaggio.\"}', 0, '2024-08-11 15:41:20'),
(756, 'ev_1', '{\"enableEvAlarm\":true,\"evMode\":\"first_beacon_second_area\",\"customerEvToken\":\"lyqasni4fl8qpcrhp60s\",\"enableWatchdogAlarm\":\"1\",\"watchdogMap\":\"1\",\"batteryMap\":null,\"tracking\":\"0\",\"status\":\"0\",\"backEndEv\":\"http://127.0.0.1/EV_Device\",\"enableEvLocationControl\":true,\"locationControlSeconds\":\"0\",\"outdoorEmailEv\":true,\"indoorEmailEv\":false,\"outdoorSmsEv\":true,\"indoorSmsEv\":false,\"separateSmsEv\":false,\"separateEmailEv\":false}', 0, '2024-08-25 22:02:35'),
(757, 'ev_1', '{\"enableEvAlarm\":true,\"evMode\":\"first_beacon_second_area\",\"customerEvToken\":\"lyqasni4fl8qpcrhp60s\",\"enableWatchdogAlarm\":\"1\",\"watchdogMap\":\"1\",\"batteryMap\":null,\"tracking\":\"0\",\"status\":\"0\",\"backEndEv\":\"http://127.0.0.1/EV_Device\",\"enableEvLocationControl\":true,\"locationControlSeconds\":\"0\",\"outdoorEmailEv\":true,\"indoorEmailEv\":false,\"outdoorSmsEv\":true,\"indoorSmsEv\":false,\"separateSmsEv\":false,\"separateEmailEv\":false}', 0, '2024-08-25 22:02:41'),
(758, 'ev_1', '{\"enableEvAlarm\":true,\"evMode\":\"first_beacon_second_area\",\"customerEvToken\":\"lyqasni4fl8qpcrhp60s\",\"enableWatchdogAlarm\":\"1\",\"watchdogMap\":\"1\",\"batteryMap\":null,\"tracking\":\"0\",\"status\":\"0\",\"backEndEv\":\"http://127.0.0.1/EV_Device\",\"enableEvLocationControl\":true,\"locationControlSeconds\":\"0\",\"outdoorEmailEv\":true,\"indoorEmailEv\":false,\"outdoorSmsEv\":true,\"indoorSmsEv\":false,\"separateSmsEv\":false,\"separateEmailEv\":false}', 0, '2024-08-25 22:02:55'),
(759, 'ev_1', '{\"enableEvAlarm\":true,\"evMode\":\"first_beacon_second_area\",\"customerEvToken\":\"lyqasni4fl8qpcrhp60s\",\"enableWatchdogAlarm\":\"1\",\"watchdogMap\":\"1\",\"batteryMap\":null,\"tracking\":\"0\",\"status\":\"0\",\"backEndEv\":\"http://127.0.0.1/EV_Device\",\"enableEvLocationControl\":true,\"locationControlSeconds\":\"0\",\"outdoorEmailEv\":true,\"indoorEmailEv\":false,\"outdoorSmsEv\":true,\"indoorSmsEv\":false,\"separateSmsEv\":false,\"separateEmailEv\":false}', 0, '2024-08-30 22:32:37'),
(760, 'ev_1', '{\"enableEvAlarm\":true,\"evMode\":\"first_beacon_second_area\",\"customerEvToken\":\"lyqasni4fl8qpcrhp60s\",\"enableWatchdogAlarm\":\"1\",\"watchdogMap\":\"1\",\"batteryMap\":null,\"tracking\":\"1\",\"status\":\"0\",\"backEndEv\":\"http://127.0.0.1/EV_Device\",\"enableEvLocationControl\":true,\"locationControlSeconds\":\"0\",\"outdoorEmailEv\":true,\"indoorEmailEv\":false,\"outdoorSmsEv\":true,\"indoorSmsEv\":false,\"separateSmsEv\":false,\"separateEmailEv\":false}', 0, '2024-08-30 22:34:58'),
(761, 'nox_1', '{\"enableNoxAlarm\":false,\"customerNoxToken\":\"lyqasni4fl8qpcrhp60s\",\"enableWatchdogNoxAlarm\":\"1\",\"statusNox\":\"1\",\"backEndNox\":\"http://127.0.0.1/nox/\",\"outdoorEmailNox\":false,\"indoorEmailNox\":false,\"outdoorSmsNox\":false,\"indoorSmsNox\":false}', 1, '2024-08-30 22:37:43'),
(762, 'ev_1', '{\"enableEvAlarm\":true,\"evMode\":\"first_beacon_second_area\",\"customerEvToken\":\"lyqasni4fl8qpcrhp60s\",\"enableWatchdogAlarm\":\"1\",\"watchdogMap\":\"1\",\"batteryMap\":null,\"tracking\":\"1\",\"status\":\"0\",\"backEndEv\":\"http://127.0.0.1/EV_Device\",\"enableEvLocationControl\":true,\"locationControlSeconds\":\"1800\",\"outdoorEmailEv\":true,\"indoorEmailEv\":false,\"outdoorSmsEv\":true,\"indoorSmsEv\":false,\"separateSmsEv\":false,\"separateEmailEv\":false}', 0, '2024-08-31 12:08:14'),
(763, 'voice_rss_parameters', '{\"key\":\"a659f978bec54b5db56cef5423427c63\",\"language\":\"it-it\",\"speed\":\"-1\",\"format\":\"8khz_8bit_mono\",\"codecs\":\"WAV\",\"phrase\":\"Premi uno per riascoltare o premi due per confermare la ricezione del messaggio.\"}', 0, '2024-08-31 13:35:48'),
(764, 'ev_1', '{\"enableEvAlarm\":true,\"evMode\":\"first_beacon_second_area\",\"customerEvToken\":\"lyqasni4fl8qpcrhp60s\",\"enableWatchdogAlarm\":\"1\",\"watchdogMap\":\"1\",\"batteryMap\":null,\"tracking\":\"1\",\"status\":\"1\",\"backEndEv\":\"http://127.0.0.1/EV_Device\",\"enableEvLocationControl\":true,\"locationControlSeconds\":\"1800\",\"outdoorEmailEv\":true,\"indoorEmailEv\":false,\"outdoorSmsEv\":true,\"indoorSmsEv\":false,\"separateSmsEv\":false,\"separateEmailEv\":false}', 0, '2024-09-04 09:51:38'),
(765, 'voice_rss_parameters', '{\"key\":\"a659f978bec54b5db56cef5423427c63\",\"language\":\"it-it\",\"speed\":\"-1\",\"format\":\"8khz_8bit_mono\",\"codecs\":\"WAV\",\"phrase\":\"Premi uno per riascoltare o premi due per confermare la ricezione del messaggio.\"}', 1, '2024-09-04 10:00:59'),
(766, 'ev_1', '{\"enableEvAlarm\":true,\"evMode\":\"first_beacon_second_area\",\"customerEvToken\":\"lyqasni4fl8qpcrhp60s\",\"enableWatchdogAlarm\":\"1\",\"watchdogMap\":\"1\",\"batteryMap\":null,\"tracking\":\"1\",\"status\":\"1\",\"backEndEv\":\"http://127.0.0.1/EV_Device\",\"enableEvLocationControl\":true,\"locationControlSeconds\":\"1800\",\"outdoorEmailEv\":true,\"indoorEmailEv\":false,\"outdoorSmsEv\":true,\"indoorSmsEv\":false,\"separateSmsEv\":false,\"separateEmailEv\":false}', 0, '2024-09-04 10:10:13'),
(767, 'smtp1', '{\"host\":\"mail.blumit.it\",\"port\":\"587\",\"auth\":\"SI\",\"username\":\"blumit.it70388\",\"password\":\"Y@Ap785mm3\",\"security\":\"starttls\",\"emailMittente\":\"info@blumit.it\",\"nameMittente\":\"Blumit\"}', 1, '2024-10-06 16:36:52'),
(768, 'serial', '{\"serialDataArray\":[{\"enableSerialAlarm\":\"1\",\"serialTypeAlarm\":\"fire-cat\",\"serialTypeProtocol\":\"rs232\",\"serialEspa444ModProtocol\":\"\",\"serialRS232EndLine\":\"\",\"serialRS232Timeout\":\"5000\",\"serialRS232Separator\":\"\",\"serialRS232StartInfo\":\"\",\"serialRS232EndInfo\":\"\",\"serialTcpHost\":\"0.0.0.0\",\"serialTcpPort\":\"4661\",\"serialRepetitionTimeCat\":\"180000\",\"serialPositionCat\":\"1,2,5,7,8\",\"stopOnEndLineSerial\":false,\"heartbeatTimeoutCAT\":\"90000\",\"socketTimeout\":\"0\"},{\"enableSerialAlarm\":\"0\",\"serialTypeAlarm\":\"nurse\",\"serialTypeProtocol\":\"rs232\",\"serialEspa444ModProtocol\":\"\",\"serialRS232EndLine\":\"\",\"serialRS232Timeout\":\"\",\"serialRS232Separator\":\"\",\"serialRS232StartInfo\":\"\",\"serialRS232EndInfo\":\"\",\"serialTcpHost\":\"\",\"serialTcpPort\":\"\",\"serialRepetitionTimeCat\":\"\",\"serialPositionCat\":\"\",\"stopOnEndLineSerial\":false,\"heartbeatTimeoutCAT\":\"\",\"socketTimeout\":\"\"},{\"enableSerialAlarm\":\"0\",\"serialTypeAlarm\":\"nurse\",\"serialTypeProtocol\":\"rs232\",\"serialEspa444ModProtocol\":\"\",\"serialRS232EndLine\":\"\",\"serialRS232Timeout\":\"\",\"serialRS232Separator\":\"\",\"serialRS232StartInfo\":\"\",\"serialRS232EndInfo\":\"\",\"serialTcpHost\":\"\",\"serialTcpPort\":\"\",\"serialRepetitionTimeCat\":\"\",\"serialPositionCat\":\"\",\"stopOnEndLineSerial\":false,\"heartbeatTimeoutCAT\":\"\",\"socketTimeout\":\"\"},{\"enableSerialAlarm\":\"0\",\"serialTypeAlarm\":\"nurse\",\"serialTypeProtocol\":\"rs232\",\"serialEspa444ModProtocol\":\"\",\"serialRS232EndLine\":\"\",\"serialRS232Timeout\":\"\",\"serialRS232Separator\":\"\",\"serialRS232StartInfo\":\"\",\"serialRS232EndInfo\":\"\",\"serialTcpHost\":\"\",\"serialTcpPort\":\"\",\"serialRepetitionTimeCat\":\"\",\"serialPositionCat\":\"\",\"stopOnEndLineSerial\":false,\"heartbeatTimeoutCAT\":\"\",\"socketTimeout\":\"\"},{\"enableSerialAlarm\":\"0\",\"serialTypeAlarm\":\"nurse\",\"serialTypeProtocol\":\"rs232\",\"serialEspa444ModProtocol\":\"\",\"serialRS232EndLine\":\"\",\"serialRS232Timeout\":\"\",\"serialRS232Separator\":\"\",\"serialRS232StartInfo\":\"\",\"serialRS232EndInfo\":\"\",\"serialTcpHost\":\"\",\"serialTcpPort\":\"\",\"serialRepetitionTimeCat\":\"\",\"serialPositionCat\":\"\",\"stopOnEndLineSerial\":false,\"heartbeatTimeoutCAT\":\"\",\"socketTimeout\":\"\"}],\"outdoorEmailSerial\":false,\"indoorEmailSerial\":false,\"outdoorSmsSerial\":false,\"indoorSmsSerial\":false}', 0, '2024-10-25 13:33:41'),
(769, 'ev_1', '{\"enableEvAlarm\":false,\"evMode\":\"first_beacon_second_area\",\"customerEvToken\":\"lyqasni4fl8qpcrhp60s\",\"enableWatchdogAlarm\":\"1\",\"watchdogMap\":\"1\",\"batteryMap\":null,\"tracking\":\"1\",\"status\":\"1\",\"backEndEv\":\"http://127.0.0.1/EV_Device\",\"enableEvLocationControl\":true,\"locationControlSeconds\":\"1800\",\"outdoorEmailEv\":true,\"indoorEmailEv\":false,\"outdoorSmsEv\":true,\"indoorSmsEv\":false,\"separateSmsEv\":false,\"separateEmailEv\":false}', 1, '2024-10-25 13:36:52'),
(770, 'isafe_web1', '{\"webName\":\"Flex\",\"webPath\":\"/luna/isafe_web/api/\",\"webPort\":\"8080\",\"webHost\":\"localhost\",\"webProtocol\":\"http\",\"webPortIndoor\":\"443\",\"webHostIndoor\":\"sviluppo.blumit.it\",\"webProtocolIndoor\":\"https\",\"webPathIndoor\":\"/\"}', 1, '2024-12-07 14:56:49'),
(771, 'api_1', '{\"enableAPI\":true,\"urlAPI\":\"https://luna.blumit.it/api/tm/CheckWatchdog.php?token=aYhCfhv0m9LBTpgrgoLBUgSXv1E02qQRg1DdBLAxu2wxstGhDy\",\"timingAPI\":\"5000\"}', 1, '2024-12-08 01:13:42'),
(772, 'serial', '{\"serialDataArray\":[{\"enableSerialAlarm\":\"0\",\"serialTypeAlarm\":\"fire-cat\",\"serialTypeProtocol\":\"rs232\",\"serialEspa444ModProtocol\":\"\",\"serialRS232EndLine\":\"\",\"serialRS232Timeout\":\"5000\",\"serialRS232Separator\":\"\",\"serialRS232StartInfo\":\"\",\"serialRS232EndInfo\":\"\",\"serialTcpHost\":\"0.0.0.0\",\"serialTcpPort\":\"4661\",\"serialRepetitionTimeCat\":\"180000\",\"serialPositionCat\":\"1,2,5,7,8\",\"stopOnEndLineSerial\":false,\"heartbeatTimeoutCAT\":\"90000\",\"socketTimeout\":\"0\"},{\"enableSerialAlarm\":\"0\",\"serialTypeAlarm\":\"nurse\",\"serialTypeProtocol\":\"rs232\",\"serialEspa444ModProtocol\":\"\",\"serialRS232EndLine\":\"\",\"serialRS232Timeout\":\"\",\"serialRS232Separator\":\"\",\"serialRS232StartInfo\":\"\",\"serialRS232EndInfo\":\"\",\"serialTcpHost\":\"\",\"serialTcpPort\":\"\",\"serialRepetitionTimeCat\":\"\",\"serialPositionCat\":\"\",\"stopOnEndLineSerial\":false,\"heartbeatTimeoutCAT\":\"\",\"socketTimeout\":\"\"},{\"enableSerialAlarm\":\"0\",\"serialTypeAlarm\":\"nurse\",\"serialTypeProtocol\":\"rs232\",\"serialEspa444ModProtocol\":\"\",\"serialRS232EndLine\":\"\",\"serialRS232Timeout\":\"\",\"serialRS232Separator\":\"\",\"serialRS232StartInfo\":\"\",\"serialRS232EndInfo\":\"\",\"serialTcpHost\":\"\",\"serialTcpPort\":\"\",\"serialRepetitionTimeCat\":\"\",\"serialPositionCat\":\"\",\"stopOnEndLineSerial\":false,\"heartbeatTimeoutCAT\":\"\",\"socketTimeout\":\"\"},{\"enableSerialAlarm\":\"0\",\"serialTypeAlarm\":\"nurse\",\"serialTypeProtocol\":\"rs232\",\"serialEspa444ModProtocol\":\"\",\"serialRS232EndLine\":\"\",\"serialRS232Timeout\":\"\",\"serialRS232Separator\":\"\",\"serialRS232StartInfo\":\"\",\"serialRS232EndInfo\":\"\",\"serialTcpHost\":\"\",\"serialTcpPort\":\"\",\"serialRepetitionTimeCat\":\"\",\"serialPositionCat\":\"\",\"stopOnEndLineSerial\":false,\"heartbeatTimeoutCAT\":\"\",\"socketTimeout\":\"\"},{\"enableSerialAlarm\":\"0\",\"serialTypeAlarm\":\"nurse\",\"serialTypeProtocol\":\"rs232\",\"serialEspa444ModProtocol\":\"\",\"serialRS232EndLine\":\"\",\"serialRS232Timeout\":\"\",\"serialRS232Separator\":\"\",\"serialRS232StartInfo\":\"\",\"serialRS232EndInfo\":\"\",\"serialTcpHost\":\"\",\"serialTcpPort\":\"\",\"serialRepetitionTimeCat\":\"\",\"serialPositionCat\":\"\",\"stopOnEndLineSerial\":false,\"heartbeatTimeoutCAT\":\"\",\"socketTimeout\":\"\"}],\"outdoorEmailSerial\":false,\"indoorEmailSerial\":false,\"outdoorSmsSerial\":false,\"indoorSmsSerial\":false}', 1, '2024-12-09 11:27:19'),
(773, 'api_2', '{\"enableAPI\":true,\"urlAPI\":\"https://luna.blumit.it/api/tm/SendAppUserPushAlarmNotification.php?token=aYhCfhv0m9LBTpgrgoLBUgSXv1E02qQRg1DdBLAxu2wxstGhDy\",\"timingAPI\":\"2000\"}', 0, '2024-12-09 22:17:18'),
(774, 'api_2', '{\"enableAPI\":true,\"urlAPI\":\"https://luna.blumit.it/api/SendAppUserPushAlarmNotification.php?token=aYhCfhv0m9LBTpgrgoLBUgSXv1E02qQRg1DdBLAxu2wxstGhDy\",\"timingAPI\":\"2000\"}', 1, '2024-12-09 22:17:24'),
(775, 'language1', '{\"languageDefault\":\"offline\",\"inputKeyVrss\":\"a659f978bec54b5db56cef5423427c63\",\"languageVrss\":\"it-it\",\"languageVrssFormat\":\"8khz_8bit_mono\",\"languageVrssSpeed\":\"-1\",\"languageOffline\":\"it-IT\",\"inputEndText\":\"Premi uno per riascoltare o premi due per confermare la ricezione del messaggio.\"}', 1, '2024-12-12 10:45:41');

-- --------------------------------------------------------

--
-- Struttura della tabella `contacts`
--

CREATE TABLE `contacts` (
  `id` bigint(20) NOT NULL,
  `value` varchar(250) NOT NULL,
  `id_contact_types` bigint(20) NOT NULL,
  `active` tinyint(1) NOT NULL DEFAULT '1',
  `enabled` tinyint(1) NOT NULL DEFAULT '1',
  `insert_date` varchar(250) DEFAULT NULL,
  `name` varchar(250) DEFAULT NULL,
  `id_users` bigint(20) DEFAULT NULL
) ENGINE=InnoDB DEFAULT CHARSET=utf8;

--
-- Dump dei dati per la tabella `contacts`
--

INSERT INTO `contacts` (`id`, `value`, `id_contact_types`, `active`, `enabled`, `insert_date`, `name`, `id_users`) VALUES
(1, 'tt_man#berettaluca@me.com', 45, 1, 1, '2024-12-07 22:59:22', 'Luca Beretta', NULL),
(2, 'tt_man#marco@blumit.it', 45, 1, 1, '2024-12-07 23:00:53', 'Marco Sirini', NULL),
(3, 'tt_man#info@blumit.it', 45, 1, 1, '2024-12-07 23:01:53', 'Info', NULL),
(4, 'tt_man#alexandre@blumit.it', 45, 1, 1, '2024-12-07 23:03:34', 'Alexandre', NULL);

-- --------------------------------------------------------

--
-- Struttura della tabella `contact_types`
--

CREATE TABLE `contact_types` (
  `id` bigint(20) NOT NULL,
  `type` longtext NOT NULL,
  `active` tinyint(1) NOT NULL DEFAULT '1',
  `settings` longtext
) ENGINE=InnoDB DEFAULT CHARSET=utf8;

--
-- Dump dei dati per la tabella `contact_types`
--

INSERT INTO `contact_types` (`id`, `type`, `active`, `settings`) VALUES
(1, 'phone', 1, NULL),
(2, 'mobile_phone', 1, NULL),
(3, 'moxa_contact', 1, NULL),
(6, 'email', 1, NULL),
(8, 'sms', 1, NULL),
(9, 'sms_dect', 1, NULL),
(10, 'sms_dect_tone_0', 1, NULL),
(11, 'sms_dect_tone_1', 1, NULL),
(12, 'sms_dect_tone_2', 1, NULL),
(13, 'sms_dect_tone_3', 1, NULL),
(14, 'sms_dect_tone_4', 1, NULL),
(15, 'sms_dect_tone_5', 1, NULL),
(16, 'sms_dect_tone_6', 1, NULL),
(17, 'sms_dect_tone_7', 1, NULL),
(18, 'pager', 1, NULL),
(19, 'msg_oap', 1, NULL),
(20, 'msg_oap_beep_0', 1, NULL),
(21, 'msg_oap_beep_1', 1, NULL),
(22, 'msg_oap_beep_2', 1, NULL),
(23, 'msg_oap_beep_3', 1, NULL),
(24, 'msg_oap_beep_4', 1, NULL),
(25, 'msg_oap_beep_5', 1, NULL),
(26, 'msg_oap_beep_6', 1, NULL),
(27, 'msg_oap_beep_7', 1, NULL),
(28, 'msg_oap_beep_8', 1, NULL),
(29, 'msg_oap_beep_9', 1, NULL),
(30, 'modbus_write_single_coil_tcp', 1, NULL),
(31, 'modbus_write_multiple_coils_tcp', 1, NULL),
(32, 'modbus_write_single_register_tcp', 1, NULL),
(33, 'modbus_write_multiple_registers_tcp', 1, NULL),
(34, 'modbus_write_single_coil_rtu', 1, NULL),
(35, 'modbus_write_multiple_coils_rtu', 1, NULL),
(36, 'modbus_write_single_register_rtu', 1, NULL),
(37, 'modbus_write_multiple_registers_rtu', 1, NULL),
(38, 'sms_portech_1', 1, NULL),
(39, 'sms_mitel', 1, NULL),
(40, 'sms_mitel_tone1', 1, NULL),
(41, 'sms_mitel_tone2', 1, NULL),
(42, 'sms_mitel_tone3', 1, NULL),
(44, 'sip_simple', 1, NULL),
(45, 'app_user', 1, NULL),
(46, 'totem_contact', 1, NULL),
(47, 'reset_app_alarm_by_type', 1, NULL),
(48, 'reset_app_alarm_by_event_text', 1, NULL),
(49, 'sms_dectIII_tone_1', 1, NULL),
(50, 'sms_dectIII_tone_2', 1, NULL),
(51, 'sms_dectIII_tone_3', 1, NULL),
(52, 'sms_dectIII_tone_4', 1, NULL),
(53, 'sms_dectIII_tone_5', 1, NULL),
(54, 'sms_dectIII_tone_6', 1, NULL),
(55, 'sms_dectIII_tone_7', 1, NULL),
(56, 'sms_dectIII_tone_8', 1, NULL),
(57, 'sms_dectIII_tone_9', 1, NULL),
(58, 'shelly_relay', 1, NULL),
(59, 'bash_script', 1, NULL),
(60, 'sms_dectIII_tone_B1', 1, NULL),
(61, 'sms_dectIII_tone_B2', 1, NULL),
(62, 'sms_dectIII_tone_B3', 1, NULL),
(63, 'sms_dectIII_tone_B4', 1, NULL),
(64, 'sms_dectIII_tone_B5', 1, NULL),
(65, 'sms_dectIII_tone_B6', 1, NULL),
(66, 'sms_dectIII_tone_B7', 1, NULL),
(67, 'sms_dectIII_tone_B8', 1, NULL),
(68, 'sms_dectIII_tone_B9', 1, NULL),
(69, 'sms_dectIII_tone_V', 1, NULL),
(70, 'change_status_nox', 1, NULL),
(71, 'activate_nox', 1, NULL),
(72, 'deactivate_nox', 1, NULL),
(73, 'change_status_locus', 1, NULL),
(74, 'activate_locus', 1, NULL),
(75, 'deactivate_locus', 1, NULL),
(76, 'sms_mitel_tone_4', 1, NULL),
(77, 'repeating_alarm', 1, NULL),
(78, 'nurse_monitor', 1, NULL),
(79, 'stop_repeating_alarm_device', 1, NULL),
(80, 'clear_nurse_monitor_device', 1, NULL),
(81, 'gigaset_mqtt_1', 1, '{\"priority\":\"1\",\"msg_status\":\"NEW\",\"ring_tone\":\"msg_melody_silent\",\"volume\":\"3\",\"title_color\":\"04\",\"icon_type\":\"27\",\"icon_color\":\"05\",\"par1_color\":\"00\",\"par1_align\":\"left\",\"par2_color\":\"00\",\"par2_align\":\"left\",\"icon_type_list\":\"27\",\"icon_status_list\":\"0F\",\"status_text\":\"Chiamata\",\"icon_status_list_old\":\"00\",\"status_text_old\":\"Old\",\"presentation_time\":\"50\",\"ttl\":\"3600\",\"response1\":\"accept\",\"response2\":\"decline\",\"response3\":\"callback_interactive\",\"blinking\":true,\"bold\":true,\"underline\":true,\"blinking2\":true,\"bold2\":true,\"underline2\":true,\"vibration\":true,\"overrule_silence\":true,\"delete_allowed\":true,\"ignore_allowed\":true}'),
(82, 'gigaset_mqtt_2', 1, NULL),
(83, 'gigaset_mqtt_3', 1, NULL),
(84, 'gigaset_mqtt_4', 1, NULL),
(85, 'gigaset_mqtt_5', 1, NULL),
(86, 'gigaset_mqtt_6', 1, NULL),
(87, 'gigaset_mqtt_7', 1, NULL),
(88, 'gigaset_mqtt_8', 1, NULL),
(89, 'gigaset_mqtt_9', 1, NULL),
(90, 'gigaset_mqtt_10', 1, NULL),
(91, 'gigaset_mqtt_11', 1, NULL),
(92, 'gigaset_mqtt_12', 1, NULL),
(93, 'gigaset_mqtt_13', 1, NULL),
(94, 'gigaset_mqtt_14', 1, NULL),
(95, 'gigaset_mqtt_15', 1, NULL);

-- --------------------------------------------------------

--
-- Struttura stand-in per le viste `deactivabledevicetracking`
-- (Vedi sotto per la vista effettiva)
--
CREATE TABLE `deactivabledevicetracking` (
`id` bigint(20)
,`id_device_position` bigint(20)
,`id_device_source` bigint(20)
,`time` varchar(512)
,`rssi` varchar(512)
,`battery` varchar(500)
,`red` tinyint(1)
,`valid` tinyint(1)
);

-- --------------------------------------------------------

--
-- Struttura della tabella `devices`
--

CREATE TABLE `devices` (
  `id` bigint(20) NOT NULL,
  `id_device_types` bigint(20) NOT NULL,
  `mac_address` varchar(255) NOT NULL,
  `active` tinyint(1) NOT NULL DEFAULT '1',
  `enabled` tinyint(1) NOT NULL DEFAULT '1',
  `name` longtext,
  `short_name` varchar(500) DEFAULT NULL,
  `global_time_alert` tinyint(4) NOT NULL DEFAULT '3',
  `insert_date` varchar(250) DEFAULT NULL,
  `msg_priority` tinyint(4) NOT NULL DEFAULT '1'
) ENGINE=InnoDB DEFAULT CHARSET=utf8;

--
-- Dump dei dati per la tabella `devices`
--

INSERT INTO `devices` (`id`, `id_device_types`, `mac_address`, `active`, `enabled`, `name`, `short_name`, `global_time_alert`, `insert_date`, `msg_priority`) VALUES
(1, 14, 'TRV_WASTE_W_1#1001', 1, 1, NULL, NULL, 3, '2024-12-07 00:22:21', 1),
(2, 14, 'TRV_WASTE_C1_6#1551', 1, 1, NULL, NULL, 3, '2024-12-07 00:22:21', 1),
(3, 14, 'TRV_WASTE_W_2#1001', 1, 1, NULL, NULL, 3, '2024-12-07 00:22:21', 1),
(4, 14, 'TRV_WASTE_C1_6#1001', 1, 1, NULL, NULL, 3, '2024-12-07 00:22:21', 1),
(5, 14, 'TRV_WASTE_C2_4#1001', 1, 1, NULL, NULL, 3, '2024-12-07 00:22:21', 1),
(6, 14, 'TRV_WASTE_C1_6#1011', 1, 1, NULL, NULL, 3, '2024-12-07 00:22:21', 1),
(7, 14, 'TRV_WASTE_C1_6#1121', 1, 1, NULL, NULL, 3, '2024-12-07 00:22:21', 1),
(8, 14, 'TRV_WASTE_W_2#1121', 1, 1, NULL, NULL, 3, '2024-12-07 00:22:21', 1),
(9, 14, 'TRV_WASTE_C2_1#1051', 1, 1, NULL, NULL, 3, '2024-12-07 00:22:21', 1),
(10, 14, 'TRV_WASTE_W_2#1201', 1, 1, NULL, NULL, 3, '2024-12-07 00:22:21', 1),
(11, 14, 'TRV_WASTE_C2_3#1051', 1, 1, NULL, NULL, 3, '2024-12-07 00:22:21', 1),
(12, 14, 'TRV_WASTE_C1_6#1031', 1, 1, NULL, NULL, 3, '2024-12-07 00:22:21', 1),
(13, 14, 'TRV_WASTE_C2_4#1121', 1, 1, NULL, NULL, 3, '2024-12-07 00:22:21', 1),
(14, 14, 'TRV_WASTE_S_1#1001', 1, 1, NULL, NULL, 3, '2024-12-07 00:22:21', 1),
(15, 14, 'TRV_WASTE_W_1#1121', 1, 1, NULL, NULL, 3, '2024-12-07 00:22:21', 1),
(16, 14, 'TRV_WASTE_C1_6#1091', 1, 1, NULL, NULL, 3, '2024-12-07 00:22:21', 1),
(17, 14, 'TRV_WASTE_C_2#1991', 1, 1, NULL, NULL, 3, '2024-12-07 00:22:21', 1),
(18, 14, 'TRV_WASTE_C2_4#1021', 1, 1, NULL, NULL, 3, '2024-12-07 00:22:21', 1),
(19, 14, 'TRV_WASTE_W_1#1021', 1, 1, NULL, NULL, 3, '2024-12-07 00:22:21', 1),
(20, 14, 'TRV_WASTE_C2_4#1071', 1, 1, NULL, NULL, 3, '2024-12-07 00:22:21', 1),
(21, 14, 'TRV_WASTE_T_1#1001', 1, 1, NULL, NULL, 3, '2024-12-07 00:22:21', 1),
(22, 14, 'TRV_WASTE_W_2#1021', 1, 1, NULL, NULL, 3, '2024-12-07 00:22:21', 1),
(23, 14, 'TRV_WASTE_C2_2#1051', 1, 1, NULL, NULL, 3, '2024-12-07 00:22:21', 1),
(24, 14, 'TRV_WASTE_S_1#1021', 1, 1, NULL, NULL, 3, '2024-12-07 00:22:21', 1),
(25, 14, 'TRV_WASTE_C2_2#1071', 1, 1, NULL, NULL, 3, '2024-12-07 00:22:21', 1),
(26, 14, 'TRV_WASTE_T_1#1021', 1, 1, NULL, NULL, 3, '2024-12-07 00:22:21', 1),
(27, 14, 'TRV_WASTE_B_1#1001', 1, 1, NULL, NULL, 3, '2024-12-07 00:22:21', 1),
(28, 14, 'TRV_WASTE_C2_4#1011', 1, 1, NULL, NULL, 3, '2024-12-07 00:22:21', 1),
(29, 14, 'TRV_WASTE_B_1#1011', 1, 1, NULL, NULL, 3, '2024-12-07 00:22:21', 1),
(30, 14, 'TRV_WASTE_C1_6#1141', 1, 1, NULL, NULL, 3, '2024-12-07 00:22:21', 1),
(31, 14, 'TRV_WASTE_T_1#1141', 1, 1, NULL, NULL, 3, '2024-12-07 00:22:21', 1),
(32, 14, 'TRV_WASTE_B_1#1271', 1, 1, NULL, NULL, 3, '2024-12-07 00:22:21', 1),
(33, 14, 'TRV_WASTE_C1_6#1201', 1, 1, NULL, NULL, 3, '2024-12-07 00:22:21', 1),
(34, 14, 'TRV_WASTE_C_2#1981', 1, 1, NULL, NULL, 3, '2024-12-07 00:22:21', 1),
(35, 14, 'TRV_WASTE_C1_5#1001', 1, 1, NULL, NULL, 3, '2024-12-07 00:22:21', 1),
(36, 14, 'TRV_WASTE_C2_3#1021', 1, 1, NULL, NULL, 3, '2024-12-07 00:22:21', 1),
(37, 14, 'TRV_WASTE_S_1#1011', 1, 1, NULL, NULL, 3, '2024-12-07 00:22:21', 1),
(38, 14, 'TRV_WASTE_B_1#1581', 1, 1, NULL, NULL, 3, '2024-12-07 00:22:21', 1),
(39, 14, 'TRV_WASTE_T_1#1011', 1, 1, NULL, NULL, 3, '2024-12-07 00:22:21', 1),
(40, 14, 'TRV_WASTE_B_1#1281', 1, 1, NULL, NULL, 3, '2024-12-07 00:22:21', 1),
(41, 14, 'TRV_WASTE_S_1#1031', 1, 1, NULL, NULL, 3, '2024-12-07 00:22:21', 1),
(42, 14, 'TRV_WASTE_C1_6#1261', 1, 1, NULL, NULL, 3, '2024-12-07 00:22:21', 1),
(43, 14, 'TRV_WASTE_C2_3#1061', 1, 1, NULL, NULL, 3, '2024-12-07 00:22:21', 1),
(44, 14, 'TRV_WASTE_B_1#1561', 1, 1, NULL, NULL, 3, '2024-12-07 00:22:21', 1),
(45, 14, 'TRV_WASTE_C2_2#1021', 1, 1, NULL, NULL, 3, '2024-12-07 00:22:21', 1),
(46, 14, 'TRV_WASTE_S_1#1121', 1, 1, NULL, NULL, 3, '2024-12-07 00:22:21', 1),
(47, 14, 'TRV_WASTE_T_1#1121', 1, 1, NULL, NULL, 3, '2024-12-07 00:22:21', 1),
(48, 14, 'TRV_WASTE_C1_5#1021', 1, 1, NULL, NULL, 3, '2024-12-07 00:22:21', 1),
(49, 14, 'TRV_WASTE_S_1#1191', 1, 1, NULL, NULL, 3, '2024-12-07 00:22:21', 1),
(50, 14, 'TRV_WASTE_B_1#1571', 1, 1, NULL, NULL, 3, '2024-12-07 00:22:21', 1),
(51, 14, 'TRV_WASTE_C_1#1171', 1, 1, NULL, NULL, 3, '2024-12-07 00:22:21', 1),
(52, 14, 'TRV_WASTE_C1_5#1031', 1, 1, NULL, NULL, 3, '2024-12-07 00:22:21', 1),
(53, 14, 'TRV_WASTE_C1_6#1081', 1, 1, NULL, NULL, 3, '2024-12-07 00:22:21', 1),
(54, 14, 'TRV_WASTE_D_1#1351', 1, 1, NULL, NULL, 3, '2024-12-07 00:22:21', 1),
(55, 14, 'TRV_WASTE_T_1#1031', 1, 1, NULL, NULL, 3, '2024-12-07 00:22:21', 1),
(56, 14, 'TRV_WASTE_D_1#1001', 1, 1, NULL, NULL, 3, '2024-12-07 00:22:21', 1),
(57, 14, 'TRV_WASTE_D_1#1311', 1, 1, NULL, NULL, 3, '2024-12-07 00:22:21', 1),
(58, 14, 'TRV_WASTE_C_1#1301', 1, 1, NULL, NULL, 3, '2024-12-07 00:22:21', 1),
(59, 14, 'TRV_WASTE_D_1#1371', 1, 1, NULL, NULL, 3, '2024-12-07 00:22:21', 1),
(60, 14, 'TRV_WASTE_D_2#1021', 1, 1, NULL, NULL, 3, '2024-12-07 00:22:21', 1),
(61, 14, 'TRV_WASTE_C_2#1451', 1, 1, NULL, NULL, 3, '2024-12-07 00:22:21', 1),
(62, 14, 'TRV_WASTE_B_1#1551', 1, 1, NULL, NULL, 3, '2024-12-07 00:22:21', 1),
(63, 14, 'TRV_WASTE_T_1#1081', 1, 1, NULL, NULL, 3, '2024-12-07 00:22:21', 1),
(64, 14, 'TRV_WASTE_U_1#1531', 1, 1, NULL, NULL, 3, '2024-12-07 00:22:21', 1),
(65, 14, 'TRV_WASTE_D_2#1001', 1, 1, NULL, NULL, 3, '2024-12-07 00:22:21', 1),
(66, 14, 'TRV_WASTE_D_1#1401', 1, 1, NULL, NULL, 3, '2024-12-07 00:22:21', 1),
(67, 14, 'TRV_WASTE_D_2#1121', 1, 1, NULL, NULL, 3, '2024-12-07 00:22:21', 1),
(68, 14, 'TRV_WASTE_C1_5#1121', 1, 1, NULL, NULL, 3, '2024-12-07 00:22:21', 1),
(69, 14, 'TRV_WASTE_C1_6#1171', 1, 1, NULL, NULL, 3, '2024-12-07 00:22:21', 1),
(70, 14, 'TRV_WASTE_U_1#1541', 1, 1, NULL, NULL, 3, '2024-12-07 00:22:21', 1),
(71, 14, 'TRV_WASTE_U_1#1251', 1, 1, NULL, NULL, 3, '2024-12-07 00:22:21', 1),
(72, 14, 'TRV_WASTE_C1_6#1251', 1, 1, NULL, NULL, 3, '2024-12-07 00:22:21', 1),
(73, 14, 'TRV_WASTE_C_2#1971', 1, 1, NULL, NULL, 3, '2024-12-07 00:22:21', 1),
(74, 14, 'TRV_WASTE_C_1#1191', 1, 1, NULL, NULL, 3, '2024-12-07 00:22:21', 1),
(75, 14, 'TRV_WASTE_C1_5#1011', 1, 1, NULL, NULL, 3, '2024-12-07 00:22:21', 1),
(76, 14, 'TRV_WASTE_U_1#1471', 1, 1, NULL, NULL, 3, '2024-12-07 00:22:21', 1),
(77, 14, 'TRV_WASTE_C1_6#1101', 1, 1, NULL, NULL, 3, '2024-12-07 00:22:21', 1),
(78, 14, 'TRV_WASTE_C1_5#1151', 1, 1, NULL, NULL, 3, '2024-12-07 00:22:21', 1),
(79, 14, 'TRV_WASTE_B_1#1171', 1, 1, NULL, NULL, 3, '2024-12-07 00:22:21', 1),
(80, 14, 'TRV_WASTE_D_1#1421', 1, 1, NULL, NULL, 3, '2024-12-07 00:22:21', 1),
(81, 14, 'TRV_WASTE_D_1#1381', 1, 1, NULL, NULL, 3, '2024-12-07 00:22:21', 1),
(82, 14, 'TRV_WASTE_S_1#1091', 1, 1, NULL, NULL, 3, '2024-12-07 00:22:21', 1),
(83, 14, 'TRV_WASTE_U_1#1491', 1, 1, NULL, NULL, 3, '2024-12-07 00:22:21', 1),
(84, 14, 'TRV_WASTE_U_1#1521', 1, 1, NULL, NULL, 3, '2024-12-07 00:22:21', 1),
(85, 14, 'TRV_WASTE_D_2#1011', 1, 1, NULL, NULL, 3, '2024-12-07 00:22:21', 1),
(86, 14, 'TRV_WASTE_D_2#1441', 1, 1, NULL, NULL, 3, '2024-12-07 00:22:21', 1),
(87, 14, 'TRV_WASTE_S_1#1041', 1, 1, NULL, NULL, 3, '2024-12-07 00:22:21', 1),
(88, 14, 'TRV_WASTE_S_1#1081', 1, 1, NULL, NULL, 3, '2024-12-07 00:22:21', 1),
(89, 14, 'TRV_WASTE_B_1#1191', 1, 1, NULL, NULL, 3, '2024-12-07 00:22:21', 1),
(90, 14, 'TRV_WASTE_B_1#1201', 1, 1, NULL, NULL, 3, '2024-12-07 00:22:21', 1),
(91, 14, 'TRV_WASTE_C_1#1181', 1, 1, NULL, NULL, 3, '2024-12-07 00:22:21', 1),
(92, 14, 'TRV_WASTE_C1_5#1161', 1, 1, NULL, NULL, 3, '2024-12-07 00:22:21', 1),
(93, 14, 'TRV_WASTE_C1_5#1211', 1, 1, NULL, NULL, 3, '2024-12-07 00:22:21', 1),
(94, 14, 'TRV_WASTE_C1_5#1221', 1, 1, NULL, NULL, 3, '2024-12-07 00:22:21', 1),
(95, 14, 'TRV_WASTE_D_2#1161', 1, 1, NULL, NULL, 3, '2024-12-07 00:22:21', 1),
(96, 14, 'TRV_WASTE_D_1#1331', 1, 1, NULL, NULL, 3, '2024-12-07 00:22:21', 1),
(97, 14, 'TRV_WASTE_D_1#1391', 1, 1, NULL, NULL, 3, '2024-12-07 00:22:21', 1),
(98, 14, 'TRV_WASTE_D_1#1021', 1, 1, NULL, NULL, 3, '2024-12-07 00:22:21', 1),
(99, 14, 'TRV_WASTE_D_1#1121', 1, 1, NULL, NULL, 3, '2024-12-07 00:22:21', 1),
(100, 14, 'TRV_WASTE_U_1#1501', 1, 1, NULL, NULL, 3, '2024-12-07 00:22:21', 1),
(101, 14, 'TRV_WASTE_U_1#1511', 1, 1, NULL, NULL, 3, '2024-12-07 00:22:21', 1),
(102, 14, 'TRV_WASTE_U_1#1291', 1, 1, NULL, NULL, 3, '2024-12-07 00:22:21', 1),
(103, 14, 'TRV_WASTE_T_1#1191', 1, 1, NULL, NULL, 3, '2024-12-07 00:22:21', 1),
(104, 14, 'TRV_WASTE_S_1#1111', 1, 1, NULL, NULL, 3, '2024-12-07 00:22:21', 1);

-- --------------------------------------------------------

--
-- Struttura della tabella `devices_location_control`
--

CREATE TABLE `devices_location_control` (
  `id` bigint(20) NOT NULL,
  `id_device_source` bigint(20) NOT NULL,
  `id_device_location` bigint(20) NOT NULL,
  `active` tinyint(1) NOT NULL DEFAULT '1',
  `insert_time` varchar(250) DEFAULT NULL,
  `allowed` tinyint(1) NOT NULL DEFAULT '1'
) ENGINE=InnoDB DEFAULT CHARSET=utf8;

-- --------------------------------------------------------

--
-- Struttura della tabella `device_alarm_logs`
--

CREATE TABLE `device_alarm_logs` (
  `id` bigint(20) NOT NULL,
  `log` longtext NOT NULL,
  `red` tinyint(1) NOT NULL DEFAULT '0',
  `alarm_log_type` varchar(500) DEFAULT NULL,
  `insert_time` varchar(500) DEFAULT NULL,
  `red_time` varchar(500) DEFAULT NULL,
  `id_events` bigint(20) DEFAULT NULL,
  `id_devices` bigint(20) NOT NULL
) ENGINE=InnoDB DEFAULT CHARSET=utf8;

-- --------------------------------------------------------

--
-- Struttura della tabella `device_datetime_ref`
--

CREATE TABLE `device_datetime_ref` (
  `id` bigint(20) NOT NULL,
  `datetime_ref` varchar(500) DEFAULT NULL,
  `id_devices` bigint(20) NOT NULL
) ENGINE=InnoDB DEFAULT CHARSET=utf8;

-- --------------------------------------------------------

--
-- Struttura della tabella `device_details`
--

CREATE TABLE `device_details` (
  `id` bigint(20) NOT NULL,
  `field_name` varchar(250) NOT NULL,
  `field_value` longtext NOT NULL,
  `insert_time` varchar(500) DEFAULT NULL
) ENGINE=InnoDB DEFAULT CHARSET=utf8;

-- --------------------------------------------------------

--
-- Struttura della tabella `device_infos`
--

CREATE TABLE `device_infos` (
  `id` bigint(20) NOT NULL,
  `info` longtext NOT NULL,
  `id_devices` bigint(20) NOT NULL,
  `active` tinyint(1) NOT NULL DEFAULT '1',
  `insert_date` varchar(500) DEFAULT NULL
) ENGINE=InnoDB DEFAULT CHARSET=utf8;

--
-- Dump dei dati per la tabella `device_infos`
--

INSERT INTO `device_infos` (`id`, `info`, `id_devices`, `active`, `insert_date`) VALUES
(2, 'CARTA', 1, 1, '2024-12-07 13:04:38'),
(3, 'IMBALLAGGI MISTI', 2, 1, '2024-12-07 13:04:56'),
(4, 'CARTA', 3, 1, '2024-12-07 13:05:12'),
(5, 'CARTA', 4, 1, '2024-12-07 13:05:30'),
(6, 'CARTA', 5, 1, '2024-12-07 13:05:42'),
(7, 'PLASTICA', 6, 1, '2024-12-07 13:06:00'),
(8, 'NYLON', 7, 1, '2024-12-07 13:06:12'),
(9, 'NYLON', 8, 1, '2024-12-07 13:06:25'),
(10, 'VETRO PULITO', 9, 1, '2024-12-07 13:06:37'),
(11, 'LEGNO', 10, 1, '2024-12-07 13:06:55'),
(12, 'VETRO PULITO', 11, 1, '2024-12-07 13:08:08'),
(13, 'REEL PLASTICI', 12, 1, '2024-12-07 13:08:21');

-- --------------------------------------------------------

--
-- Struttura della tabella `device_locations`
--

CREATE TABLE `device_locations` (
  `id` bigint(20) NOT NULL,
  `id_device_source` bigint(20) NOT NULL,
  `id_device_position` bigint(20) DEFAULT NULL,
  `latitude` varchar(500) DEFAULT NULL,
  `longitude` varchar(500) DEFAULT NULL,
  `battery` varchar(500) DEFAULT NULL,
  `update_time` varchar(500) DEFAULT NULL
) ENGINE=InnoDB DEFAULT CHARSET=utf8;

-- --------------------------------------------------------

--
-- Struttura della tabella `device_location_alarms`
--

CREATE TABLE `device_location_alarms` (
  `id` bigint(20) NOT NULL,
  `id_devices` bigint(20) NOT NULL,
  `insert_time` varchar(250) NOT NULL,
  `active` tinyint(1) NOT NULL DEFAULT '1'
) ENGINE=InnoDB DEFAULT CHARSET=utf8;

-- --------------------------------------------------------

--
-- Struttura della tabella `device_logs`
--

CREATE TABLE `device_logs` (
  `id` bigint(20) NOT NULL,
  `json_logs` longtext NOT NULL,
  `insert_date` varchar(250) DEFAULT NULL,
  `red` tinyint(1) NOT NULL DEFAULT '0',
  `alarmed` tinyint(1) NOT NULL DEFAULT '0',
  `id_device` bigint(20) NOT NULL
) ENGINE=InnoDB DEFAULT CHARSET=utf8;

-- --------------------------------------------------------

--
-- Struttura della tabella `device_modalities`
--

CREATE TABLE `device_modalities` (
  `id` bigint(20) NOT NULL,
  `modality` varchar(500) NOT NULL
) ENGINE=InnoDB DEFAULT CHARSET=utf8;

--
-- Dump dei dati per la tabella `device_modalities`
--

INSERT INTO `device_modalities` (`id`, `modality`) VALUES
(8, 'camera_in'),
(9, 'camera_out'),
(3, 'destinationware'),
(7, 'evacuation'),
(2, 'middleware'),
(4, 'passage'),
(10, 'passage_in'),
(11, 'passage_out'),
(5, 'presence'),
(6, 'presence_evacuation'),
(1, 'sourceware');

-- --------------------------------------------------------

--
-- Struttura della tabella `device_pending`
--

CREATE TABLE `device_pending` (
  `id` bigint(20) NOT NULL,
  `mac_address` varchar(500) NOT NULL,
  `insert_time` varchar(500) NOT NULL,
  `valid` tinyint(1) NOT NULL DEFAULT '1',
  `id_device` bigint(20) NOT NULL,
  `id_menu_pages` varchar(250) DEFAULT NULL
) ENGINE=InnoDB DEFAULT CHARSET=utf8;

-- --------------------------------------------------------

--
-- Struttura della tabella `device_positions`
--

CREATE TABLE `device_positions` (
  `id` bigint(20) NOT NULL,
  `position_X` int(11) NOT NULL,
  `position_Y` int(11) NOT NULL,
  `click_window_width` int(11) NOT NULL,
  `click_window_height` int(11) NOT NULL,
  `valid` tinyint(1) NOT NULL DEFAULT '1',
  `insert_date` varchar(250) DEFAULT NULL,
  `id_indoor_maps` bigint(20) NOT NULL,
  `id_devices` bigint(20) DEFAULT NULL
) ENGINE=InnoDB DEFAULT CHARSET=utf8;

-- --------------------------------------------------------

--
-- Struttura della tabella `device_status`
--

CREATE TABLE `device_status` (
  `id` bigint(20) NOT NULL,
  `status` longtext NOT NULL,
  `status_date` varchar(250) DEFAULT NULL,
  `potential_status` longtext,
  `potential_status_date` varchar(250) DEFAULT NULL,
  `id_devices` bigint(20) NOT NULL
) ENGINE=InnoDB DEFAULT CHARSET=utf8;

-- --------------------------------------------------------

--
-- Struttura della tabella `device_status_history`
--

CREATE TABLE `device_status_history` (
  `id` bigint(20) NOT NULL,
  `status` longtext NOT NULL,
  `status_date` varchar(500) NOT NULL,
  `id_devices` bigint(20) NOT NULL
) ENGINE=InnoDB DEFAULT CHARSET=utf8;

-- --------------------------------------------------------

--
-- Struttura della tabella `device_tracking`
--

CREATE TABLE `device_tracking` (
  `id` bigint(20) NOT NULL,
  `id_device_position` bigint(20) DEFAULT NULL,
  `id_device_source` bigint(20) DEFAULT NULL,
  `time` varchar(512) DEFAULT NULL,
  `rssi` varchar(512) DEFAULT NULL,
  `battery` varchar(500) DEFAULT NULL,
  `red` tinyint(1) NOT NULL DEFAULT '0',
  `valid` tinyint(1) NOT NULL DEFAULT '1'
) ENGINE=InnoDB DEFAULT CHARSET=utf8;

-- --------------------------------------------------------

--
-- Struttura della tabella `device_types`
--

CREATE TABLE `device_types` (
  `id` bigint(20) NOT NULL,
  `type` varchar(250) NOT NULL COMMENT ' For example: tag, beacon, access point, dect, android, ecc. ',
  `name` varchar(250) NOT NULL,
  `modality` varchar(250) DEFAULT NULL,
  `active` tinyint(1) NOT NULL DEFAULT '1'
) ENGINE=InnoDB DEFAULT CHARSET=utf8;

--
-- Dump dei dati per la tabella `device_types`
--

INSERT INTO `device_types` (`id`, `type`, `name`, `modality`, `active`) VALUES
(2, 'blue_beacon', 'BEACON', 'position', 1),
(3, 'access_point', 'ACCESS POINT', 'position', 1),
(4, 'dect', 'DECT', 'source', 1),
(5, 'app_android', 'APP ANDROID', 'source', 1),
(6, 'ip_dect', 'IP DECT', 'source', 1),
(7, 'virtual_device', 'VIRTUAL', 'position', 1),
(8, 'dect_cell', 'DECT CELL', 'position', 1),
(10, 'serial', 'SERIAL', 'source', 1),
(11, 'contact', 'CONTACT', 'source', 1),
(12, 'fingerprint', 'FINGERPRINT', 'position', 1),
(13, 'citotelefono', 'CITOTELEFONO', 'source', 1),
(14, 'event', 'EVENT', 'source', 1),
(15, 'trouble', 'TROUBLE', 'source', 1),
(16, 'pager', 'PAGER', 'source', 1),
(21, 'allarme_numerico', 'ALLARME NUMERICO', 'source', 1),
(22, 'allarme_interno', 'ALLARME INTERNO', 'source', 1),
(24, 'contact_custom', 'CONTACT CUSTOM', 'source', 1),
(25, 'api_contact', 'API CONTACT', 'source', 1),
(27, 'zet_group', 'ZET GROUP', 'source', 1),
(28, 'confirm_code', 'CONFIRM CODE', 'source', 1),
(29, 'phone_number_confirm', 'PHONE NUMBER CONFIRM', 'position', 1),
(31, 'nfc_tag', 'NFC TAG', 'source', 1),
(32, 'room', 'ROOM', 'position', 1),
(33, 'custom_threshold', 'CUSTOM THRESHOLD', 'source', 1),
(34, 'api_threshold', 'API THRESHOLD', 'source', 1),
(35, 'contact_custom_out', 'CONTACT CUSTOM OUT', 'source', 1),
(36, 'shelly_alarm', 'SHELLY ALARM ', 'source', 1),
(37, 'shelly_alarm_no_confirm', 'SHELLY ALARM NO CONFIRM', 'source', 1),
(38, 'shelly_battery_threshold', 'SHELLY BATTERY THRESHOLD', 'source', 1),
(39, 'shelly_confirm', 'SHELLY CONFIRM', 'source', 1),
(40, 'gate', 'GATE', 'position', 1),
(41, 'nox', 'NOX', 'source', 1),
(42, 'locus', 'LOCUS', 'source', 1),
(43, 'custom_button', 'CUSTOM BUTTON', 'source', 1),
(44, 'generic_nurse_call', 'GENERIC NURSE CALL', 'source', 1),
(45, 'twig', 'TWIG', 'source', 1),
(46, 'ev', 'EV', 'source', 1);

-- --------------------------------------------------------

--
-- Struttura della tabella `device_type_extra_texts`
--

CREATE TABLE `device_type_extra_texts` (
  `id` bigint(20) NOT NULL,
  `text_code` varchar(500) NOT NULL,
  `text` varchar(500) NOT NULL,
  `id_device_types` bigint(20) NOT NULL,
  `active` tinyint(1) NOT NULL DEFAULT '1'
) ENGINE=InnoDB DEFAULT CHARSET=utf8;

-- --------------------------------------------------------

--
-- Struttura della tabella `events`
--

CREATE TABLE `events` (
  `id` bigint(20) NOT NULL,
  `text` longtext,
  `group_name` longtext,
  `activation_time` varchar(250) DEFAULT NULL,
  `taking_over_time` varchar(250) DEFAULT NULL,
  `ack_time` varchar(250) DEFAULT NULL,
  `user_ack` varchar(250) DEFAULT NULL,
  `json_contact` longtext
) ENGINE=InnoDB DEFAULT CHARSET=utf8;

-- --------------------------------------------------------

--
-- Struttura stand-in per le viste `getallalarmlogs`
-- (Vedi sotto per la vista effettiva)
--
CREATE TABLE `getallalarmlogs` (
`id` bigint(20)
,`json_income` longtext
,`json_outcome` longtext
,`id_alarm_statuses` bigint(20)
,`id_alarms` bigint(20)
,`id_map_alarms` bigint(20)
,`active` tinyint(1)
,`insert_date` varchar(250)
,`confirmation` varchar(500)
,`confirmation_date` varchar(500)
,`default_text` longtext
,`custom_text` longtext
,`default_short_text` longtext
,`custom_short_text` longtext
,`alarmActive` tinyint(1)
,`alarmInsertDate` varchar(250)
,`valueStatus` varchar(250)
,`textStatus` longtext
,`devices_name` longtext
,`device_types_name` varchar(250)
,`id_alarm_extra_logs` bigint(20)
,`id_contacts` bigint(20)
,`extra_log` longtext
,`alarm_extra_logs_status` varchar(500)
,`alarm_extra_logs_insert_time` varchar(500)
,`contact_id` bigint(20)
,`contact_value` varchar(250)
,`contact_name` varchar(250)
);

-- --------------------------------------------------------

--
-- Struttura stand-in per le viste `getallareas`
-- (Vedi sotto per la vista effettiva)
--
CREATE TABLE `getallareas` (
`id` bigint(20)
,`name` longtext
,`id_device` bigint(20)
,`active` tinyint(1)
,`insert_date` varchar(250)
,`relActive` tinyint(1)
,`relDate` varchar(250)
);

-- --------------------------------------------------------

--
-- Struttura stand-in per le viste `getallpagestable`
-- (Vedi sotto per la vista effettiva)
--
CREATE TABLE `getallpagestable` (
`id_rel_user_types_menu_pages` bigint(20)
,`id_menu_pages` varchar(250)
,`text` varchar(500)
,`parent_id` varchar(250)
,`active` tinyint(1)
,`fa_icon` varchar(250)
,`id_user_types` bigint(20)
,`type` varchar(500)
,`order_by` bigint(20)
);

-- --------------------------------------------------------

--
-- Struttura stand-in per le viste `getlastalarmlogs`
-- (Vedi sotto per la vista effettiva)
--
CREATE TABLE `getlastalarmlogs` (
`id` bigint(20)
,`json_income` longtext
,`json_outcome` longtext
,`id_alarm_statuses` bigint(20)
,`id_alarms` bigint(20)
,`id_map_alarms` bigint(20)
,`active` tinyint(1)
,`insert_date` varchar(250)
,`confirmation` varchar(500)
,`confirmation_date` varchar(500)
);

-- --------------------------------------------------------

--
-- Struttura della tabella `indoor_maps`
--

CREATE TABLE `indoor_maps` (
  `id` bigint(20) NOT NULL,
  `path` longtext NOT NULL,
  `order_by` bigint(20) DEFAULT NULL,
  `active` tinyint(1) NOT NULL DEFAULT '1',
  `insert_date` varchar(250) DEFAULT NULL
) ENGINE=InnoDB DEFAULT CHARSET=utf8;

-- --------------------------------------------------------

--
-- Struttura della tabella `languages`
--

CREATE TABLE `languages` (
  `id` bigint(20) NOT NULL,
  `name` varchar(500) NOT NULL
) ENGINE=InnoDB DEFAULT CHARSET=utf8;

--
-- Dump dei dati per la tabella `languages`
--

INSERT INTO `languages` (`id`, `name`) VALUES
(1, 'Italiano'),
(2, 'English');

-- --------------------------------------------------------

--
-- Struttura della tabella `map_alarms`
--

CREATE TABLE `map_alarms` (
  `id` bigint(20) NOT NULL,
  `latitude` varchar(250) DEFAULT NULL,
  `longitude` varchar(250) DEFAULT NULL,
  `accuracy` varchar(250) DEFAULT NULL,
  `phone` varchar(255) DEFAULT NULL,
  `people` varchar(250) DEFAULT NULL,
  `a_type` varchar(500) DEFAULT NULL,
  `mac_beacon` varchar(250) DEFAULT NULL,
  `class` varchar(250) DEFAULT NULL,
  `active` tinyint(1) NOT NULL DEFAULT '1',
  `timedate` varchar(500) DEFAULT NULL,
  `unique_code` varchar(500) DEFAULT NULL
) ENGINE=InnoDB DEFAULT CHARSET=utf8;

-- --------------------------------------------------------

--
-- Struttura della tabella `menu_pages`
--

CREATE TABLE `menu_pages` (
  `id` varchar(250) NOT NULL,
  `text` varchar(500) NOT NULL,
  `sub_text` varchar(500) DEFAULT NULL,
  `parent_id` varchar(250) DEFAULT NULL,
  `fa_icon` varchar(250) DEFAULT NULL,
  `active` tinyint(1) NOT NULL DEFAULT '1',
  `word` varchar(100) DEFAULT NULL
) ENGINE=InnoDB DEFAULT CHARSET=utf8;

--
-- Dump dei dati per la tabella `menu_pages`
--

INSERT INTO `menu_pages` (`id`, `text`, `sub_text`, `parent_id`, `fa_icon`, `active`, `word`) VALUES
('allarmi', 'Allarmi', NULL, NULL, 'fa-bell-o', 1, 'word_i4'),
('app', 'App', NULL, NULL, 'fa-tablet', 1, 'word_i6'),
('aree', 'Aree', NULL, NULL, 'fa-pencil-square-o', 1, 'word_i7'),
('azioni', 'Azioni', NULL, NULL, 'fa-bolt', 1, 'word_i9'),
('configura_app_pbx', 'Configura app PBX', NULL, 'app', NULL, 1, 'word_i13'),
('configura_aree', 'Configura aree', NULL, 'aree', NULL, 1, 'word_i14'),
('configura_azioni', 'Configura azioni', NULL, 'azioni', NULL, 1, 'word_i15'),
('configura_blumcare', 'Configura Blumcare', NULL, 'servizi', NULL, 1, 'word_i91'),
('configura_blumman', 'Configura BlumMan', NULL, 'servizi', NULL, 1, 'word_i78'),
('configura_contatti', 'Configura contatti', NULL, 'contatti', NULL, 1, 'word_i16'),
('configura_contatti_io', 'Configura contatti IO', NULL, 'servizi', NULL, 1, 'word_i82'),
('configura_coordinate', 'Configura coordinate', NULL, 'aree', NULL, 1, 'word_i17'),
('configura_custom', 'Configura custom IO', NULL, 'servizi', NULL, 1, 'word_i85'),
('configura_dect', 'Configura dect', NULL, 'servizi', NULL, 1, 'word_i79'),
('configura_dispositivi', 'Configura dispositivi', NULL, 'dispositivi', NULL, 1, 'word_i18'),
('configura_ev', 'Configura Ev', NULL, 'servizi', NULL, 1, 'word_i90'),
('configura_gateway', 'Configura gateway', NULL, 'sms', NULL, 1, 'word_i19'),
('configura_gruppi', 'Configura gruppi', NULL, 'contatti', NULL, 1, 'word_i20'),
('configura_indoor', 'Configura indoor', NULL, 'mappe', NULL, 1, 'word_i21'),
('configura_mc800_xml', 'Configura MC800 XML', NULL, 'servizi', NULL, 1, 'word_i84'),
('configura_modbus', 'Configura modbus', NULL, 'servizi', NULL, 1, 'word_i81'),
('configura_outdoor', 'Configura outdoor', NULL, 'mappe', NULL, 1, 'word_i22'),
('configura_pop3', 'Configura POP3', NULL, 'servizi', NULL, 1, 'word_i83'),
('configura_principale', 'Configura principale', NULL, 'servizi', NULL, 1, 'word_i23'),
('configura_processi', 'Configura processi', NULL, 'servizi', NULL, 1, 'word_i77'),
('configura_seriali_tcp', 'Configura seriali/TCP', NULL, 'servizi', NULL, 1, 'word_i80'),
('configura_server', 'Configura server', NULL, 'server', NULL, 1, 'word_i24'),
('configura_smtp', 'Configura SMTP', NULL, 'email', NULL, 1, 'word_i25'),
('configura_snmp', 'Configura monitoraggio', NULL, 'servizi', NULL, 1, 'word_i26'),
('configura_stringhe_interni', 'Configura stringhe-interni', NULL, 'pbx', NULL, 1, 'word_i27'),
('configura_twig', 'Configura Twig', NULL, 'servizi', NULL, 1, 'word_i89'),
('conf_allarmi', 'Configura allarmi', NULL, 'allarmi', NULL, 1, 'word_i28'),
('conf_asterisk', 'Configura Asterisk', NULL, 'pbx', NULL, 1, 'word_i29'),
('conf_utenti_app', 'Configura utenti app', NULL, 'app', NULL, 1, 'word_i30'),
('contatti', 'Contatti', NULL, NULL, 'fa-id-card-o', 1, 'word_i31'),
('controllo_localizzazione', 'Controllo localizzazione', NULL, 'dispositivi', NULL, 1, 'word_i92'),
('dashboard', 'Dashboard', NULL, NULL, 'fa-dashboard', 1, 'word_i32'),
('dettaglio_dispositivi', 'Dettaglio dispositivi', NULL, 'dispositivi', NULL, 1, 'word_i33'),
('dispositivi', 'Dispositivi', NULL, NULL, 'fa-microchip', 1, 'word_i34'),
('email', 'Email', NULL, NULL, 'fa-envelope', 1, 'word_i35'),
('etichette', 'Etichette', NULL, NULL, 'fa-tags', 1, 'word_i75'),
('gestione_contatti', 'Gestione contatti', NULL, 'contatti', NULL, 1, 'word_i74'),
('gestione_dispositivi', 'Gestione dispositivi', '', 'dispositivi', NULL, 1, 'word_i37'),
('gestione_mappe_indoor', 'Gestione mappe indoor', NULL, 'mappe', NULL, 1, 'word_i38'),
('gestione_moduli', 'Gestione moduli', NULL, 'moduli', NULL, 1, 'word_i39'),
('gestione_utenti', 'Gestione utenti', NULL, 'utenti', NULL, 1, 'word_i40'),
('gestisci_nfc', 'Gestisci NFC', NULL, 'etichette', NULL, 1, 'word_i76'),
('gest_allarmi', 'Gestisci allarmi', NULL, 'allarmi', NULL, 1, 'word_i42'),
('indoor', 'Indoor', 'Indoor map', 'mappe', NULL, 1, 'word_i43'),
('invia_messaggio', 'Invia messaggio', NULL, 'radio', NULL, 1, 'word_i44'),
('localizza_dispositivi', 'Localizza dispositivi', NULL, 'dispositivi', NULL, 1, 'word_i47'),
('mappe', 'Mappe', NULL, NULL, 'fa-map', 1, 'word_i48'),
('moduli', 'Moduli', NULL, NULL, 'fa-puzzle-piece', 1, 'word_i49'),
('outdoor', 'Outdoor', 'outdoor map', 'mappe', NULL, 1, 'word_i50'),
('pbx', 'PBX', NULL, NULL, 'fa-asterisk', 1, 'word_i51'),
('pocsag_encoder', 'Pocsag encoder', NULL, 'radio', NULL, 1, 'word_i52'),
('radio', 'Radio', NULL, NULL, 'fa-signal', 1, 'word_i53'),
('registro_allarmi', 'Registro allarmi', NULL, 'allarmi', NULL, 1, 'word_i57'),
('registro_allarmi_app', 'Registro app', NULL, 'app', NULL, 1, 'word_i58'),
('server', 'Server', NULL, NULL, 'fa-server', 1, 'word_i65'),
('servizi', 'Servizi', NULL, NULL, 'fa-cogs', 1, 'word_i66'),
('sms', 'SMS', NULL, NULL, 'fa-comment', 1, 'word_i67'),
('stato_email', 'Stato email', NULL, 'email', NULL, 1, 'word_i86'),
('stato_messaggi', 'Stato messaggi', NULL, 'radio', NULL, 1, 'word_i68'),
('stato_pbx', 'Stato PBX', NULL, 'pbx', NULL, 1, 'word_i87'),
('stato_sms', 'Stato SMS', NULL, 'sms', NULL, 1, 'word_i69'),
('totem', 'Totem', NULL, NULL, 'fa-television', 1, 'word_i72'),
('utente_modulo', 'Utente - Modulo', NULL, 'moduli', NULL, 1, 'word_i88'),
('utenti', 'Utenti', NULL, NULL, 'fa-users', 1, 'word_i70'),
('visite_ospiti', 'Visite ospiti', NULL, 'totem', NULL, 1, 'word_i73');

-- --------------------------------------------------------

--
-- Struttura della tabella `monitors`
--

CREATE TABLE `monitors` (
  `id` bigint(20) NOT NULL,
  `monitor_name` varchar(500) NOT NULL,
  `monitor_type` varchar(500) NOT NULL,
  `monitor_page` varchar(500) DEFAULT NULL,
  `page_change_time` varchar(500) DEFAULT NULL,
  `active_dialog` tinyint(1) NOT NULL DEFAULT '0'
) ENGINE=InnoDB DEFAULT CHARSET=utf8;

-- --------------------------------------------------------

--
-- Struttura della tabella `notification_sounds`
--

CREATE TABLE `notification_sounds` (
  `id` bigint(20) NOT NULL,
  `name` varchar(250) NOT NULL,
  `file_name` varchar(250) NOT NULL
) ENGINE=InnoDB DEFAULT CHARSET=utf8;

--
-- Dump dei dati per la tabella `notification_sounds`
--

INSERT INTO `notification_sounds` (`id`, `name`, `file_name`) VALUES
(1, '1', '1.mp3'),
(2, '2', '2.mp3'),
(3, '3', '3.mp3'),
(4, '4', '4.mp3'),
(5, '5', '5.mp3'),
(6, '6', '6.mp3'),
(7, '7', '7.mp3'),
(8, '8', '8.mp3'),
(9, '9', '9.mp3'),
(10, '10', '10.mp3'),
(11, '11', '11.mp3'),
(12, '12', '12.mp3'),
(13, '13', '13.mp3'),
(14, '14', '14.mp3'),
(15, '15', '15.mp3');

-- --------------------------------------------------------

--
-- Struttura della tabella `notification_types`
--

CREATE TABLE `notification_types` (
  `id` bigint(20) NOT NULL,
  `type` varchar(500) NOT NULL,
  `id_app_names` bigint(20) NOT NULL
) ENGINE=InnoDB DEFAULT CHARSET=utf8;

--
-- Dump dei dati per la tabella `notification_types`
--

INSERT INTO `notification_types` (`id`, `type`, `id_app_names`) VALUES
(1, 'nurse', 5),
(2, 'fire', 5),
(3, 'elpas', 5),
(4, 'alarm', 5),
(5, 'nurse_cat_1', 5),
(6, 'nurse_cat_2', 5),
(7, 'nurse_cat_3', 5),
(8, 'nurse_cat_4', 5),
(9, 'nurse_cat_5', 5),
(10, 'nurse_cat_6', 5),
(11, 'nurse_cat_7', 5),
(12, 'nurse_cat_8', 5),
(13, 'nurse_cat_9', 5),
(14, 'nurse_cat_10', 5),
(15, 'nurse_cat_11', 5),
(16, 'nurse_cat_12', 5),
(17, 'nurse_cat_13', 5),
(18, 'nurse_cat_14', 5),
(19, 'nurse_cat_15', 5);

-- --------------------------------------------------------

--
-- Struttura della tabella `nurse_monitor_events`
--

CREATE TABLE `nurse_monitor_events` (
  `id` bigint(20) NOT NULL,
  `text` longtext NOT NULL,
  `active` tinyint(1) NOT NULL DEFAULT '1',
  `id_devices` bigint(20) NOT NULL,
  `insert_time` varchar(250) NOT NULL,
  `update_time` varchar(250) NOT NULL,
  `id_monitors` bigint(20) NOT NULL
) ENGINE=InnoDB DEFAULT CHARSET=utf8;

-- --------------------------------------------------------

--
-- Struttura della tabella `outdoor_map_configuration`
--

CREATE TABLE `outdoor_map_configuration` (
  `field_name` varchar(250) NOT NULL,
  `field_value` longtext NOT NULL
) ENGINE=InnoDB DEFAULT CHARSET=utf8;

--
-- Dump dei dati per la tabella `outdoor_map_configuration`
--

INSERT INTO `outdoor_map_configuration` (`field_name`, `field_value`) VALUES
('latitude', '45.46505988140488'),
('longitude', '9.189509163472671'),
('scrollWheel', 'true'),
('zoom', '17'),
('mapTypeId', 'satellite');

-- --------------------------------------------------------

--
-- Struttura della tabella `rel_alarms_alarm_types`
--

CREATE TABLE `rel_alarms_alarm_types` (
  `id` bigint(20) NOT NULL,
  `id_alarms` bigint(20) NOT NULL,
  `id_alarm_types` bigint(20) NOT NULL,
  `active` tinyint(1) NOT NULL DEFAULT '1',
  `insert_date` varchar(250) DEFAULT NULL
) ENGINE=InnoDB DEFAULT CHARSET=utf8;

-- --------------------------------------------------------

--
-- Struttura della tabella `rel_alarms_map_alarms`
--

CREATE TABLE `rel_alarms_map_alarms` (
  `id` bigint(20) NOT NULL,
  `id_alarms` bigint(20) NOT NULL,
  `id_map_alarms` bigint(20) DEFAULT NULL
) ENGINE=InnoDB DEFAULT CHARSET=utf8;

-- --------------------------------------------------------

--
-- Struttura della tabella `rel_app_name_app_users`
--

CREATE TABLE `rel_app_name_app_users` (
  `id` bigint(20) NOT NULL,
  `id_app_names` bigint(20) NOT NULL,
  `id_app_users` bigint(20) NOT NULL,
  `id_app_user_types` bigint(20) NOT NULL,
  `active` tinyint(1) NOT NULL DEFAULT '1'
) ENGINE=InnoDB DEFAULT CHARSET=utf8;

--
-- Dump dei dati per la tabella `rel_app_name_app_users`
--

INSERT INTO `rel_app_name_app_users` (`id`, `id_app_names`, `id_app_users`, `id_app_user_types`, `active`) VALUES
(1, 6, 1, 1, 0),
(2, 9, 1, 1, 1),
(3, 9, 2, 2, 0),
(4, 9, 3, 3, 1),
(5, 9, 4, 2, 1),
(6, 9, 5, 3, 1),
(7, 9, 6, 3, 1),
(8, 9, 7, 3, 1);

-- --------------------------------------------------------

--
-- Struttura della tabella `rel_app_users_activities`
--

CREATE TABLE `rel_app_users_activities` (
  `id` bigint(20) NOT NULL,
  `id_app_users` bigint(20) NOT NULL,
  `id_activities` bigint(20) NOT NULL,
  `id_devices` bigint(20) NOT NULL,
  `id_app_names` bigint(20) NOT NULL,
  `scan_time` varchar(200) DEFAULT NULL,
  `insert_time` varchar(250) NOT NULL,
  `note` longtext,
  `activity_token` varchar(500) NOT NULL,
  `active` tinyint(1) NOT NULL DEFAULT '1'
) ENGINE=InnoDB DEFAULT CHARSET=utf8;

-- --------------------------------------------------------

--
-- Struttura della tabella `rel_app_users_app_user_groups`
--

CREATE TABLE `rel_app_users_app_user_groups` (
  `id` bigint(20) NOT NULL,
  `id_app_users` bigint(20) NOT NULL,
  `id_app_user_groups` bigint(20) NOT NULL,
  `insert_time` int(11) NOT NULL,
  `active` tinyint(1) NOT NULL DEFAULT '1'
) ENGINE=InnoDB DEFAULT CHARSET=utf8;

-- --------------------------------------------------------

--
-- Struttura della tabella `rel_app_users_tm_raw_events`
--

CREATE TABLE `rel_app_users_tm_raw_events` (
  `id` bigint(20) NOT NULL,
  `id_app_users` bigint(20) NOT NULL,
  `id_tm_raw_events` bigint(20) NOT NULL,
  `status` varchar(50) DEFAULT NULL,
  `insert_time` varchar(50) NOT NULL,
  `solution` longtext,
  `active` tinyint(1) NOT NULL DEFAULT '1',
  `id_contacts` bigint(20) DEFAULT NULL
) ENGINE=InnoDB DEFAULT CHARSET=utf8;

-- --------------------------------------------------------

--
-- Struttura della tabella `rel_areas_areas_details`
--

CREATE TABLE `rel_areas_areas_details` (
  `id` bigint(20) NOT NULL,
  `id_areas` bigint(20) NOT NULL,
  `id_area_details` bigint(20) NOT NULL
) ENGINE=InnoDB DEFAULT CHARSET=utf8;

-- --------------------------------------------------------

--
-- Struttura della tabella `rel_areas_devices`
--

CREATE TABLE `rel_areas_devices` (
  `id` bigint(20) NOT NULL,
  `id_device` bigint(20) NOT NULL,
  `id_area` bigint(20) NOT NULL,
  `active` tinyint(1) NOT NULL DEFAULT '1',
  `insert_date` varchar(250) DEFAULT NULL
) ENGINE=InnoDB DEFAULT CHARSET=utf8;

-- --------------------------------------------------------

--
-- Struttura della tabella `rel_call_groups_alarms`
--

CREATE TABLE `rel_call_groups_alarms` (
  `id` bigint(20) NOT NULL,
  `id_call_groups` bigint(20) NOT NULL,
  `id_alarms` bigint(20) NOT NULL
) ENGINE=InnoDB DEFAULT CHARSET=utf8;

-- --------------------------------------------------------

--
-- Struttura della tabella `rel_call_groups_call_groups_modalities`
--

CREATE TABLE `rel_call_groups_call_groups_modalities` (
  `id` bigint(20) NOT NULL,
  `id_call_groups` bigint(20) NOT NULL,
  `id_call_groups_modalities` bigint(20) NOT NULL,
  `valid` tinyint(1) NOT NULL DEFAULT '1',
  `insert_date` varchar(250) DEFAULT NULL
) ENGINE=InnoDB DEFAULT CHARSET=utf8;

--
-- Dump dei dati per la tabella `rel_call_groups_call_groups_modalities`
--

INSERT INTO `rel_call_groups_call_groups_modalities` (`id`, `id_call_groups`, `id_call_groups_modalities`, `valid`, `insert_date`) VALUES
(1, 1, 2, 1, NULL),
(2, 2, 2, 1, NULL);

-- --------------------------------------------------------

--
-- Struttura della tabella `rel_call_groups_tm_raw_events`
--

CREATE TABLE `rel_call_groups_tm_raw_events` (
  `id` bigint(20) NOT NULL,
  `id_call_groups` bigint(20) NOT NULL,
  `id_tm_raw_events` bigint(20) NOT NULL,
  `insert_time` varchar(250) NOT NULL,
  `active` tinyint(1) NOT NULL DEFAULT '1'
) ENGINE=InnoDB DEFAULT CHARSET=utf8;

-- --------------------------------------------------------

--
-- Struttura della tabella `rel_contacts_alarm_logs`
--

CREATE TABLE `rel_contacts_alarm_logs` (
  `id` bigint(20) NOT NULL,
  `id_alarm_logs` bigint(20) NOT NULL,
  `id_contacts` bigint(20) NOT NULL,
  `confirmed` tinyint(1) NOT NULL DEFAULT '0',
  `actions` longtext
) ENGINE=InnoDB DEFAULT CHARSET=utf8;

-- --------------------------------------------------------

--
-- Struttura della tabella `rel_contacts_call_groups`
--

CREATE TABLE `rel_contacts_call_groups` (
  `id` bigint(20) NOT NULL,
  `id_contacts` bigint(20) NOT NULL,
  `id_call_groups` bigint(20) NOT NULL,
  `order_by` bigint(20) NOT NULL,
  `insert_date` varchar(250) DEFAULT NULL,
  `active` tinyint(1) NOT NULL DEFAULT '1'
) ENGINE=InnoDB DEFAULT CHARSET=utf8;

--
-- Dump dei dati per la tabella `rel_contacts_call_groups`
--

INSERT INTO `rel_contacts_call_groups` (`id`, `id_contacts`, `id_call_groups`, `order_by`, `insert_date`, `active`) VALUES
(1, 4, 1, 1, '2024-12-07 23:04:24', 1),
(2, 2, 1, 2, '2024-12-07 23:04:24', 1),
(3, 1, 2, 1, '2024-12-07 23:04:29', 1),
(4, 3, 2, 2, '2024-12-07 23:04:29', 1);

-- --------------------------------------------------------

--
-- Struttura della tabella `rel_devices_alarms`
--

CREATE TABLE `rel_devices_alarms` (
  `id` bigint(20) NOT NULL,
  `id_devices` bigint(20) NOT NULL,
  `id_alarms` bigint(20) NOT NULL,
  `active` tinyint(1) NOT NULL DEFAULT '1',
  `insert_date` varchar(250) DEFAULT NULL
) ENGINE=InnoDB DEFAULT CHARSET=utf8;

-- --------------------------------------------------------

--
-- Struttura della tabella `rel_devices_call_groups`
--

CREATE TABLE `rel_devices_call_groups` (
  `id` bigint(20) NOT NULL,
  `id_devices` bigint(20) NOT NULL,
  `id_call_groups` bigint(20) NOT NULL,
  `id_device_positions` bigint(20) DEFAULT NULL,
  `order_by` bigint(20) NOT NULL DEFAULT '1',
  `stop` tinyint(1) NOT NULL DEFAULT '0',
  `insert_date` varchar(250) DEFAULT NULL,
  `active` tinyint(1) NOT NULL DEFAULT '1'
) ENGINE=InnoDB DEFAULT CHARSET=utf8;

--
-- Dump dei dati per la tabella `rel_devices_call_groups`
--

INSERT INTO `rel_devices_call_groups` (`id`, `id_devices`, `id_call_groups`, `id_device_positions`, `order_by`, `stop`, `insert_date`, `active`) VALUES
(1, 1, 1, NULL, 1, 1, '2024-12-07 23:04:46', 1),
(2, 2, 1, NULL, 1, 1, '2024-12-07 23:04:46', 1),
(3, 3, 1, NULL, 1, 1, '2024-12-07 23:04:46', 1),
(4, 4, 1, NULL, 1, 1, '2024-12-07 23:04:46', 1),
(5, 5, 1, NULL, 1, 1, '2024-12-07 23:04:46', 1),
(6, 6, 1, NULL, 1, 1, '2024-12-07 23:04:46', 1),
(7, 7, 1, NULL, 1, 1, '2024-12-07 23:04:46', 1),
(8, 8, 1, NULL, 1, 1, '2024-12-07 23:04:46', 1),
(9, 9, 1, NULL, 1, 1, '2024-12-07 23:04:46', 1),
(10, 10, 1, NULL, 1, 1, '2024-12-07 23:04:46', 1),
(11, 11, 1, NULL, 1, 1, '2024-12-07 23:04:46', 1),
(12, 12, 1, NULL, 1, 1, '2024-12-07 23:04:46', 1),
(13, 13, 1, NULL, 1, 1, '2024-12-07 23:04:46', 1),
(14, 14, 1, NULL, 1, 1, '2024-12-07 23:04:46', 1),
(15, 15, 1, NULL, 1, 1, '2024-12-07 23:04:46', 1),
(16, 16, 1, NULL, 1, 1, '2024-12-07 23:04:46', 1),
(17, 17, 1, NULL, 1, 1, '2024-12-07 23:04:46', 1),
(18, 18, 1, NULL, 1, 1, '2024-12-07 23:04:46', 1),
(19, 19, 1, NULL, 1, 1, '2024-12-07 23:04:46', 1),
(20, 20, 1, NULL, 1, 1, '2024-12-07 23:04:46', 1),
(21, 21, 1, NULL, 1, 1, '2024-12-07 23:04:46', 1),
(22, 22, 1, NULL, 1, 1, '2024-12-07 23:04:46', 1),
(23, 23, 1, NULL, 1, 1, '2024-12-07 23:04:46', 1),
(24, 24, 1, NULL, 1, 1, '2024-12-07 23:04:46', 1),
(25, 25, 1, NULL, 1, 1, '2024-12-07 23:04:46', 1),
(26, 26, 1, NULL, 1, 1, '2024-12-07 23:04:46', 1),
(27, 27, 1, NULL, 1, 1, '2024-12-07 23:04:46', 1),
(28, 28, 1, NULL, 1, 1, '2024-12-07 23:04:46', 1),
(29, 29, 1, NULL, 1, 1, '2024-12-07 23:04:46', 1),
(30, 30, 1, NULL, 1, 1, '2024-12-07 23:04:46', 1),
(31, 31, 1, NULL, 1, 1, '2024-12-07 23:04:46', 1),
(32, 32, 1, NULL, 1, 1, '2024-12-07 23:04:46', 1),
(33, 33, 1, NULL, 1, 1, '2024-12-07 23:04:46', 1),
(34, 34, 1, NULL, 1, 1, '2024-12-07 23:04:46', 1),
(35, 35, 2, NULL, 1, 1, '2024-12-07 23:04:57', 1),
(36, 36, 2, NULL, 1, 1, '2024-12-07 23:04:57', 1),
(37, 37, 2, NULL, 1, 1, '2024-12-07 23:04:57', 1),
(38, 38, 2, NULL, 1, 1, '2024-12-07 23:04:57', 1),
(39, 39, 2, NULL, 1, 1, '2024-12-07 23:04:57', 1),
(40, 40, 2, NULL, 1, 1, '2024-12-07 23:04:57', 1),
(41, 41, 2, NULL, 1, 1, '2024-12-07 23:04:57', 1),
(42, 42, 2, NULL, 1, 1, '2024-12-07 23:04:57', 1),
(43, 43, 2, NULL, 1, 1, '2024-12-07 23:04:57', 1),
(44, 44, 2, NULL, 1, 1, '2024-12-07 23:04:57', 1),
(45, 45, 2, NULL, 1, 1, '2024-12-07 23:04:57', 1),
(46, 46, 2, NULL, 1, 1, '2024-12-07 23:04:57', 1),
(47, 47, 2, NULL, 1, 1, '2024-12-07 23:04:57', 1),
(48, 48, 2, NULL, 1, 1, '2024-12-07 23:04:57', 1),
(49, 49, 2, NULL, 1, 1, '2024-12-07 23:04:57', 1),
(50, 50, 2, NULL, 1, 1, '2024-12-07 23:04:57', 1),
(51, 51, 2, NULL, 1, 1, '2024-12-07 23:04:57', 1),
(52, 52, 2, NULL, 1, 1, '2024-12-07 23:04:57', 1),
(53, 53, 2, NULL, 1, 1, '2024-12-07 23:04:57', 1),
(54, 54, 2, NULL, 1, 1, '2024-12-07 23:04:57', 1),
(55, 55, 2, NULL, 1, 1, '2024-12-07 23:04:57', 1),
(56, 56, 2, NULL, 1, 1, '2024-12-07 23:04:57', 1),
(57, 57, 2, NULL, 1, 1, '2024-12-07 23:04:57', 1),
(58, 58, 2, NULL, 1, 1, '2024-12-07 23:04:57', 1),
(59, 59, 2, NULL, 1, 1, '2024-12-07 23:04:57', 1),
(60, 60, 2, NULL, 1, 1, '2024-12-07 23:04:57', 1),
(61, 61, 2, NULL, 1, 1, '2024-12-07 23:04:57', 1),
(62, 62, 2, NULL, 1, 1, '2024-12-07 23:04:57', 1),
(63, 63, 2, NULL, 1, 1, '2024-12-07 23:04:57', 1),
(64, 64, 2, NULL, 1, 1, '2024-12-07 23:04:57', 1),
(65, 65, 2, NULL, 1, 1, '2024-12-07 23:04:57', 1),
(66, 66, 2, NULL, 1, 1, '2024-12-07 23:04:57', 1),
(67, 67, 2, NULL, 1, 1, '2024-12-07 23:04:57', 1),
(68, 68, 2, NULL, 1, 1, '2024-12-07 23:04:57', 1),
(69, 69, 2, NULL, 1, 1, '2024-12-07 23:04:57', 1),
(70, 70, 2, NULL, 1, 1, '2024-12-07 23:04:57', 1),
(71, 71, 2, NULL, 1, 1, '2024-12-07 23:04:57', 1),
(72, 72, 2, NULL, 1, 1, '2024-12-07 23:04:57', 1),
(73, 73, 2, NULL, 1, 1, '2024-12-07 23:04:57', 1),
(74, 74, 2, NULL, 1, 1, '2024-12-07 23:04:57', 1),
(75, 75, 2, NULL, 1, 1, '2024-12-07 23:04:57', 1),
(76, 76, 2, NULL, 1, 1, '2024-12-07 23:04:57', 1),
(77, 77, 2, NULL, 1, 1, '2024-12-07 23:04:57', 1),
(78, 78, 2, NULL, 1, 1, '2024-12-07 23:04:57', 1),
(79, 79, 2, NULL, 1, 1, '2024-12-07 23:04:57', 1),
(80, 80, 2, NULL, 1, 1, '2024-12-07 23:04:57', 1),
(81, 81, 2, NULL, 1, 1, '2024-12-07 23:04:57', 1),
(82, 82, 2, NULL, 1, 1, '2024-12-07 23:04:57', 1),
(83, 83, 2, NULL, 1, 1, '2024-12-07 23:04:57', 1),
(84, 84, 2, NULL, 1, 1, '2024-12-07 23:04:57', 1),
(85, 85, 2, NULL, 1, 1, '2024-12-07 23:04:57', 1),
(86, 86, 2, NULL, 1, 1, '2024-12-07 23:04:57', 1),
(87, 87, 2, NULL, 1, 1, '2024-12-07 23:04:57', 1),
(88, 88, 2, NULL, 1, 1, '2024-12-07 23:04:57', 1),
(89, 89, 2, NULL, 1, 1, '2024-12-07 23:04:57', 1),
(90, 90, 2, NULL, 1, 1, '2024-12-07 23:04:57', 1),
(91, 91, 2, NULL, 1, 1, '2024-12-07 23:04:57', 1),
(92, 92, 2, NULL, 1, 1, '2024-12-07 23:04:57', 1),
(93, 93, 2, NULL, 1, 1, '2024-12-07 23:04:57', 1),
(94, 94, 2, NULL, 1, 1, '2024-12-07 23:04:57', 1),
(95, 95, 2, NULL, 1, 1, '2024-12-07 23:04:57', 1),
(96, 96, 2, NULL, 1, 1, '2024-12-07 23:04:57', 1),
(97, 97, 2, NULL, 1, 1, '2024-12-07 23:04:57', 1),
(98, 98, 2, NULL, 1, 1, '2024-12-07 23:04:57', 1),
(99, 99, 2, NULL, 1, 1, '2024-12-07 23:04:57', 1),
(100, 100, 2, NULL, 1, 1, '2024-12-07 23:04:57', 1),
(101, 101, 2, NULL, 1, 1, '2024-12-07 23:04:57', 1),
(102, 102, 2, NULL, 1, 1, '2024-12-07 23:04:57', 1),
(103, 103, 2, NULL, 1, 1, '2024-12-07 23:04:57', 1),
(104, 104, 2, NULL, 1, 1, '2024-12-07 23:04:57', 1);

-- --------------------------------------------------------

--
-- Struttura della tabella `rel_devices_devices`
--

CREATE TABLE `rel_devices_devices` (
  `id` bigint(20) NOT NULL,
  `id_device_parent` bigint(20) NOT NULL,
  `id_device_son` bigint(20) NOT NULL,
  `rel_type` varchar(500) DEFAULT NULL,
  `active` tinyint(1) NOT NULL DEFAULT '1',
  `insert_date` varchar(250) NOT NULL
) ENGINE=InnoDB DEFAULT CHARSET=utf8;

-- --------------------------------------------------------

--
-- Struttura della tabella `rel_devices_device_details`
--

CREATE TABLE `rel_devices_device_details` (
  `id` bigint(20) NOT NULL,
  `id_devices` bigint(20) NOT NULL,
  `id_device_details` bigint(20) NOT NULL,
  `active` tinyint(1) NOT NULL DEFAULT '1'
) ENGINE=InnoDB DEFAULT CHARSET=utf8;

-- --------------------------------------------------------

--
-- Struttura della tabella `rel_devices_device_modalities`
--

CREATE TABLE `rel_devices_device_modalities` (
  `id` bigint(20) NOT NULL,
  `id_devices` bigint(20) NOT NULL,
  `id_device_modalities` bigint(20) NOT NULL,
  `id_parent_devices` bigint(20) DEFAULT NULL,
  `active` tinyint(1) NOT NULL DEFAULT '1'
) ENGINE=InnoDB DEFAULT CHARSET=utf8;

-- --------------------------------------------------------

--
-- Struttura della tabella `rel_devices_menu_pages`
--

CREATE TABLE `rel_devices_menu_pages` (
  `id` bigint(20) NOT NULL,
  `id_devices` bigint(20) NOT NULL,
  `id_menu_pages` varchar(250) NOT NULL
) ENGINE=InnoDB DEFAULT CHARSET=utf8;

-- --------------------------------------------------------

--
-- Struttura della tabella `rel_device_types_alarm_types`
--

CREATE TABLE `rel_device_types_alarm_types` (
  `id` bigint(20) NOT NULL,
  `id_device_types` bigint(20) NOT NULL,
  `id_alarm_types` bigint(20) NOT NULL,
  `active` tinyint(1) NOT NULL DEFAULT '1',
  `insert_date` varchar(250) DEFAULT NULL
) ENGINE=InnoDB DEFAULT CHARSET=utf8;

-- --------------------------------------------------------

--
-- Struttura della tabella `rel_events_alarm_logs`
--

CREATE TABLE `rel_events_alarm_logs` (
  `id` bigint(20) NOT NULL,
  `id_events` bigint(20) NOT NULL,
  `id_alarm_logs` bigint(20) NOT NULL
) ENGINE=InnoDB DEFAULT CHARSET=utf8;

-- --------------------------------------------------------

--
-- Struttura della tabella `rel_notification_sounds_notification_types`
--

CREATE TABLE `rel_notification_sounds_notification_types` (
  `id` bigint(20) NOT NULL,
  `id_notification_sounds` bigint(20) NOT NULL,
  `id_notification_types` bigint(20) NOT NULL,
  `active` tinyint(1) NOT NULL DEFAULT '1'
) ENGINE=InnoDB DEFAULT CHARSET=utf8;

-- --------------------------------------------------------

--
-- Struttura della tabella `rel_sessions_web_notifications`
--

CREATE TABLE `rel_sessions_web_notifications` (
  `id` bigint(20) NOT NULL,
  `id_sessions` bigint(20) NOT NULL,
  `id_web_notifications` bigint(20) NOT NULL,
  `red` tinyint(1) NOT NULL DEFAULT '0'
) ENGINE=InnoDB DEFAULT CHARSET=utf8;

-- --------------------------------------------------------

--
-- Struttura della tabella `rel_troubles_alarm_logs`
--

CREATE TABLE `rel_troubles_alarm_logs` (
  `id` bigint(20) NOT NULL,
  `id_troubles` bigint(20) NOT NULL,
  `id_alarm_logs` bigint(20) NOT NULL
) ENGINE=InnoDB DEFAULT CHARSET=utf8;

-- --------------------------------------------------------

--
-- Struttura della tabella `rel_users_contacts`
--

CREATE TABLE `rel_users_contacts` (
  `id` bigint(20) NOT NULL,
  `id_users` bigint(20) NOT NULL,
  `id_contacts` bigint(20) NOT NULL,
  `active` tinyint(1) NOT NULL DEFAULT '1',
  `insert_time` varchar(250) DEFAULT NULL
) ENGINE=InnoDB DEFAULT CHARSET=utf8;

-- --------------------------------------------------------

--
-- Struttura della tabella `rel_users_user_details`
--

CREATE TABLE `rel_users_user_details` (
  `id` bigint(20) NOT NULL,
  `id_users` bigint(20) NOT NULL,
  `id_user_details` bigint(20) NOT NULL
) ENGINE=InnoDB DEFAULT CHARSET=utf8;

-- --------------------------------------------------------

--
-- Struttura della tabella `rel_user_types_menu_pages`
--

CREATE TABLE `rel_user_types_menu_pages` (
  `id` bigint(20) NOT NULL,
  `id_user_types` bigint(20) NOT NULL,
  `id_menu_pages` varchar(250) NOT NULL,
  `order_by` bigint(20) NOT NULL DEFAULT '1'
) ENGINE=InnoDB DEFAULT CHARSET=utf8;

--
-- Dump dei dati per la tabella `rel_user_types_menu_pages`
--

INSERT INTO `rel_user_types_menu_pages` (`id`, `id_user_types`, `id_menu_pages`, `order_by`) VALUES
(1, 1, 'dashboard', 1),
(2, 1, 'mappe', 5),
(3, 1, 'indoor', 1),
(4, 1, 'outdoor', 2),
(5, 1, 'configura_indoor', 3),
(6, 2, 'dashboard', 1),
(7, 2, 'mappe', 5),
(8, 2, 'indoor', 1),
(9, 2, 'outdoor', 2),
(10, 2, 'configura_indoor', 3),
(11, 3, 'dashboard', 1),
(12, 3, 'mappe', 5),
(13, 3, 'indoor', 1),
(14, 3, 'outdoor', 2),
(15, 1, 'configura_outdoor', 4),
(16, 2, 'configura_outdoor', 4),
(17, 1, 'dispositivi', 4),
(18, 2, 'dispositivi', 4),
(19, 1, 'gestione_dispositivi', 1),
(21, 1, 'aree', 6),
(22, 1, 'configura_aree', 1),
(25, 1, 'utenti', 2),
(26, 1, 'gestione_utenti', 1),
(27, 1, 'gestione_mappe_indoor', 5),
(33, 1, 'configura_coordinate', 2),
(35, 1, 'servizi', 7),
(41, 1, 'allarmi', 9),
(42, 2, 'allarmi', 9),
(43, 3, 'allarmi', 9),
(47, 1, 'configura_contatti', 1),
(49, 1, 'contatti', 8),
(51, 1, 'pbx', 10),
(52, 2, 'pbx', 10),
(55, 1, 'configura_gruppi', 3),
(57, 1, 'configura_principale', 1),
(61, 1, 'conf_allarmi', 2),
(64, 1, 'moduli', 3),
(65, 1, 'gestione_moduli', 1),
(67, 2, 'gestione_dispositivi', 1),
(68, 2, 'conf_allarmi', 2),
(71, 1, 'conf_asterisk', 1),
(72, 2, 'conf_asterisk', 1),
(73, 1, 'azioni', 14),
(74, 2, 'azioni', 14),
(77, 1, 'configura_azioni', 1),
(78, 2, 'configura_azioni', 1),
(79, 1, 'gest_allarmi', 3),
(80, 2, 'gest_allarmi', 3),
(81, 1, 'email', 11),
(82, 2, 'email', 11),
(83, 1, 'configura_smtp', 1),
(84, 2, 'configura_smtp', 1),
(85, 1, 'registro_allarmi', 4),
(86, 2, 'registro_allarmi', 4),
(88, 3, 'registro_allarmi', 4),
(89, 1, 'configura_snmp', 2),
(90, 2, 'configura_snmp', 2),
(93, 1, 'registro_allarmi_app', 3),
(94, 2, 'registro_allarmi_app', 3),
(95, 3, 'registro_allarmi_app', 3),
(96, 1, 'app', 15),
(97, 2, 'app', 15),
(99, 1, 'conf_utenti_app', 1),
(100, 2, 'conf_utenti_app', 1),
(101, 1, 'sms', 12),
(102, 2, 'sms', 12),
(103, 1, 'configura_gateway', 1),
(104, 2, 'configura_gateway', 1),
(105, 1, 'configura_app_pbx', 2),
(106, 2, 'configura_app_pbx', 2),
(111, 1, 'configura_stringhe_interni', 2),
(112, 2, 'configura_stringhe_interni', 2),
(172, 1, 'configura_dispositivi', 2),
(173, 2, 'configura_dispositivi', 2),
(174, 1, 'radio', 13),
(175, 2, 'radio', 13),
(176, 1, 'pocsag_encoder', 1),
(177, 2, 'pocsag_encoder', 1),
(178, 1, 'invia_messaggio', 2),
(179, 2, 'invia_messaggio', 2),
(180, 3, 'invia_messaggio', 2),
(181, 1, 'stato_messaggi', 3),
(182, 2, 'stato_messaggi', 3),
(183, 3, 'stato_messaggi', 3),
(184, 1, 'server', 19),
(185, 1, 'configura_server', 1),
(213, 1, 'dettaglio_dispositivi', 3),
(214, 2, 'dettaglio_dispositivi', 3),
(215, 3, 'dettaglio_dispositivi', 3),
(216, 4, 'dettaglio_dispositivi', 3),
(217, 5, 'dettaglio_dispositivi', 3),
(218, 6, 'dashboard', 1),
(219, 6, 'mappe', 5),
(220, 6, 'indoor', 1),
(221, 6, 'outdoor', 2),
(222, 6, 'allarmi', 9),
(223, 6, 'registro_allarmi', 4),
(224, 6, 'registro_allarmi_app', 5),
(237, 1, 'stato_sms', 2),
(238, 2, 'stato_sms', 2),
(239, 1, 'localizza_dispositivi', 4),
(241, 7, 'localizza_dispositivi', 4),
(242, 7, 'dashboard', 1),
(243, 7, 'dispositivi', 4),
(244, 7, 'allarmi', 9),
(245, 7, 'registro_allarmi', 1),
(246, 8, 'dashboard', 1),
(247, 8, 'mappe', 5),
(248, 8, 'indoor', 1),
(249, 8, 'outdoor', 2),
(250, 8, 'configura_indoor', 3),
(251, 8, 'configura_outdoor', 4),
(252, 8, 'dispositivi', 4),
(253, 8, 'gestione_dispositivi', 1),
(254, 8, 'aree', 6),
(255, 8, 'configura_aree', 1),
(256, 8, 'utenti', 2),
(257, 8, 'gestione_utenti', 1),
(258, 8, 'gestione_mappe_indoor', 5),
(259, 8, 'configura_coordinate', 2),
(261, 8, 'allarmi', 9),
(262, 8, 'configura_contatti', 1),
(263, 8, 'contatti', 8),
(265, 8, 'configura_gruppi', 3),
(267, 8, 'conf_allarmi', 2),
(268, 8, 'moduli', 3),
(269, 8, 'gestione_moduli', 1),
(271, 8, 'azioni', 14),
(272, 8, 'configura_azioni', 1),
(273, 8, 'gest_allarmi', 3),
(274, 8, 'email', 11),
(275, 8, 'configura_smtp', 1),
(276, 8, 'registro_allarmi', 4),
(278, 8, 'registro_allarmi_app', 5),
(279, 8, 'app', 15),
(280, 8, 'conf_utenti_app', 1),
(282, 8, 'configura_gateway', 1),
(283, 8, 'configura_app_pbx', 2),
(301, 8, 'configura_dispositivi', 2),
(302, 8, 'radio', 13),
(304, 8, 'invia_messaggio', 2),
(305, 8, 'stato_messaggi', 3),
(312, 8, 'dettaglio_dispositivi', 3),
(316, 8, 'stato_sms', 2),
(317, 8, 'localizza_dispositivi', 4),
(319, 9, 'dashboard', 1),
(320, 9, 'radio', 2),
(321, 9, 'invia_messaggio', 1),
(322, 9, 'stato_messaggi', 2),
(323, 10, 'dashboard', 1),
(324, 10, 'utenti', 2),
(325, 10, 'gestione_utenti', 1),
(326, 1, 'totem', 20),
(327, 2, 'totem', 20),
(328, 3, 'totem', 20),
(329, 4, 'totem', 20),
(330, 5, 'totem', 20),
(331, 1, 'visite_ospiti', 1),
(332, 2, 'visite_ospiti', 1),
(333, 3, 'visite_ospiti', 1),
(334, 4, 'visite_ospiti', 1),
(335, 5, 'visite_ospiti', 1),
(336, 1, 'gestione_contatti', 2),
(337, 12, 'dashboard', 1),
(338, 12, 'mappe', 2),
(339, 12, 'indoor', 1),
(340, 12, 'outdoor', 1),
(341, 1, 'etichette', 21),
(342, 2, 'etichette', 21),
(343, 3, 'etichette', 21),
(344, 1, 'gestisci_nfc', 1),
(345, 2, 'gestisci_nfc', 1),
(346, 3, 'gestisci_nfc', 1),
(347, 1, 'configura_processi', 3),
(349, 1, 'configura_dect', 5),
(350, 1, 'configura_seriali_tcp', 6),
(351, 1, 'configura_modbus', 7),
(352, 1, 'configura_contatti_io', 8),
(353, 1, 'configura_pop3', 9),
(354, 1, 'configura_mc800_xml', 10),
(355, 1, 'configura_custom', 11),
(356, 1, 'configura_blumman', 4),
(357, 1, 'stato_email', 2),
(358, 2, 'stato_email', 2),
(359, 1, 'stato_pbx', 3),
(360, 2, 'stato_pbx', 3),
(361, 1, 'utente_modulo', 2),
(364, 8, 'sms', 12),
(365, 1, 'configura_twig', 12),
(366, 1, 'configura_ev', 13),
(367, 1, 'configura_blumcare', 14),
(368, 1, 'controllo_localizzazione', 5);

-- --------------------------------------------------------

--
-- Struttura della tabella `repeating_alarms`
--

CREATE TABLE `repeating_alarms` (
  `id` bigint(20) NOT NULL,
  `id_devices` bigint(20) DEFAULT NULL,
  `repeating_time` bigint(20) NOT NULL DEFAULT '10',
  `repeating_delay` bigint(20) NOT NULL DEFAULT '30',
  `current_count` bigint(20) NOT NULL DEFAULT '0',
  `last_repetition_time` varchar(250) DEFAULT NULL,
  `red` tinyint(1) NOT NULL DEFAULT '0',
  `stopped` tinyint(1) NOT NULL DEFAULT '0',
  `insert_time` varchar(250) DEFAULT NULL
) ENGINE=InnoDB DEFAULT CHARSET=utf8;

-- --------------------------------------------------------

--
-- Struttura della tabella `sensor_data`
--

CREATE TABLE `sensor_data` (
  `id` bigint(20) NOT NULL,
  `data_type` varchar(250) NOT NULL,
  `data_value` varchar(250) NOT NULL,
  `insert_time` varchar(250) NOT NULL,
  `id_devices` bigint(20) DEFAULT NULL
) ENGINE=InnoDB DEFAULT CHARSET=utf8;

-- --------------------------------------------------------

--
-- Struttura della tabella `sensor_inputs`
--

CREATE TABLE `sensor_inputs` (
  `id` bigint(20) NOT NULL,
  `uuid` varchar(250) NOT NULL,
  `command` varchar(250) NOT NULL,
  `insert_time` varchar(250) NOT NULL,
  `read_by_service` tinyint(1) NOT NULL DEFAULT '0',
  `read_time` varchar(250) DEFAULT NULL
) ENGINE=InnoDB DEFAULT CHARSET=utf8;

-- --------------------------------------------------------

--
-- Struttura della tabella `service_licenses`
--

CREATE TABLE `service_licenses` (
  `id` bigint(20) NOT NULL,
  `pre_license` longtext NOT NULL,
  `license` longtext,
  `insert_time` varchar(250) NOT NULL,
  `active` tinyint(1) NOT NULL DEFAULT '1'
) ENGINE=InnoDB DEFAULT CHARSET=utf8;

--
-- Dump dei dati per la tabella `service_licenses`
--

INSERT INTO `service_licenses` (`id`, `pre_license`, `license`, `insert_time`, `active`) VALUES
(1, '2r0u947v5q480tst350r3s2r8262sr!cqyd!besqjyed_ct!tusj_ydteeh!sedjqsj_83!iuhyqb!cetrki!umed_cetrki!fef6!frn!pujjbuh_ncb!ixubbo_rkjjed!xuqbjx_sqhu!xuqbjx_sqhu_7!skijec_rkjjed!7949$87$68', 'u9t84q50vsru8vqssq65ru68q84v42!cqyd!besqjyed_ct!tusj_ydteeh!sedjqsji_83!iuhyqb!cetrki!umed_cetrki!fef6!frn!pujjbuh_ncb!ixubbo_rkjjed!xuqbjx_sqhu!xuqbjx_sqhu_7!skijec_rkjjed!7949$87$68', '2023-12-18 14:17:00', 1);

-- --------------------------------------------------------

--
-- Struttura della tabella `service_strings`
--

CREATE TABLE `service_strings` (
  `string` longtext,
  `insert_time` varchar(200) DEFAULT NULL,
  `type` varchar(200) DEFAULT NULL
) ENGINE=InnoDB DEFAULT CHARSET=utf8;

-- --------------------------------------------------------

--
-- Struttura della tabella `sessions`
--

CREATE TABLE `sessions` (
  `id` bigint(20) NOT NULL,
  `token` varchar(500) NOT NULL,
  `creation_date` varchar(500) NOT NULL,
  `update_date` varchar(500) NOT NULL,
  `valid` tinyint(1) NOT NULL DEFAULT '1',
  `id_users` bigint(20) NOT NULL
) ENGINE=InnoDB DEFAULT CHARSET=utf8;

-- --------------------------------------------------------

--
-- Struttura della tabella `settings`
--

CREATE TABLE `settings` (
  `field_name` varchar(250) NOT NULL,
  `field_value` longtext NOT NULL,
  `parent_field_name` longtext
) ENGINE=InnoDB DEFAULT CHARSET=utf8;

--
-- Dump dei dati per la tabella `settings`
--

INSERT INTO `settings` (`field_name`, `field_value`, `parent_field_name`) VALUES
('asterisk_api_token', 'MS577W0qXCIDAPAxqySJjcTgEszCEj38UTd92eiZYPlRPYo57h', NULL),
('db_version', '6.0.0', NULL),
('indoor_marker', 'fa-square', NULL),
('main_service_api_token', 'aYhCfhv0m9LBTpgrgoLBUgSXv1E02qQRg1DdBLAxu2wxstGhDy', NULL),
('port_sms_gtw_1', '10991', NULL),
('proxy_voicerss', '{\"protocol\":\"\",\"host\":\"\",\"port\":\"\",\"enabled\":null}', NULL),
('session_duration', '7200', NULL),
('templates_msg_pocsag1', '[]', NULL),
('thread_18_begin_alarm', '2020-02-05 17:12:21.427000', NULL),
('thread_18_end_alarm', '2020-02-05 17:11:01.753000', NULL),
('tm_web_url', 'https://luna.blumit.it/api/', NULL),
('voicerss_key', '0bb4b22f92c841ce885091004d12c0c6', NULL);

-- --------------------------------------------------------

--
-- Struttura della tabella `sms`
--

CREATE TABLE `sms` (
  `id` bigint(20) NOT NULL,
  `number` varchar(200) NOT NULL,
  `subject` longtext,
  `message` longtext NOT NULL,
  `msg_type` varchar(200) DEFAULT NULL,
  `callback` varchar(200) DEFAULT NULL,
  `insert_date` varchar(200) NOT NULL,
  `sent` tinyint(1) NOT NULL DEFAULT '0',
  `sent_date` varchar(200) DEFAULT NULL,
  `priority` tinyint(4) NOT NULL DEFAULT '1',
  `id_users` bigint(20) DEFAULT NULL,
  `extra_info` varchar(500) DEFAULT NULL,
  `id_alarm_logs` bigint(20) DEFAULT NULL
) ENGINE=InnoDB DEFAULT CHARSET=utf8;

-- --------------------------------------------------------

--
-- Struttura della tabella `sms_received`
--

CREATE TABLE `sms_received` (
  `id` bigint(20) NOT NULL,
  `number` varchar(500) DEFAULT NULL,
  `message` longtext,
  `insert_date` varchar(500) NOT NULL,
  `read_date` varchar(500) DEFAULT NULL,
  `red` tinyint(1) NOT NULL DEFAULT '0'
) ENGINE=InnoDB DEFAULT CHARSET=utf8;

-- --------------------------------------------------------

--
-- Struttura stand-in per le viste `source_devices`
-- (Vedi sotto per la vista effettiva)
--
CREATE TABLE `source_devices` (
`id` bigint(20)
,`name` longtext
,`id_device_types` bigint(20)
);

-- --------------------------------------------------------

--
-- Struttura della tabella `states`
--

CREATE TABLE `states` (
  `id` bigint(20) NOT NULL,
  `name` varchar(128) DEFAULT NULL,
  `numeric_initial` varchar(4) DEFAULT NULL,
  `initial_iso_3166_1_alpha_3` varchar(3) DEFAULT NULL,
  `initial_iso_3166_1_alpha_2` varchar(2) DEFAULT NULL
) ENGINE=InnoDB DEFAULT CHARSET=utf8;

--
-- Dump dei dati per la tabella `states`
--

INSERT INTO `states` (`id`, `name`, `numeric_initial`, `initial_iso_3166_1_alpha_3`, `initial_iso_3166_1_alpha_2`) VALUES
(1, 'Afghanistan', '004', 'AFG', 'AF'),
(2, 'Albania', '008', 'ALB', 'AL'),
(3, 'Algeria', '012', 'DZA', 'DZ'),
(4, 'Andorra', '020', 'AND', 'AD'),
(5, 'Angola', '024', 'AGO', 'AO'),
(6, 'Anguilla', '660', 'AIA', 'AI'),
(7, 'Antartide', '010', 'ATA', 'AQ'),
(8, 'Antigua e Barbuda', '028', 'ATG', 'AG'),
(9, 'Arabia Saudita', '682', 'SAU', 'SA'),
(10, 'Argentina', '032', 'ARG', 'AR'),
(11, 'Armenia', '051', 'ARM', 'AM'),
(12, 'Aruba', '533', 'ABW', 'AW'),
(13, 'Australia', '036', 'AUS', 'AU'),
(14, 'Austria', '040', 'AUT', 'AT'),
(15, 'Azerbaigian', '031', 'AZE', 'AZ'),
(16, 'Bahamas', '044', 'BHS', 'BS'),
(17, 'Bahrein', '048', 'BHR', 'BH'),
(18, 'Bangladesh', '050', 'BGD', 'BD'),
(19, 'Barbados', '052', 'BRB', 'BB'),
(20, 'Belgio', '056', 'BEL', 'BE'),
(21, 'Belize', '084', 'BLZ', 'BZ'),
(22, 'Benin', '204', 'BEN', 'BJ'),
(23, 'Bermuda', '060', 'BMU', 'BM'),
(24, 'Bhutan', '064', 'BTN', 'BT'),
(25, 'Bielorussia', '112', 'BLR', 'BY'),
(26, 'Birmania', '104', 'MMR', 'MM'),
(27, 'Bolivia', '068', 'BOL', 'BO'),
(28, 'Bosnia ed Erzegovina', '070', 'BIH', 'BA'),
(29, 'Botswana', '072', 'BWA', 'BW'),
(30, 'Brasile', '076', 'BRA', 'BR'),
(31, 'Brunei', '096', 'BRN', 'BN'),
(32, 'Bulgaria', '100', 'BGR', 'BG'),
(33, 'Burkina Faso', '854', 'BFA', 'BF'),
(34, 'Burundi', '108', 'BDI', 'BI'),
(35, 'Cambogia', '116', 'KHM', 'KH'),
(36, 'Camerun', '120', 'CMR', 'CM'),
(37, 'Canada', '124', 'CAN', 'CA'),
(38, 'Capo Verde', '132', 'CPV', 'CV'),
(39, 'Ciad', '148', 'TCD', 'TD'),
(40, 'Cile', '152', 'CHL', 'CL'),
(41, 'Cina', '156', 'CHN', 'CN'),
(42, 'Cipro', '196', 'CYP', 'CY'),
(43, 'Città del Vaticano', '336', 'VAT', 'VA'),
(44, 'Colombia', '170', 'COL', 'CO'),
(45, 'Comore', '174', 'COM', 'KM'),
(46, 'Corea del Nord', '408', 'PRK', 'KP'),
(47, 'Corea del Sud', '410', 'KOR', 'KR'),
(48, 'Costa d\'Avorio', '384', 'CIV', 'CI'),
(49, 'Costa Rica', '188', 'CRI', 'CR'),
(50, 'Croazia', '191', 'HRV', 'HR'),
(51, 'Cuba', '192', 'CUB', 'CU'),
(52, 'Cura', '531', 'CUW', 'CW'),
(53, 'Danimarca', '208', 'DNK', 'DK'),
(54, 'Dominica', '212', 'DMA', 'DM'),
(55, 'Ecuador', '218', 'ECU', 'EC'),
(56, 'Egitto', '818', 'EGY', 'EG'),
(57, 'El Salvador', '222', 'SLV', 'SV'),
(58, 'Emirati Arabi Uniti', '784', 'ARE', 'AE'),
(59, 'Eritrea', '232', 'ERI', 'ER'),
(60, 'Estonia', '233', 'EST', 'EE'),
(61, 'Etiopia', '231', 'ETH', 'ET'),
(62, 'Figi', '242', 'FJI', 'FJ'),
(63, 'Filippine', '608', 'PHL', 'PH'),
(64, 'Finlandia', '246', 'FIN', 'FI'),
(65, 'Francia', '250', 'FRA', 'FR'),
(66, 'Gabon', '266', 'GAB', 'GA'),
(67, 'Gambia', '270', 'GMB', 'GM'),
(68, 'Georgia', '268', 'GEO', 'GE'),
(69, 'Georgia del Sud e isole Sandwich meridionali', '239', 'SGS', 'GS'),
(70, 'Germania', '276', 'DEU', 'DE'),
(71, 'Ghana', '288', 'GHA', 'GH'),
(72, 'Giamaica', '388', 'JAM', 'JM'),
(73, 'Giappone', '392', 'JPN', 'JP'),
(74, 'Gibilterra', '292', 'GIB', 'GI'),
(75, 'Gibuti', '262', 'DJI', 'DJ'),
(76, 'Giordania', '400', 'JOR', 'JO'),
(77, 'Grecia', '300', 'GRC', 'GR'),
(78, 'Grenada', '308', 'GRD', 'GD'),
(79, 'Groenlandia', '304', 'GRL', 'GL'),
(80, 'Guadalupa', '312', 'GLP', 'GP'),
(81, 'Guam', '316', 'GUM', 'GU'),
(82, 'Guatemala', '320', 'GTM', 'GT'),
(83, 'Guernsey', '831', 'GGY', 'GG'),
(84, 'Guinea', '324', 'GIN', 'GN'),
(85, 'Guinea-Bissau', '624', 'GNB', 'GW'),
(86, 'Guinea Equatoriale', '226', 'GNQ', 'GQ'),
(87, 'Guyana', '328', 'GUY', 'GY'),
(88, 'Guyana francese', '254', 'GUF', 'GF'),
(89, 'Haiti', '332', 'HTI', 'HT'),
(90, 'Honduras', '340', 'HND', 'HN'),
(91, 'Hong Kong', '344', 'HKG', 'HK'),
(92, 'India', '356', 'IND', 'IN'),
(93, 'Indonesia', '360', 'IDN', 'ID'),
(94, 'Iran', '364', 'IRN', 'IR'),
(95, 'Iraq', '368', 'IRQ', 'IQ'),
(96, 'Irlanda', '372', 'IRL', 'IE'),
(97, 'Islanda', '352', 'ISL', 'IS'),
(98, 'Isola Bouvet', '074', 'BVT', 'BV'),
(99, 'Isola di Man', '833', 'IMN', 'IM'),
(100, 'Isola di Natale', '162', 'CXR', 'CX'),
(101, 'Isola Norfolk', '574', 'NFK', 'NF'),
(102, 'Isole Aland', '248', 'ALA', 'AX'),
(103, 'Isole BES', '535', 'BES', 'BQ'),
(104, 'Isole Cayman', '136', 'CYM', 'KY'),
(105, 'Isole Cocos (Keeling)', '166', 'CCK', 'CC'),
(106, 'Isole Cook', '184', 'COK', 'CK'),
(107, 'Faer Oer', '234', 'FRO', 'FO'),
(108, 'Isole Falkland', '238', 'FLK', 'FK'),
(109, 'Isole Heard e McDonald', '334', 'HMD', 'HM'),
(110, 'Isole Marianne Settentrionali', '580', 'MNP', 'MP'),
(111, 'Isole Marshall', '584', 'MHL', 'MH'),
(112, 'Isole minori esterne degli Stati Uniti', '581', 'UMI', 'UM'),
(113, 'Isole Pitcairn', '612', 'PCN', 'PN'),
(114, 'Isole Salomone', '090', 'SLB', 'SB'),
(115, 'Isole Vergini britanniche', '092', 'VGB', 'VG'),
(116, 'Isole Vergini americane', '850', 'VIR', 'VI'),
(117, 'Israele', '376', 'ISR', 'IL'),
(118, 'Italia', '380', 'ITA', 'IT'),
(119, 'Jersey', '832', 'JEY', 'JE'),
(120, 'Kazakistan', '398', 'KAZ', 'KZ'),
(121, 'Kenya', '404', 'KEN', 'KE'),
(122, 'Kirghizistan', '417', 'KGZ', 'KG'),
(123, 'Kiribati', '296', 'KIR', 'KI'),
(124, 'Kuwait', '414', 'KWT', 'KW'),
(125, 'Laos', '418', 'LAO', 'LA'),
(126, 'Lesotho', '426', 'LSO', 'LS'),
(127, 'Lettonia', '428', 'LVA', 'LV'),
(128, 'Libano', '422', 'LBN', 'LB'),
(129, 'Liberia', '430', 'LBR', 'LR'),
(130, 'Libia', '434', 'LBY', 'LY'),
(131, 'Liechtenstein', '438', 'LIE', 'LI'),
(132, 'Lituania', '440', 'LTU', 'LT'),
(133, 'Lussemburgo', '442', 'LUX', 'LU'),
(134, 'Macao', '446', 'MAC', 'MO'),
(135, 'Macedonia', '807', 'MKD', 'MK'),
(136, 'Madagascar', '450', 'MDG', 'MG'),
(137, 'Malawi', '454', 'MWI', 'MW'),
(138, 'Malesia', '458', 'MYS', 'MY'),
(139, 'Maldive', '462', 'MDV', 'MV'),
(140, 'Mali', '466', 'MLI', 'ML'),
(141, 'Malta', '470', 'MLT', 'MT'),
(142, 'Marocco', '504', 'MAR', 'MA'),
(143, 'Martinica', '474', 'MTQ', 'MQ'),
(144, 'Mauritania', '478', 'MRT', 'MR'),
(145, 'Mauritius', '480', 'MUS', 'MU'),
(146, 'Mayotte', '175', 'MYT', 'YT'),
(147, 'Messico', '484', 'MEX', 'MX'),
(148, 'Micronesia', '583', 'FSM', 'FM'),
(149, 'Moldavia', '498', 'MDA', 'MD'),
(150, 'Mongolia', '496', 'MNG', 'MN'),
(151, 'Montenegro', '499', 'MNE', 'ME'),
(152, 'Montserrat', '500', 'MSR', 'MS'),
(153, 'Mozambico', '508', 'MOZ', 'MZ'),
(154, 'Namibia', '516', 'NAM', 'NA'),
(155, 'Nauru', '520', 'NRU', 'NR'),
(156, 'Nepal', '524', 'NPL', 'NP'),
(157, 'Nicaragua', '558', 'NIC', 'NI'),
(158, 'Niger', '562', 'NER', 'NE'),
(159, 'Nigeria', '566', 'NGA', 'NG'),
(160, 'Niue', '570', 'NIU', 'NU'),
(161, 'Norvegia', '578', 'NOR', 'NO'),
(162, 'Nuova Caledonia', '540', 'NCL', 'NC'),
(163, 'Nuova Zelanda', '554', 'NZL', 'NZ'),
(164, 'Oman', '512', 'OMN', 'OM'),
(165, 'Paesi Bassi', '528', 'NLD', 'NL'),
(166, 'Pakistan', '586', 'PAK', 'PK'),
(167, 'Palau', '585', 'PLW', 'PW'),
(168, 'Palestina', '275', 'PSE', 'PS'),
(169, 'Panam', '591', 'PAN', 'PA'),
(170, 'Papua Nuova Guinea', '598', 'PNG', 'PG'),
(171, 'Paraguay', '600', 'PRY', 'PY'),
(172, 'Perù', '604', 'PER', 'PE'),
(173, 'Polinesia Francese', '258', 'PYF', 'PF'),
(174, 'Polonia', '616', 'POL', 'PL'),
(175, 'Porto Rico', '630', 'PRI', 'PR'),
(176, 'Portogallo', '620', 'PRT', 'PT'),
(177, 'Monaco', '492', 'MCO', 'MC'),
(178, 'Qatar', '634', 'QAT', 'QA'),
(179, 'Regno Unito', '826', 'GBR', 'GB'),
(180, 'RD del Congo', '180', 'COD', 'CD'),
(181, 'Rep. Ceca', '203', 'CZE', 'CZ'),
(182, 'Rep. Centrafricana', '140', 'CAF', 'CF'),
(183, 'Rep. del Congo', '178', 'COG', 'CG'),
(184, 'Rep. Dominicana', '214', 'DOM', 'DO'),
(185, 'Riunione', '638', 'REU', 'RE'),
(186, 'Romania', '642', 'ROU', 'RO'),
(187, 'Ruanda', '646', 'RWA', 'RW'),
(188, 'Russia', '643', 'RUS', 'RU'),
(189, 'Sahara Occidentale', '732', 'ESH', 'EH'),
(190, 'Saint Kitts e Nevis', '659', 'KNA', 'KN'),
(191, 'Santa Lucia', '662', 'LCA', 'LC'),
(192, 'Sant\'Elena, Ascensione e Tristan da Cunha', '654', 'SHN', 'SH'),
(193, 'Saint Vincent e Grenadine', '670', 'VCT', 'VC'),
(194, 'Saint-Barth', '652', 'BLM', 'BL'),
(195, 'Saint-Martin', '663', 'MAF', 'MF'),
(196, 'Saint-Pierre e Miquelon', '666', 'SPM', 'PM'),
(197, 'Samoa', '882', 'WSM', 'WS'),
(198, 'Samoa Americane', '016', 'ASM', 'AS'),
(199, 'San Marino', '674', 'SMR', 'SM'),
(200, 'Sao Tomé e Principe', '678', 'STP', 'ST'),
(201, 'Senegal', '686', 'SEN', 'SN'),
(202, 'Serbia', '688', 'SRB', 'RS'),
(203, 'Seychelles', '690', 'SYC', 'SC'),
(204, 'Sierra Leone', '694', 'SLE', 'SL'),
(205, 'Singapore', '702', 'SGP', 'SG'),
(206, 'Sint Maarten', '534', 'SXM', 'SX'),
(207, 'Siria', '760', 'SYR', 'SY'),
(208, 'Slovacchia', '703', 'SVK', 'SK'),
(209, 'Slovenia', '705', 'SVN', 'SI'),
(210, 'Somalia', '706', 'SOM', 'SO'),
(211, 'Spagna', '724', 'ESP', 'ES'),
(212, 'Sri Lanka', '144', 'LKA', 'LK'),
(213, 'Stati Uniti', '840', 'USA', 'US'),
(214, 'Sudafrica', '710', 'ZAF', 'ZA'),
(215, 'Sudan', '729', 'SDN', 'SD'),
(216, 'Sudan del Sud', '728', 'SSD', 'SS'),
(217, 'Suriname', '740', 'SUR', 'SR'),
(218, 'Svalbard e Jan Mayen', '744', 'SJM', 'SJ'),
(219, 'Svezia', '752', 'SWE', 'SE'),
(220, 'Svizzera', '756', 'CHE', 'CH'),
(221, 'Swaziland', '748', 'SWZ', 'SZ'),
(222, 'Taiwan', '158', 'TWN', 'TW'),
(223, 'Tagikistan', '762', 'TJK', 'TJ'),
(224, 'Tanzania', '834', 'TZA', 'TZ'),
(225, 'Terre australi e antartiche francesi', '260', 'ATF', 'TF'),
(226, 'Territorio britannico dell\'oceano Indiano', '086', 'IOT', 'IO'),
(227, 'Thailandia', '764', 'THA', 'TH'),
(228, 'Timor Est', '626', 'TLS', 'TL'),
(229, 'Togo', '768', 'TGO', 'TG'),
(230, 'Tokelau', '772', 'TKL', 'TK'),
(231, 'Tonga', '776', 'TON', 'TO'),
(232, 'Trinidad e Tobago', '780', 'TTO', 'TT'),
(233, 'Tunisia', '788', 'TUN', 'TN'),
(234, 'Turchia', '792', 'TUR', 'TR'),
(235, 'Turkmenistan', '795', 'TKM', 'TM'),
(236, 'Turks e Caicos', '796', 'TCA', 'TC'),
(237, 'Tuvalu', '798', 'TUV', 'TV'),
(238, 'Ucraina', '804', 'UKR', 'UA'),
(239, 'Uganda', '800', 'UGA', 'UG'),
(240, 'Ungheria', '348', 'HUN', 'HU'),
(241, 'Uruguay', '858', 'URY', 'UY'),
(242, 'Uzbekistan', '860', 'UZB', 'UZ'),
(243, 'Vanuatu', '548', 'VUT', 'VU'),
(244, 'Venezuela', '862', 'VEN', 'VE'),
(245, 'Vietnam', '704', 'VNM', 'VN'),
(246, 'Wallis e Futuna', '876', 'WLF', 'WF'),
(247, 'Yemen', '887', 'YEM', 'YE'),
(248, 'Zambia', '894', 'ZMB', 'ZM'),
(249, 'Zimbabwe', '716', 'ZWE', 'ZW'),
(250, 'No Italia', '999', 'NNN', 'NN');

-- --------------------------------------------------------

--
-- Struttura della tabella `string_internal_pbx`
--

CREATE TABLE `string_internal_pbx` (
  `id` bigint(20) NOT NULL,
  `string` varchar(1000) NOT NULL,
  `internal` varchar(1000) NOT NULL,
  `active` tinyint(1) NOT NULL DEFAULT '1'
) ENGINE=InnoDB DEFAULT CHARSET=utf8;

-- --------------------------------------------------------

--
-- Struttura della tabella `time_conditions`
--

CREATE TABLE `time_conditions` (
  `id` bigint(20) NOT NULL,
  `id_week_days` bigint(20) NOT NULL,
  `id_call_groups` bigint(20) NOT NULL,
  `start_time` varchar(250) NOT NULL,
  `end_time` varchar(250) NOT NULL,
  `valid` tinyint(1) NOT NULL DEFAULT '1',
  `insert_date` varchar(250) DEFAULT NULL
) ENGINE=InnoDB DEFAULT CHARSET=utf8;

--
-- Dump dei dati per la tabella `time_conditions`
--

INSERT INTO `time_conditions` (`id`, `id_week_days`, `id_call_groups`, `start_time`, `end_time`, `valid`, `insert_date`) VALUES
(1, 1, 1, '00:00', '23:59', 1, NULL),
(2, 2, 1, '00:00', '23:59', 1, NULL),
(3, 3, 1, '00:00', '23:59', 1, NULL),
(4, 4, 1, '00:00', '23:59', 1, NULL),
(5, 5, 1, '00:00', '23:59', 1, NULL),
(6, 6, 1, '00:00', '23:59', 1, NULL),
(7, 7, 1, '00:00', '23:59', 1, NULL),
(8, 1, 2, '00:00', '23:59', 1, NULL),
(9, 2, 2, '00:00', '23:59', 1, NULL),
(10, 3, 2, '00:00', '23:59', 1, NULL),
(11, 4, 2, '00:00', '23:59', 1, NULL),
(12, 5, 2, '00:00', '23:59', 1, NULL),
(13, 6, 2, '00:00', '23:59', 1, NULL),
(14, 7, 2, '00:00', '23:59', 1, NULL);

-- --------------------------------------------------------

--
-- Struttura della tabella `tm_raw_events`
--

CREATE TABLE `tm_raw_events` (
  `id` bigint(20) NOT NULL,
  `data` json NOT NULL,
  `deviceID` varchar(200) NOT NULL,
  `code` varchar(200) NOT NULL,
  `title` varchar(200) NOT NULL,
  `description` varchar(500) NOT NULL,
  `ts` varchar(50) NOT NULL,
  `active` tinyint(1) NOT NULL DEFAULT '1',
  `insert_time` varchar(50) NOT NULL,
  `status` varchar(50) DEFAULT NULL,
  `id_tm_raw_events` bigint(20) DEFAULT NULL,
  `id_events` bigint(20) DEFAULT NULL
) ENGINE=InnoDB DEFAULT CHARSET=utf8;

-- --------------------------------------------------------

--
-- Struttura della tabella `tm_raw_watchdog`
--

CREATE TABLE `tm_raw_watchdog` (
  `id` bigint(20) NOT NULL,
  `data` json NOT NULL,
  `deviceID` varchar(200) NOT NULL,
  `code` varchar(200) NOT NULL,
  `ts` varchar(50) DEFAULT NULL,
  `insert_time` varchar(50) NOT NULL,
  `active` tinyint(1) NOT NULL DEFAULT '1',
  `update_time` varchar(250) DEFAULT NULL,
  `trouble` tinyint(1) NOT NULL DEFAULT '0'
) ENGINE=InnoDB DEFAULT CHARSET=utf8;

-- --------------------------------------------------------

--
-- Struttura della tabella `totem_status`
--

CREATE TABLE `totem_status` (
  `id` bigint(20) NOT NULL,
  `totem_name` varchar(500) DEFAULT NULL,
  `totem_type` varchar(500) DEFAULT NULL,
  `totem_page` varchar(500) DEFAULT NULL,
  `page_change_time` varchar(500) DEFAULT NULL,
  `active_dialog` tinyint(1) NOT NULL DEFAULT '0',
  `last_appointment_code` varchar(500) DEFAULT NULL
) ENGINE=InnoDB DEFAULT CHARSET=utf8;

--
-- Dump dei dati per la tabella `totem_status`
--

INSERT INTO `totem_status` (`id`, `totem_name`, `totem_type`, `totem_page`, `page_change_time`, `active_dialog`, `last_appointment_code`) VALUES
(1, 'QkEKyBeeLx', 'totem_qr', 'index', '2022-12-23 01:40:20', 0, '1664352441_marco@phoenyxsrl.com'),
(2, 'iyNigkn6cd', 'totem_qr', 'index', '2024-01-11 12:13:27', 0, NULL);

-- --------------------------------------------------------

--
-- Struttura della tabella `translations`
--

CREATE TABLE `translations` (
  `id` bigint(20) NOT NULL,
  `source` longtext NOT NULL,
  `translation` longtext NOT NULL,
  `active` tinyint(1) NOT NULL DEFAULT '1'
) ENGINE=InnoDB DEFAULT CHARSET=utf8;

-- --------------------------------------------------------

--
-- Struttura della tabella `troubles`
--

CREATE TABLE `troubles` (
  `id` bigint(20) NOT NULL,
  `group_name` longtext,
  `red` tinyint(1) NOT NULL DEFAULT '0',
  `start_time` varchar(250) DEFAULT NULL,
  `end_time` varchar(250) DEFAULT NULL,
  `description` longtext
) ENGINE=InnoDB DEFAULT CHARSET=utf8;

-- --------------------------------------------------------

--
-- Struttura della tabella `users`
--

CREATE TABLE `users` (
  `id` bigint(20) NOT NULL,
  `email` varchar(500) NOT NULL,
  `password` varchar(500) NOT NULL,
  `active` tinyint(1) NOT NULL DEFAULT '1',
  `registration_date` varchar(500) NOT NULL,
  `deactivation_date` varchar(250) DEFAULT NULL,
  `alarmLoginToken` varchar(500) DEFAULT NULL,
  `id_user_types` bigint(20) NOT NULL
) ENGINE=InnoDB DEFAULT CHARSET=utf8;

--
-- Dump dei dati per la tabella `users`
--

INSERT INTO `users` (`id`, `email`, `password`, `active`, `registration_date`, `deactivation_date`, `alarmLoginToken`, `id_user_types`) VALUES
(1, 'support@phoenyxsrl.com', '$2y$11$16bd7bd1daa51210d4059OJvGsfDft3L99zGHxbu40up0blrXPrwm', 1, '2018-09-06 23:50:47', NULL, 'b14559d2cca84677c69a674c2468b7908fa21fc72992985f2140460ba62a4bbd6a1a7dfb54d6ac93', 1),
(2, 'info@phoenyxsrl.com', '$2y$11$c72954f590933bc39363aeY.FlSRp/7dFlHbwXk/KfKpKP3hGvPN6', 1, '2018-10-13 10:22:33', NULL, NULL, 1),
(3, 'password@recovery.rec', '$2y$11$ad00dee498f16cf325a4cu9lS0M3tyzg4kGTxUhghBt0NP3sGgb3S', 1, '2021-10-26 10:38:01', NULL, NULL, 10),
(4, 'map@phoenyxsrl.com', '$2y$11$3147a03f57f03b3e3001aehgwpO0KvkmQrU.D9Sdo42ij9ijzKKVe', 1, '2022-06-03 22:37:05', NULL, 'da39a3ee5e6b4b0d3255bfef95601890afd8070946756ec7b78fdd53a21152aefe9c16ec4c9df960', 12),
(5, 'admin@localhost.local', '$2y$11$d37cb29b4755a7492f3b6uDqFwXyrLtONpyPX9HJII2dwffadBxQ6', 1, '2022-12-11 12:49:44', NULL, NULL, 1),
(6, 'luca.beretta@blumit.it', '$2y$11$e67c56928b55c8650abe7O5NmWueBYcr/pYZZeGAAfXqLKkBHw8/C', 1, '2024-12-07 23:35:03', NULL, NULL, 1);

-- --------------------------------------------------------

--
-- Struttura della tabella `user_details`
--

CREATE TABLE `user_details` (
  `id` bigint(20) NOT NULL,
  `filed_name` varchar(250) NOT NULL,
  `field_value` longtext NOT NULL
) ENGINE=InnoDB DEFAULT CHARSET=utf8;

-- --------------------------------------------------------

--
-- Struttura della tabella `user_types`
--

CREATE TABLE `user_types` (
  `id` bigint(20) NOT NULL,
  `type` varchar(500) NOT NULL,
  `write_permission` tinyint(1) NOT NULL DEFAULT '0',
  `visible` tinyint(1) NOT NULL DEFAULT '1'
) ENGINE=InnoDB DEFAULT CHARSET=utf8;

--
-- Dump dei dati per la tabella `user_types`
--

INSERT INTO `user_types` (`id`, `type`, `write_permission`, `visible`) VALUES
(1, 'administrator', 1, 1),
(2, 'operator', 1, 1),
(3, 'user', 1, 1),
(4, 'reception', 1, 1),
(5, 'hr', 1, 1),
(6, 'user_read_only', 0, 1),
(7, 'supervisor', 1, 1),
(8, 'board_admin', 1, 1),
(9, 'board_user', 1, 1),
(10, 'password_recovery', 1, 0),
(11, 'appointments', 1, 1),
(12, 'map_user', 1, 1);

-- --------------------------------------------------------

--
-- Struttura stand-in per le viste `user_types_menu_pages`
-- (Vedi sotto per la vista effettiva)
--
CREATE TABLE `user_types_menu_pages` (
`id_rel_user_types_menu_pages` bigint(20)
,`id_menu_pages` varchar(250)
,`text` varchar(500)
,`parent_id` varchar(250)
,`active` tinyint(1)
,`fa_icon` varchar(250)
,`word` varchar(100)
,`id_user_types` bigint(20)
,`type` varchar(500)
,`order_by` bigint(20)
);

-- --------------------------------------------------------

--
-- Struttura della tabella `waiting_alarms`
--

CREATE TABLE `waiting_alarms` (
  `id` bigint(20) NOT NULL,
  `alarm_id` varchar(500) NOT NULL,
  `alarm_type` varchar(500) DEFAULT NULL,
  `info` longtext,
  `insert_time` varchar(500) DEFAULT NULL,
  `id_events` bigint(20) DEFAULT NULL
) ENGINE=InnoDB DEFAULT CHARSET=utf8;

-- --------------------------------------------------------

--
-- Struttura della tabella `web_notifications`
--

CREATE TABLE `web_notifications` (
  `id` bigint(20) NOT NULL,
  `title` varchar(500) DEFAULT NULL,
  `body` longtext,
  `action` longtext,
  `insert_time` varchar(256) NOT NULL,
  `modal` tinyint(1) NOT NULL DEFAULT '0',
  `page` varchar(500) DEFAULT NULL
) ENGINE=InnoDB DEFAULT CHARSET=utf8;

-- --------------------------------------------------------

--
-- Struttura della tabella `week_days`
--

CREATE TABLE `week_days` (
  `id` bigint(20) NOT NULL,
  `name` varchar(250) NOT NULL
) ENGINE=InnoDB DEFAULT CHARSET=utf8;

--
-- Dump dei dati per la tabella `week_days`
--

INSERT INTO `week_days` (`id`, `name`) VALUES
(7, 'Domenica'),
(4, 'Giovedì'),
(1, 'Lunedì'),
(2, 'Martedì'),
(3, 'Mercoledì'),
(6, 'Sabato'),
(5, 'Venerdì');

-- --------------------------------------------------------

--
-- Struttura per vista `all_users_list`
--

CREATE ALGORITHM=UNDEFINED DEFINER=`root`@`%` SQL SECURITY DEFINER VIEW `all_users_list`  AS SELECT `users`.`id` AS `id`, `users`.`email` AS `email`, `users`.`active` AS `active`, `users`.`registration_date` AS `registration_date`, `user_types`.`type` AS `type`, `user_types`.`visible` AS `visible` FROM (`users` join `user_types` on((`users`.`id_user_types` = `user_types`.`id`)))  ;

-- --------------------------------------------------------

--
-- Struttura per vista `deactivabledevicetracking`
--

CREATE ALGORITHM=UNDEFINED DEFINER=`root`@`%` SQL SECURITY DEFINER VIEW `deactivabledevicetracking`  AS SELECT `device_tracking`.`id` AS `id`, `device_tracking`.`id_device_position` AS `id_device_position`, `device_tracking`.`id_device_source` AS `id_device_source`, `device_tracking`.`time` AS `time`, `device_tracking`.`rssi` AS `rssi`, `device_tracking`.`battery` AS `battery`, `device_tracking`.`red` AS `red`, `device_tracking`.`valid` AS `valid` FROM `device_tracking` WHERE ((`device_tracking`.`valid` = 1) AND (`device_tracking`.`red` = 0)) ORDER BY `device_tracking`.`id` ASC  ;

-- --------------------------------------------------------

--
-- Struttura per vista `getallalarmlogs`
--

CREATE ALGORITHM=UNDEFINED DEFINER=`root`@`%` SQL SECURITY DEFINER VIEW `getallalarmlogs`  AS SELECT DISTINCT `alarm_logs`.`id` AS `id`, `alarm_logs`.`json_income` AS `json_income`, `alarm_logs`.`json_outcome` AS `json_outcome`, `alarm_logs`.`id_alarm_statuses` AS `id_alarm_statuses`, `alarm_logs`.`id_alarms` AS `id_alarms`, `alarm_logs`.`id_map_alarms` AS `id_map_alarms`, `alarm_logs`.`active` AS `active`, `alarm_logs`.`insert_date` AS `insert_date`, `alarm_logs`.`confirmation` AS `confirmation`, `alarm_logs`.`confirmation_date` AS `confirmation_date`, `alarms`.`default_text` AS `default_text`, `alarms`.`custom_text` AS `custom_text`, `alarms`.`default_short_text` AS `default_short_text`, `alarms`.`custom_short_text` AS `custom_short_text`, `alarms`.`active` AS `alarmActive`, `alarms`.`insert_date` AS `alarmInsertDate`, `alarm_statuses`.`value` AS `valueStatus`, `alarm_statuses`.`text` AS `textStatus`, `source_devices`.`name` AS `devices_name`, `device_types`.`name` AS `device_types_name`, `alarm_extra_logs`.`id` AS `id_alarm_extra_logs`, `alarm_extra_logs`.`id_contacts` AS `id_contacts`, `alarm_extra_logs`.`extra_log` AS `extra_log`, `alarm_extra_logs`.`status` AS `alarm_extra_logs_status`, `alarm_extra_logs`.`insert_time` AS `alarm_extra_logs_insert_time`, `contacts`.`id` AS `contact_id`, `contacts`.`value` AS `contact_value`, `contacts`.`name` AS `contact_name` FROM (((((((`alarm_logs` join `alarms` on((`alarm_logs`.`id_alarms` = `alarms`.`id`))) left join `alarm_extra_logs` on((`alarm_logs`.`id` = `alarm_extra_logs`.`id_alarm_logs`))) left join `contacts` on((`contacts`.`id` = `alarm_extra_logs`.`id_contacts`))) join `alarm_statuses` on((`alarm_statuses`.`id` = `alarm_logs`.`id_alarm_statuses`))) join `rel_devices_alarms` on((`alarms`.`id` = `rel_devices_alarms`.`id_alarms`))) join `source_devices` on((`rel_devices_alarms`.`id_devices` = `source_devices`.`id`))) join `device_types` on((`source_devices`.`id_device_types` = `device_types`.`id`)))  ;

-- --------------------------------------------------------

--
-- Struttura per vista `getallareas`
--

CREATE ALGORITHM=UNDEFINED DEFINER=`root`@`%` SQL SECURITY DEFINER VIEW `getallareas`  AS SELECT `areas`.`id` AS `id`, `areas`.`name` AS `name`, `rel_areas_devices`.`id_device` AS `id_device`, `areas`.`active` AS `active`, `areas`.`insert_date` AS `insert_date`, `rel_areas_devices`.`active` AS `relActive`, `rel_areas_devices`.`insert_date` AS `relDate` FROM (`areas` join `rel_areas_devices` on((`areas`.`id` = `rel_areas_devices`.`id_area`)))  ;

-- --------------------------------------------------------

--
-- Struttura per vista `getallpagestable`
--

CREATE ALGORITHM=UNDEFINED DEFINER=`root`@`localhost` SQL SECURITY DEFINER VIEW `getallpagestable`  AS SELECT `rel_user_types_menu_pages`.`id` AS `id_rel_user_types_menu_pages`, `menu_pages`.`id` AS `id_menu_pages`, `menu_pages`.`text` AS `text`, `menu_pages`.`parent_id` AS `parent_id`, `menu_pages`.`active` AS `active`, `menu_pages`.`fa_icon` AS `fa_icon`, `user_types`.`id` AS `id_user_types`, `user_types`.`type` AS `type`, `rel_user_types_menu_pages`.`order_by` AS `order_by` FROM ((`menu_pages` join `rel_user_types_menu_pages` on((`menu_pages`.`id` = `rel_user_types_menu_pages`.`id_menu_pages`))) join `user_types` on((`user_types`.`id` = `rel_user_types_menu_pages`.`id_user_types`)))  ;

-- --------------------------------------------------------

--
-- Struttura per vista `getlastalarmlogs`
--

CREATE ALGORITHM=UNDEFINED DEFINER=`root`@`%` SQL SECURITY DEFINER VIEW `getlastalarmlogs`  AS SELECT `alarm_logs`.`id` AS `id`, `alarm_logs`.`json_income` AS `json_income`, `alarm_logs`.`json_outcome` AS `json_outcome`, `alarm_logs`.`id_alarm_statuses` AS `id_alarm_statuses`, `alarm_logs`.`id_alarms` AS `id_alarms`, `alarm_logs`.`id_map_alarms` AS `id_map_alarms`, `alarm_logs`.`active` AS `active`, `alarm_logs`.`insert_date` AS `insert_date`, `alarm_logs`.`confirmation` AS `confirmation`, `alarm_logs`.`confirmation_date` AS `confirmation_date` FROM `alarm_logs` ORDER BY `alarm_logs`.`id` DESC LIMIT 0, 9223372036854775807  ;

-- --------------------------------------------------------

--
-- Struttura per vista `source_devices`
--

CREATE ALGORITHM=UNDEFINED DEFINER=`root`@`%` SQL SECURITY DEFINER VIEW `source_devices`  AS SELECT `devices`.`id` AS `id`, `devices`.`name` AS `name`, `devices`.`id_device_types` AS `id_device_types` FROM (`devices` join `device_types` on((`device_types`.`id` = `devices`.`id_device_types`))) WHERE (`device_types`.`modality` = 'source')  ;

-- --------------------------------------------------------

--
-- Struttura per vista `user_types_menu_pages`
--

CREATE ALGORITHM=UNDEFINED DEFINER=`root`@`%` SQL SECURITY DEFINER VIEW `user_types_menu_pages`  AS SELECT `rel_user_types_menu_pages`.`id` AS `id_rel_user_types_menu_pages`, `menu_pages`.`id` AS `id_menu_pages`, `menu_pages`.`text` AS `text`, `menu_pages`.`parent_id` AS `parent_id`, `menu_pages`.`active` AS `active`, `menu_pages`.`fa_icon` AS `fa_icon`, `menu_pages`.`word` AS `word`, `user_types`.`id` AS `id_user_types`, `user_types`.`type` AS `type`, `rel_user_types_menu_pages`.`order_by` AS `order_by` FROM ((`menu_pages` join `rel_user_types_menu_pages` on((`menu_pages`.`id` = `rel_user_types_menu_pages`.`id_menu_pages`))) join `user_types` on((`user_types`.`id` = `rel_user_types_menu_pages`.`id_user_types`))) WHERE (`menu_pages`.`active` = 1)  ;

--
-- Indici per le tabelle scaricate
--

--
-- Indici per le tabelle `access_events`
--
ALTER TABLE `access_events`
  ADD PRIMARY KEY (`id`);

--
-- Indici per le tabelle `activities`
--
ALTER TABLE `activities`
  ADD PRIMARY KEY (`id`),
  ADD KEY `active` (`active`),
  ADD KEY `name` (`name`);

--
-- Indici per le tabelle `alarms`
--
ALTER TABLE `alarms`
  ADD PRIMARY KEY (`id`);

--
-- Indici per le tabelle `alarm_audio_files`
--
ALTER TABLE `alarm_audio_files`
  ADD PRIMARY KEY (`id`),
  ADD KEY `id_alarm_texts` (`id_alarms`),
  ADD KEY `fileSource` (`source_file`);

--
-- Indici per le tabelle `alarm_extra_logs`
--
ALTER TABLE `alarm_extra_logs`
  ADD PRIMARY KEY (`id`),
  ADD KEY `id_alarm_logs` (`id_alarm_logs`),
  ADD KEY `id_contacts` (`id_contacts`);

--
-- Indici per le tabelle `alarm_logs`
--
ALTER TABLE `alarm_logs`
  ADD PRIMARY KEY (`id`),
  ADD KEY `id_alarms` (`id_alarms`),
  ADD KEY `id_alarm_statuses` (`id_alarm_statuses`),
  ADD KEY `id_map_alarms` (`id_map_alarms`),
  ADD KEY `insert_date` (`insert_date`),
  ADD KEY `active` (`active`);

--
-- Indici per le tabelle `alarm_statuses`
--
ALTER TABLE `alarm_statuses`
  ADD PRIMARY KEY (`id`);

--
-- Indici per le tabelle `alarm_types`
--
ALTER TABLE `alarm_types`
  ADD PRIMARY KEY (`id`),
  ADD KEY `type` (`type`);

--
-- Indici per le tabelle `appointments`
--
ALTER TABLE `appointments`
  ADD PRIMARY KEY (`id`),
  ADD KEY `id_users` (`id_users`),
  ADD KEY `type` (`type`),
  ADD KEY `code` (`code`),
  ADD KEY `called` (`called`);

--
-- Indici per le tabelle `appointment_persons`
--
ALTER TABLE `appointment_persons`
  ADD PRIMARY KEY (`id`),
  ADD KEY `active` (`active`),
  ADD KEY `id_appointments` (`id_appointments`),
  ADD KEY `appointment_code` (`appointment_code`);

--
-- Indici per le tabelle `appointment_person_movements`
--
ALTER TABLE `appointment_person_movements`
  ADD PRIMARY KEY (`id`),
  ADD KEY `id_totem_in` (`id_totem_in`),
  ADD KEY `id_totem_out` (`id_totem_out`),
  ADD KEY `id_appointment_persons` (`id_appointment_persons`);

--
-- Indici per le tabelle `app_alarm_notifications`
--
ALTER TABLE `app_alarm_notifications`
  ADD PRIMARY KEY (`id`),
  ADD KEY `id_alarm_logs` (`id_alarm_logs`),
  ADD KEY `id_app_users` (`id_app_users`),
  ADD KEY `id_app_names` (`id_app_names`),
  ADD KEY `id_devices` (`id_devices`),
  ADD KEY `id_contacts` (`id_contacts`);

--
-- Indici per le tabelle `app_keys`
--
ALTER TABLE `app_keys`
  ADD PRIMARY KEY (`id`),
  ADD KEY `id_app_names` (`id_app_names`),
  ADD KEY `provider` (`provider`);

--
-- Indici per le tabelle `app_names`
--
ALTER TABLE `app_names`
  ADD PRIMARY KEY (`id`),
  ADD KEY `name` (`name`);

--
-- Indici per le tabelle `app_names_users_nfc`
--
ALTER TABLE `app_names_users_nfc`
  ADD PRIMARY KEY (`id`),
  ADD KEY `id_app_names` (`id_app_names`),
  ADD KEY `id_app_users` (`id_app_users`),
  ADD KEY `id_devices_nfc` (`id_devices_nfc`);

--
-- Indici per le tabelle `app_users`
--
ALTER TABLE `app_users`
  ADD PRIMARY KEY (`id`),
  ADD KEY `username` (`username`);

--
-- Indici per le tabelle `app_user_pbx`
--
ALTER TABLE `app_user_pbx`
  ADD PRIMARY KEY (`id`),
  ADD KEY `id_app_users` (`id_app_users`),
  ADD KEY `id_app_names` (`id_app_names`),
  ADD KEY `user` (`user`);

--
-- Indici per le tabelle `app_user_sessions`
--
ALTER TABLE `app_user_sessions`
  ADD PRIMARY KEY (`id`),
  ADD KEY `id_app_users` (`id_app_users`),
  ADD KEY `id_app_names` (`id_app_names`),
  ADD KEY `token` (`token`),
  ADD KEY `registration_id` (`registration_id`),
  ADD KEY `uuid` (`uuid`);

--
-- Indici per le tabelle `app_user_types`
--
ALTER TABLE `app_user_types`
  ADD PRIMARY KEY (`id`),
  ADD KEY `type` (`type`);

--
-- Indici per le tabelle `app_user_type_aliases`
--
ALTER TABLE `app_user_type_aliases`
  ADD PRIMARY KEY (`id`),
  ADD KEY `id_app_names` (`id_app_names`),
  ADD KEY `id_app_user_types` (`id_app_user_types`),
  ADD KEY `alias` (`alias`);

--
-- Indici per le tabelle `app_zett_presences`
--
ALTER TABLE `app_zett_presences`
  ADD PRIMARY KEY (`id`);

--
-- Indici per le tabelle `areas`
--
ALTER TABLE `areas`
  ADD PRIMARY KEY (`id`);

--
-- Indici per le tabelle `area_coordinates`
--
ALTER TABLE `area_coordinates`
  ADD PRIMARY KEY (`id`),
  ADD KEY `id_area` (`id_area`),
  ADD KEY `name` (`name`),
  ADD KEY `point` (`point`);

--
-- Indici per le tabelle `area_details`
--
ALTER TABLE `area_details`
  ADD PRIMARY KEY (`id`);

--
-- Indici per le tabelle `auxiliary_alarms`
--
ALTER TABLE `auxiliary_alarms`
  ADD PRIMARY KEY (`id`);

--
-- Indici per le tabelle `auxiliary_datetimes`
--
ALTER TABLE `auxiliary_datetimes`
  ADD PRIMARY KEY (`dtkey`);

--
-- Indici per le tabelle `auxiliary_device_tracking`
--
ALTER TABLE `auxiliary_device_tracking`
  ADD PRIMARY KEY (`id`),
  ADD KEY `mac_dect` (`mac_dect`),
  ADD KEY `mac_ap` (`mac_ap`);

--
-- Indici per le tabelle `calls`
--
ALTER TABLE `calls`
  ADD PRIMARY KEY (`id`),
  ADD KEY `id_alarm_logs` (`id_alarm_logs`);

--
-- Indici per le tabelle `call_groups`
--
ALTER TABLE `call_groups`
  ADD PRIMARY KEY (`id`);

--
-- Indici per le tabelle `call_groups_modalities`
--
ALTER TABLE `call_groups_modalities`
  ADD PRIMARY KEY (`id`),
  ADD KEY `modality_name` (`modality_name`);

--
-- Indici per le tabelle `call_group_settings`
--
ALTER TABLE `call_group_settings`
  ADD PRIMARY KEY (`id`),
  ADD KEY `id_call_groups` (`id_call_groups`);

--
-- Indici per le tabelle `configurations`
--
ALTER TABLE `configurations`
  ADD PRIMARY KEY (`id`),
  ADD KEY `name_key` (`name_key`(255));

--
-- Indici per le tabelle `contacts`
--
ALTER TABLE `contacts`
  ADD PRIMARY KEY (`id`),
  ADD KEY `id_contact_types` (`id_contact_types`),
  ADD KEY `name` (`name`),
  ADD KEY `id_users` (`id_users`);

--
-- Indici per le tabelle `contact_types`
--
ALTER TABLE `contact_types`
  ADD PRIMARY KEY (`id`);

--
-- Indici per le tabelle `devices`
--
ALTER TABLE `devices`
  ADD PRIMARY KEY (`id`),
  ADD KEY `mac_address` (`mac_address`),
  ADD KEY `id_device_types` (`id_device_types`);

--
-- Indici per le tabelle `devices_location_control`
--
ALTER TABLE `devices_location_control`
  ADD PRIMARY KEY (`id`),
  ADD KEY `id_device_source` (`id_device_source`),
  ADD KEY `id_device_location` (`id_device_location`);

--
-- Indici per le tabelle `device_alarm_logs`
--
ALTER TABLE `device_alarm_logs`
  ADD PRIMARY KEY (`id`),
  ADD KEY `id_devices` (`id_devices`),
  ADD KEY `id_events` (`id_events`);

--
-- Indici per le tabelle `device_datetime_ref`
--
ALTER TABLE `device_datetime_ref`
  ADD PRIMARY KEY (`id`),
  ADD KEY `id_devices` (`id_devices`);

--
-- Indici per le tabelle `device_details`
--
ALTER TABLE `device_details`
  ADD PRIMARY KEY (`id`);

--
-- Indici per le tabelle `device_infos`
--
ALTER TABLE `device_infos`
  ADD PRIMARY KEY (`id`),
  ADD KEY `id_devices` (`id_devices`);

--
-- Indici per le tabelle `device_locations`
--
ALTER TABLE `device_locations`
  ADD PRIMARY KEY (`id`),
  ADD KEY `id_device_source` (`id_device_source`),
  ADD KEY `id_device_position` (`id_device_position`);

--
-- Indici per le tabelle `device_location_alarms`
--
ALTER TABLE `device_location_alarms`
  ADD PRIMARY KEY (`id`),
  ADD KEY `id_devices` (`id_devices`);

--
-- Indici per le tabelle `device_logs`
--
ALTER TABLE `device_logs`
  ADD PRIMARY KEY (`id`),
  ADD KEY `id_device` (`id_device`),
  ADD KEY `red` (`red`),
  ADD KEY `alarmed` (`alarmed`);

--
-- Indici per le tabelle `device_modalities`
--
ALTER TABLE `device_modalities`
  ADD PRIMARY KEY (`id`),
  ADD KEY `modality` (`modality`);

--
-- Indici per le tabelle `device_pending`
--
ALTER TABLE `device_pending`
  ADD PRIMARY KEY (`id`),
  ADD KEY `id_device` (`id_device`),
  ADD KEY `valid` (`valid`),
  ADD KEY `insert_time` (`insert_time`),
  ADD KEY `mac_address` (`mac_address`),
  ADD KEY `id_menu_pages` (`id_menu_pages`);

--
-- Indici per le tabelle `device_positions`
--
ALTER TABLE `device_positions`
  ADD PRIMARY KEY (`id`),
  ADD KEY `id_maps` (`id_indoor_maps`),
  ADD KEY `id_devices` (`id_devices`);

--
-- Indici per le tabelle `device_status`
--
ALTER TABLE `device_status`
  ADD PRIMARY KEY (`id`),
  ADD KEY `id_devices` (`id_devices`),
  ADD KEY `status_date` (`status_date`);

--
-- Indici per le tabelle `device_status_history`
--
ALTER TABLE `device_status_history`
  ADD PRIMARY KEY (`id`),
  ADD KEY `id_devices` (`id_devices`);

--
-- Indici per le tabelle `device_tracking`
--
ALTER TABLE `device_tracking`
  ADD PRIMARY KEY (`id`),
  ADD KEY `id_device_position` (`id_device_position`),
  ADD KEY `id_device_source` (`id_device_source`),
  ADD KEY `time` (`time`),
  ADD KEY `valid` (`valid`),
  ADD KEY `red` (`red`),
  ADD KEY `rssi` (`rssi`);

--
-- Indici per le tabelle `device_types`
--
ALTER TABLE `device_types`
  ADD PRIMARY KEY (`id`),
  ADD KEY `type` (`type`),
  ADD KEY `modality` (`modality`);

--
-- Indici per le tabelle `device_type_extra_texts`
--
ALTER TABLE `device_type_extra_texts`
  ADD PRIMARY KEY (`id`),
  ADD KEY `id_device_types` (`id_device_types`);

--
-- Indici per le tabelle `events`
--
ALTER TABLE `events`
  ADD PRIMARY KEY (`id`);

--
-- Indici per le tabelle `indoor_maps`
--
ALTER TABLE `indoor_maps`
  ADD PRIMARY KEY (`id`);

--
-- Indici per le tabelle `languages`
--
ALTER TABLE `languages`
  ADD PRIMARY KEY (`id`);

--
-- Indici per le tabelle `map_alarms`
--
ALTER TABLE `map_alarms`
  ADD PRIMARY KEY (`id`),
  ADD KEY `phone` (`phone`),
  ADD KEY `people` (`people`),
  ADD KEY `mac_beacon` (`mac_beacon`),
  ADD KEY `class` (`class`),
  ADD KEY `unique_code` (`unique_code`);

--
-- Indici per le tabelle `menu_pages`
--
ALTER TABLE `menu_pages`
  ADD PRIMARY KEY (`id`),
  ADD KEY `parent` (`parent_id`);

--
-- Indici per le tabelle `monitors`
--
ALTER TABLE `monitors`
  ADD PRIMARY KEY (`id`);

--
-- Indici per le tabelle `notification_sounds`
--
ALTER TABLE `notification_sounds`
  ADD PRIMARY KEY (`id`);

--
-- Indici per le tabelle `notification_types`
--
ALTER TABLE `notification_types`
  ADD PRIMARY KEY (`id`),
  ADD KEY `id_app_names` (`id_app_names`);

--
-- Indici per le tabelle `nurse_monitor_events`
--
ALTER TABLE `nurse_monitor_events`
  ADD PRIMARY KEY (`id`),
  ADD KEY `id_devices` (`id_devices`),
  ADD KEY `id_monitors` (`id_monitors`);

--
-- Indici per le tabelle `rel_alarms_alarm_types`
--
ALTER TABLE `rel_alarms_alarm_types`
  ADD PRIMARY KEY (`id`),
  ADD KEY `id_alarms` (`id_alarms`),
  ADD KEY `id_alarm_types` (`id_alarm_types`);

--
-- Indici per le tabelle `rel_alarms_map_alarms`
--
ALTER TABLE `rel_alarms_map_alarms`
  ADD PRIMARY KEY (`id`),
  ADD KEY `id_alarms` (`id_alarms`),
  ADD KEY `id_map_alarms` (`id_map_alarms`);

--
-- Indici per le tabelle `rel_app_name_app_users`
--
ALTER TABLE `rel_app_name_app_users`
  ADD PRIMARY KEY (`id`),
  ADD KEY `id_app_names` (`id_app_names`),
  ADD KEY `id_app_user_sessions` (`id_app_users`),
  ADD KEY `id_app_users` (`id_app_users`),
  ADD KEY `id_app_user_types` (`id_app_user_types`);

--
-- Indici per le tabelle `rel_app_users_activities`
--
ALTER TABLE `rel_app_users_activities`
  ADD PRIMARY KEY (`id`),
  ADD KEY `id_app_users` (`id_app_users`),
  ADD KEY `id_activities` (`id_activities`),
  ADD KEY `insert_time` (`insert_time`),
  ADD KEY `activity_token` (`activity_token`),
  ADD KEY `id_devices` (`id_devices`),
  ADD KEY `id_app_names` (`id_app_names`);

--
-- Indici per le tabelle `rel_app_users_tm_raw_events`
--
ALTER TABLE `rel_app_users_tm_raw_events`
  ADD PRIMARY KEY (`id`),
  ADD KEY `id_app_users` (`id_app_users`),
  ADD KEY `id_tm_raw_events` (`id_tm_raw_events`),
  ADD KEY `id_contacts` (`id_contacts`);

--
-- Indici per le tabelle `rel_areas_areas_details`
--
ALTER TABLE `rel_areas_areas_details`
  ADD PRIMARY KEY (`id`),
  ADD KEY `id_areas` (`id_areas`),
  ADD KEY `id_area_details` (`id_area_details`);

--
-- Indici per le tabelle `rel_areas_devices`
--
ALTER TABLE `rel_areas_devices`
  ADD PRIMARY KEY (`id`),
  ADD KEY `id_device` (`id_device`),
  ADD KEY `id_area` (`id_area`);

--
-- Indici per le tabelle `rel_call_groups_alarms`
--
ALTER TABLE `rel_call_groups_alarms`
  ADD PRIMARY KEY (`id`),
  ADD KEY `id_time_groups` (`id_call_groups`),
  ADD KEY `id_alarms` (`id_alarms`);

--
-- Indici per le tabelle `rel_call_groups_call_groups_modalities`
--
ALTER TABLE `rel_call_groups_call_groups_modalities`
  ADD PRIMARY KEY (`id`),
  ADD KEY `id_call_groups` (`id_call_groups`),
  ADD KEY `id_call_groups_modalities` (`id_call_groups_modalities`);

--
-- Indici per le tabelle `rel_call_groups_tm_raw_events`
--
ALTER TABLE `rel_call_groups_tm_raw_events`
  ADD PRIMARY KEY (`id`),
  ADD KEY `id_call_groups` (`id_call_groups`),
  ADD KEY `id_tm_raw_events` (`id_tm_raw_events`);

--
-- Indici per le tabelle `rel_contacts_alarm_logs`
--
ALTER TABLE `rel_contacts_alarm_logs`
  ADD PRIMARY KEY (`id`),
  ADD KEY `id_alarm_logs` (`id_alarm_logs`),
  ADD KEY `id_contacts` (`id_contacts`);

--
-- Indici per le tabelle `rel_contacts_call_groups`
--
ALTER TABLE `rel_contacts_call_groups`
  ADD PRIMARY KEY (`id`),
  ADD KEY `id_contacts` (`id_contacts`),
  ADD KEY `id_time_groups` (`id_call_groups`);

--
-- Indici per le tabelle `rel_devices_alarms`
--
ALTER TABLE `rel_devices_alarms`
  ADD PRIMARY KEY (`id`),
  ADD KEY `id_devices` (`id_devices`),
  ADD KEY `id_alarms` (`id_alarms`);

--
-- Indici per le tabelle `rel_devices_call_groups`
--
ALTER TABLE `rel_devices_call_groups`
  ADD PRIMARY KEY (`id`),
  ADD KEY `id_devices` (`id_devices`),
  ADD KEY `id_call_groups` (`id_call_groups`),
  ADD KEY `id_device_position` (`id_device_positions`);

--
-- Indici per le tabelle `rel_devices_devices`
--
ALTER TABLE `rel_devices_devices`
  ADD PRIMARY KEY (`id`),
  ADD KEY `id_device_parent` (`id_device_parent`),
  ADD KEY `id_device_son` (`id_device_son`),
  ADD KEY `rel_type` (`rel_type`);

--
-- Indici per le tabelle `rel_devices_device_details`
--
ALTER TABLE `rel_devices_device_details`
  ADD PRIMARY KEY (`id`),
  ADD KEY `id_devices` (`id_devices`),
  ADD KEY `id_device_details` (`id_device_details`);

--
-- Indici per le tabelle `rel_devices_device_modalities`
--
ALTER TABLE `rel_devices_device_modalities`
  ADD PRIMARY KEY (`id`),
  ADD KEY `id_devices` (`id_devices`),
  ADD KEY `id_device_ways` (`id_device_modalities`),
  ADD KEY `id_parent_devices` (`id_parent_devices`);

--
-- Indici per le tabelle `rel_devices_menu_pages`
--
ALTER TABLE `rel_devices_menu_pages`
  ADD PRIMARY KEY (`id`),
  ADD KEY `id_devices` (`id_devices`),
  ADD KEY `id_menu_pages` (`id_menu_pages`);

--
-- Indici per le tabelle `rel_device_types_alarm_types`
--
ALTER TABLE `rel_device_types_alarm_types`
  ADD PRIMARY KEY (`id`),
  ADD KEY `id_device_types` (`id_device_types`),
  ADD KEY `id_alarm_types` (`id_alarm_types`);

--
-- Indici per le tabelle `rel_events_alarm_logs`
--
ALTER TABLE `rel_events_alarm_logs`
  ADD PRIMARY KEY (`id`),
  ADD KEY `id_events` (`id_events`),
  ADD KEY `id_alarm_logs` (`id_alarm_logs`);

--
-- Indici per le tabelle `rel_notification_sounds_notification_types`
--
ALTER TABLE `rel_notification_sounds_notification_types`
  ADD PRIMARY KEY (`id`),
  ADD KEY `id_notification_sounds` (`id_notification_sounds`),
  ADD KEY `id_notification_types` (`id_notification_types`);

--
-- Indici per le tabelle `rel_sessions_web_notifications`
--
ALTER TABLE `rel_sessions_web_notifications`
  ADD PRIMARY KEY (`id`),
  ADD KEY `id_sessions` (`id_sessions`),
  ADD KEY `id_web_notifications` (`id_web_notifications`),
  ADD KEY `red` (`red`);

--
-- Indici per le tabelle `rel_troubles_alarm_logs`
--
ALTER TABLE `rel_troubles_alarm_logs`
  ADD PRIMARY KEY (`id`),
  ADD KEY `id_troubles` (`id_troubles`),
  ADD KEY `id_alarm_logs` (`id_alarm_logs`);

--
-- Indici per le tabelle `rel_users_contacts`
--
ALTER TABLE `rel_users_contacts`
  ADD PRIMARY KEY (`id`),
  ADD KEY `id_users` (`id_users`),
  ADD KEY `id_contacts` (`id_contacts`);

--
-- Indici per le tabelle `rel_users_user_details`
--
ALTER TABLE `rel_users_user_details`
  ADD PRIMARY KEY (`id`),
  ADD KEY `id_users` (`id_users`),
  ADD KEY `id_user_details` (`id_user_details`);

--
-- Indici per le tabelle `rel_user_types_menu_pages`
--
ALTER TABLE `rel_user_types_menu_pages`
  ADD PRIMARY KEY (`id`),
  ADD KEY `id_user_types` (`id_user_types`),
  ADD KEY `id_menu_pages` (`id_menu_pages`);

--
-- Indici per le tabelle `repeating_alarms`
--
ALTER TABLE `repeating_alarms`
  ADD PRIMARY KEY (`id`),
  ADD KEY `id_devices` (`id_devices`);

--
-- Indici per le tabelle `sensor_data`
--
ALTER TABLE `sensor_data`
  ADD PRIMARY KEY (`id`),
  ADD KEY `id_devices` (`id_devices`);

--
-- Indici per le tabelle `sensor_inputs`
--
ALTER TABLE `sensor_inputs`
  ADD PRIMARY KEY (`id`);

--
-- Indici per le tabelle `service_licenses`
--
ALTER TABLE `service_licenses`
  ADD PRIMARY KEY (`id`);

--
-- Indici per le tabelle `service_strings`
--
ALTER TABLE `service_strings`
  ADD KEY `insert_time` (`insert_time`,`type`);

--
-- Indici per le tabelle `sessions`
--
ALTER TABLE `sessions`
  ADD PRIMARY KEY (`id`),
  ADD KEY `id_users` (`id_users`),
  ADD KEY `token` (`token`);

--
-- Indici per le tabelle `settings`
--
ALTER TABLE `settings`
  ADD PRIMARY KEY (`field_name`);

--
-- Indici per le tabelle `sms`
--
ALTER TABLE `sms`
  ADD PRIMARY KEY (`id`),
  ADD KEY `number` (`number`),
  ADD KEY `insert_date` (`insert_date`),
  ADD KEY `sent_date` (`sent_date`),
  ADD KEY `msg_type` (`msg_type`),
  ADD KEY `id_users` (`id_users`),
  ADD KEY `id_alarm_logs` (`id_alarm_logs`);

--
-- Indici per le tabelle `sms_received`
--
ALTER TABLE `sms_received`
  ADD PRIMARY KEY (`id`);

--
-- Indici per le tabelle `states`
--
ALTER TABLE `states`
  ADD PRIMARY KEY (`id`),
  ADD KEY `PRIMARY_KEY` (`id`);

--
-- Indici per le tabelle `string_internal_pbx`
--
ALTER TABLE `string_internal_pbx`
  ADD PRIMARY KEY (`id`),
  ADD KEY `internal` (`internal`),
  ADD KEY `string` (`string`);

--
-- Indici per le tabelle `time_conditions`
--
ALTER TABLE `time_conditions`
  ADD PRIMARY KEY (`id`),
  ADD KEY `id_week_days` (`id_week_days`),
  ADD KEY `id_time_groups` (`id_call_groups`);

--
-- Indici per le tabelle `tm_raw_events`
--
ALTER TABLE `tm_raw_events`
  ADD PRIMARY KEY (`id`),
  ADD KEY `deviceID` (`deviceID`),
  ADD KEY `code` (`code`),
  ADD KEY `action` (`status`),
  ADD KEY `status` (`status`),
  ADD KEY `id_tm_raw_events` (`id_tm_raw_events`),
  ADD KEY `id_events` (`id_events`);

--
-- Indici per le tabelle `tm_raw_watchdog`
--
ALTER TABLE `tm_raw_watchdog`
  ADD PRIMARY KEY (`id`),
  ADD KEY `deviceID` (`deviceID`),
  ADD KEY `code` (`code`);

--
-- Indici per le tabelle `totem_status`
--
ALTER TABLE `totem_status`
  ADD PRIMARY KEY (`id`);

--
-- Indici per le tabelle `translations`
--
ALTER TABLE `translations`
  ADD PRIMARY KEY (`id`);

--
-- Indici per le tabelle `troubles`
--
ALTER TABLE `troubles`
  ADD PRIMARY KEY (`id`);

--
-- Indici per le tabelle `users`
--
ALTER TABLE `users`
  ADD PRIMARY KEY (`id`),
  ADD KEY `id_user_types` (`id_user_types`),
  ADD KEY `email` (`email`);

--
-- Indici per le tabelle `user_details`
--
ALTER TABLE `user_details`
  ADD PRIMARY KEY (`id`);

--
-- Indici per le tabelle `user_types`
--
ALTER TABLE `user_types`
  ADD PRIMARY KEY (`id`),
  ADD KEY `type` (`type`);

--
-- Indici per le tabelle `waiting_alarms`
--
ALTER TABLE `waiting_alarms`
  ADD PRIMARY KEY (`id`),
  ADD KEY `id_events` (`id_events`);

--
-- Indici per le tabelle `web_notifications`
--
ALTER TABLE `web_notifications`
  ADD PRIMARY KEY (`id`),
  ADD KEY `insert_time` (`insert_time`),
  ADD KEY `title` (`title`),
  ADD KEY `modal` (`modal`),
  ADD KEY `page` (`page`);

--
-- Indici per le tabelle `week_days`
--
ALTER TABLE `week_days`
  ADD PRIMARY KEY (`id`),
  ADD KEY `name` (`name`);

--
-- AUTO_INCREMENT per le tabelle scaricate
--

--
-- AUTO_INCREMENT per la tabella `access_events`
--
ALTER TABLE `access_events`
  MODIFY `id` bigint(20) NOT NULL AUTO_INCREMENT;

--
-- AUTO_INCREMENT per la tabella `activities`
--
ALTER TABLE `activities`
  MODIFY `id` bigint(20) NOT NULL AUTO_INCREMENT;

--
-- AUTO_INCREMENT per la tabella `alarms`
--
ALTER TABLE `alarms`
  MODIFY `id` bigint(20) NOT NULL AUTO_INCREMENT;

--
-- AUTO_INCREMENT per la tabella `alarm_audio_files`
--
ALTER TABLE `alarm_audio_files`
  MODIFY `id` bigint(20) NOT NULL AUTO_INCREMENT;

--
-- AUTO_INCREMENT per la tabella `alarm_extra_logs`
--
ALTER TABLE `alarm_extra_logs`
  MODIFY `id` bigint(20) NOT NULL AUTO_INCREMENT;

--
-- AUTO_INCREMENT per la tabella `alarm_logs`
--
ALTER TABLE `alarm_logs`
  MODIFY `id` bigint(20) NOT NULL AUTO_INCREMENT;

--
-- AUTO_INCREMENT per la tabella `alarm_statuses`
--
ALTER TABLE `alarm_statuses`
  MODIFY `id` bigint(20) NOT NULL AUTO_INCREMENT, AUTO_INCREMENT=8;

--
-- AUTO_INCREMENT per la tabella `alarm_types`
--
ALTER TABLE `alarm_types`
  MODIFY `id` bigint(20) NOT NULL AUTO_INCREMENT;

--
-- AUTO_INCREMENT per la tabella `appointments`
--
ALTER TABLE `appointments`
  MODIFY `id` bigint(20) NOT NULL AUTO_INCREMENT;

--
-- AUTO_INCREMENT per la tabella `appointment_persons`
--
ALTER TABLE `appointment_persons`
  MODIFY `id` bigint(20) NOT NULL AUTO_INCREMENT;

--
-- AUTO_INCREMENT per la tabella `appointment_person_movements`
--
ALTER TABLE `appointment_person_movements`
  MODIFY `id` bigint(20) NOT NULL AUTO_INCREMENT;

--
-- AUTO_INCREMENT per la tabella `app_alarm_notifications`
--
ALTER TABLE `app_alarm_notifications`
  MODIFY `id` bigint(20) NOT NULL AUTO_INCREMENT;

--
-- AUTO_INCREMENT per la tabella `app_keys`
--
ALTER TABLE `app_keys`
  MODIFY `id` bigint(20) NOT NULL AUTO_INCREMENT, AUTO_INCREMENT=4;

--
-- AUTO_INCREMENT per la tabella `app_names`
--
ALTER TABLE `app_names`
  MODIFY `id` bigint(20) NOT NULL AUTO_INCREMENT, AUTO_INCREMENT=10;

--
-- AUTO_INCREMENT per la tabella `app_names_users_nfc`
--
ALTER TABLE `app_names_users_nfc`
  MODIFY `id` bigint(20) NOT NULL AUTO_INCREMENT;

--
-- AUTO_INCREMENT per la tabella `app_users`
--
ALTER TABLE `app_users`
  MODIFY `id` bigint(20) NOT NULL AUTO_INCREMENT, AUTO_INCREMENT=8;

--
-- AUTO_INCREMENT per la tabella `app_user_pbx`
--
ALTER TABLE `app_user_pbx`
  MODIFY `id` int(11) NOT NULL AUTO_INCREMENT;

--
-- AUTO_INCREMENT per la tabella `app_user_sessions`
--
ALTER TABLE `app_user_sessions`
  MODIFY `id` bigint(20) NOT NULL AUTO_INCREMENT;

--
-- AUTO_INCREMENT per la tabella `app_user_types`
--
ALTER TABLE `app_user_types`
  MODIFY `id` bigint(20) NOT NULL AUTO_INCREMENT, AUTO_INCREMENT=16;

--
-- AUTO_INCREMENT per la tabella `app_user_type_aliases`
--
ALTER TABLE `app_user_type_aliases`
  MODIFY `id` bigint(20) NOT NULL AUTO_INCREMENT, AUTO_INCREMENT=4;

--
-- AUTO_INCREMENT per la tabella `app_zett_presences`
--
ALTER TABLE `app_zett_presences`
  MODIFY `id` bigint(20) NOT NULL AUTO_INCREMENT;

--
-- AUTO_INCREMENT per la tabella `areas`
--
ALTER TABLE `areas`
  MODIFY `id` bigint(20) NOT NULL AUTO_INCREMENT;

--
-- AUTO_INCREMENT per la tabella `area_coordinates`
--
ALTER TABLE `area_coordinates`
  MODIFY `id` bigint(20) NOT NULL AUTO_INCREMENT;

--
-- AUTO_INCREMENT per la tabella `area_details`
--
ALTER TABLE `area_details`
  MODIFY `id` bigint(20) NOT NULL AUTO_INCREMENT;

--
-- AUTO_INCREMENT per la tabella `auxiliary_alarms`
--
ALTER TABLE `auxiliary_alarms`
  MODIFY `id` bigint(20) NOT NULL AUTO_INCREMENT;

--
-- AUTO_INCREMENT per la tabella `auxiliary_device_tracking`
--
ALTER TABLE `auxiliary_device_tracking`
  MODIFY `id` bigint(20) NOT NULL AUTO_INCREMENT;

--
-- AUTO_INCREMENT per la tabella `calls`
--
ALTER TABLE `calls`
  MODIFY `id` bigint(20) NOT NULL AUTO_INCREMENT;

--
-- AUTO_INCREMENT per la tabella `call_groups`
--
ALTER TABLE `call_groups`
  MODIFY `id` bigint(20) NOT NULL AUTO_INCREMENT, AUTO_INCREMENT=3;

--
-- AUTO_INCREMENT per la tabella `call_groups_modalities`
--
ALTER TABLE `call_groups_modalities`
  MODIFY `id` bigint(20) NOT NULL AUTO_INCREMENT, AUTO_INCREMENT=4;

--
-- AUTO_INCREMENT per la tabella `call_group_settings`
--
ALTER TABLE `call_group_settings`
  MODIFY `id` bigint(20) NOT NULL AUTO_INCREMENT, AUTO_INCREMENT=3;

--
-- AUTO_INCREMENT per la tabella `configurations`
--
ALTER TABLE `configurations`
  MODIFY `id` bigint(20) NOT NULL AUTO_INCREMENT, AUTO_INCREMENT=776;

--
-- AUTO_INCREMENT per la tabella `contacts`
--
ALTER TABLE `contacts`
  MODIFY `id` bigint(20) NOT NULL AUTO_INCREMENT, AUTO_INCREMENT=5;

--
-- AUTO_INCREMENT per la tabella `contact_types`
--
ALTER TABLE `contact_types`
  MODIFY `id` bigint(20) NOT NULL AUTO_INCREMENT, AUTO_INCREMENT=96;

--
-- AUTO_INCREMENT per la tabella `devices`
--
ALTER TABLE `devices`
  MODIFY `id` bigint(20) NOT NULL AUTO_INCREMENT, AUTO_INCREMENT=105;

--
-- AUTO_INCREMENT per la tabella `devices_location_control`
--
ALTER TABLE `devices_location_control`
  MODIFY `id` bigint(20) NOT NULL AUTO_INCREMENT;

--
-- AUTO_INCREMENT per la tabella `device_alarm_logs`
--
ALTER TABLE `device_alarm_logs`
  MODIFY `id` bigint(20) NOT NULL AUTO_INCREMENT;

--
-- AUTO_INCREMENT per la tabella `device_datetime_ref`
--
ALTER TABLE `device_datetime_ref`
  MODIFY `id` bigint(20) NOT NULL AUTO_INCREMENT;

--
-- AUTO_INCREMENT per la tabella `device_details`
--
ALTER TABLE `device_details`
  MODIFY `id` bigint(20) NOT NULL AUTO_INCREMENT;

--
-- AUTO_INCREMENT per la tabella `device_infos`
--
ALTER TABLE `device_infos`
  MODIFY `id` bigint(20) NOT NULL AUTO_INCREMENT, AUTO_INCREMENT=14;

--
-- AUTO_INCREMENT per la tabella `device_locations`
--
ALTER TABLE `device_locations`
  MODIFY `id` bigint(20) NOT NULL AUTO_INCREMENT;

--
-- AUTO_INCREMENT per la tabella `device_location_alarms`
--
ALTER TABLE `device_location_alarms`
  MODIFY `id` bigint(20) NOT NULL AUTO_INCREMENT;

--
-- AUTO_INCREMENT per la tabella `device_logs`
--
ALTER TABLE `device_logs`
  MODIFY `id` bigint(20) NOT NULL AUTO_INCREMENT;

--
-- AUTO_INCREMENT per la tabella `device_modalities`
--
ALTER TABLE `device_modalities`
  MODIFY `id` bigint(20) NOT NULL AUTO_INCREMENT, AUTO_INCREMENT=12;

--
-- AUTO_INCREMENT per la tabella `device_pending`
--
ALTER TABLE `device_pending`
  MODIFY `id` bigint(20) NOT NULL AUTO_INCREMENT;

--
-- AUTO_INCREMENT per la tabella `device_positions`
--
ALTER TABLE `device_positions`
  MODIFY `id` bigint(20) NOT NULL AUTO_INCREMENT;

--
-- AUTO_INCREMENT per la tabella `device_status`
--
ALTER TABLE `device_status`
  MODIFY `id` bigint(20) NOT NULL AUTO_INCREMENT;

--
-- AUTO_INCREMENT per la tabella `device_status_history`
--
ALTER TABLE `device_status_history`
  MODIFY `id` bigint(20) NOT NULL AUTO_INCREMENT;

--
-- AUTO_INCREMENT per la tabella `device_tracking`
--
ALTER TABLE `device_tracking`
  MODIFY `id` bigint(20) NOT NULL AUTO_INCREMENT;

--
-- AUTO_INCREMENT per la tabella `device_types`
--
ALTER TABLE `device_types`
  MODIFY `id` bigint(20) NOT NULL AUTO_INCREMENT, AUTO_INCREMENT=47;

--
-- AUTO_INCREMENT per la tabella `device_type_extra_texts`
--
ALTER TABLE `device_type_extra_texts`
  MODIFY `id` bigint(20) NOT NULL AUTO_INCREMENT;

--
-- AUTO_INCREMENT per la tabella `events`
--
ALTER TABLE `events`
  MODIFY `id` bigint(20) NOT NULL AUTO_INCREMENT;

--
-- AUTO_INCREMENT per la tabella `indoor_maps`
--
ALTER TABLE `indoor_maps`
  MODIFY `id` bigint(20) NOT NULL AUTO_INCREMENT;

--
-- AUTO_INCREMENT per la tabella `languages`
--
ALTER TABLE `languages`
  MODIFY `id` bigint(20) NOT NULL AUTO_INCREMENT, AUTO_INCREMENT=3;

--
-- AUTO_INCREMENT per la tabella `map_alarms`
--
ALTER TABLE `map_alarms`
  MODIFY `id` bigint(20) NOT NULL AUTO_INCREMENT;

--
-- AUTO_INCREMENT per la tabella `monitors`
--
ALTER TABLE `monitors`
  MODIFY `id` bigint(20) NOT NULL AUTO_INCREMENT;

--
-- AUTO_INCREMENT per la tabella `notification_sounds`
--
ALTER TABLE `notification_sounds`
  MODIFY `id` bigint(20) NOT NULL AUTO_INCREMENT, AUTO_INCREMENT=16;

--
-- AUTO_INCREMENT per la tabella `notification_types`
--
ALTER TABLE `notification_types`
  MODIFY `id` bigint(20) NOT NULL AUTO_INCREMENT, AUTO_INCREMENT=20;

--
-- AUTO_INCREMENT per la tabella `nurse_monitor_events`
--
ALTER TABLE `nurse_monitor_events`
  MODIFY `id` bigint(20) NOT NULL AUTO_INCREMENT;

--
-- AUTO_INCREMENT per la tabella `rel_alarms_alarm_types`
--
ALTER TABLE `rel_alarms_alarm_types`
  MODIFY `id` bigint(20) NOT NULL AUTO_INCREMENT;

--
-- AUTO_INCREMENT per la tabella `rel_alarms_map_alarms`
--
ALTER TABLE `rel_alarms_map_alarms`
  MODIFY `id` bigint(20) NOT NULL AUTO_INCREMENT;

--
-- AUTO_INCREMENT per la tabella `rel_app_name_app_users`
--
ALTER TABLE `rel_app_name_app_users`
  MODIFY `id` bigint(20) NOT NULL AUTO_INCREMENT, AUTO_INCREMENT=9;

--
-- AUTO_INCREMENT per la tabella `rel_app_users_activities`
--
ALTER TABLE `rel_app_users_activities`
  MODIFY `id` bigint(20) NOT NULL AUTO_INCREMENT;

--
-- AUTO_INCREMENT per la tabella `rel_app_users_tm_raw_events`
--
ALTER TABLE `rel_app_users_tm_raw_events`
  MODIFY `id` bigint(20) NOT NULL AUTO_INCREMENT;

--
-- AUTO_INCREMENT per la tabella `rel_areas_areas_details`
--
ALTER TABLE `rel_areas_areas_details`
  MODIFY `id` bigint(20) NOT NULL AUTO_INCREMENT;

--
-- AUTO_INCREMENT per la tabella `rel_areas_devices`
--
ALTER TABLE `rel_areas_devices`
  MODIFY `id` bigint(20) NOT NULL AUTO_INCREMENT;

--
-- AUTO_INCREMENT per la tabella `rel_call_groups_alarms`
--
ALTER TABLE `rel_call_groups_alarms`
  MODIFY `id` bigint(20) NOT NULL AUTO_INCREMENT;

--
-- AUTO_INCREMENT per la tabella `rel_call_groups_call_groups_modalities`
--
ALTER TABLE `rel_call_groups_call_groups_modalities`
  MODIFY `id` bigint(20) NOT NULL AUTO_INCREMENT, AUTO_INCREMENT=3;

--
-- AUTO_INCREMENT per la tabella `rel_call_groups_tm_raw_events`
--
ALTER TABLE `rel_call_groups_tm_raw_events`
  MODIFY `id` bigint(20) NOT NULL AUTO_INCREMENT;

--
-- AUTO_INCREMENT per la tabella `rel_contacts_alarm_logs`
--
ALTER TABLE `rel_contacts_alarm_logs`
  MODIFY `id` bigint(20) NOT NULL AUTO_INCREMENT;

--
-- AUTO_INCREMENT per la tabella `rel_contacts_call_groups`
--
ALTER TABLE `rel_contacts_call_groups`
  MODIFY `id` bigint(20) NOT NULL AUTO_INCREMENT, AUTO_INCREMENT=5;

--
-- AUTO_INCREMENT per la tabella `rel_devices_alarms`
--
ALTER TABLE `rel_devices_alarms`
  MODIFY `id` bigint(20) NOT NULL AUTO_INCREMENT;

--
-- AUTO_INCREMENT per la tabella `rel_devices_call_groups`
--
ALTER TABLE `rel_devices_call_groups`
  MODIFY `id` bigint(20) NOT NULL AUTO_INCREMENT, AUTO_INCREMENT=105;

--
-- AUTO_INCREMENT per la tabella `rel_devices_devices`
--
ALTER TABLE `rel_devices_devices`
  MODIFY `id` bigint(20) NOT NULL AUTO_INCREMENT;

--
-- AUTO_INCREMENT per la tabella `rel_devices_device_details`
--
ALTER TABLE `rel_devices_device_details`
  MODIFY `id` bigint(20) NOT NULL AUTO_INCREMENT;

--
-- AUTO_INCREMENT per la tabella `rel_devices_device_modalities`
--
ALTER TABLE `rel_devices_device_modalities`
  MODIFY `id` bigint(20) NOT NULL AUTO_INCREMENT;

--
-- AUTO_INCREMENT per la tabella `rel_devices_menu_pages`
--
ALTER TABLE `rel_devices_menu_pages`
  MODIFY `id` bigint(20) NOT NULL AUTO_INCREMENT;

--
-- AUTO_INCREMENT per la tabella `rel_device_types_alarm_types`
--
ALTER TABLE `rel_device_types_alarm_types`
  MODIFY `id` bigint(20) NOT NULL AUTO_INCREMENT;

--
-- AUTO_INCREMENT per la tabella `rel_events_alarm_logs`
--
ALTER TABLE `rel_events_alarm_logs`
  MODIFY `id` bigint(20) NOT NULL AUTO_INCREMENT;

--
-- AUTO_INCREMENT per la tabella `rel_notification_sounds_notification_types`
--
ALTER TABLE `rel_notification_sounds_notification_types`
  MODIFY `id` bigint(20) NOT NULL AUTO_INCREMENT;

--
-- AUTO_INCREMENT per la tabella `rel_sessions_web_notifications`
--
ALTER TABLE `rel_sessions_web_notifications`
  MODIFY `id` bigint(20) NOT NULL AUTO_INCREMENT;

--
-- AUTO_INCREMENT per la tabella `rel_troubles_alarm_logs`
--
ALTER TABLE `rel_troubles_alarm_logs`
  MODIFY `id` bigint(20) NOT NULL AUTO_INCREMENT;

--
-- AUTO_INCREMENT per la tabella `rel_users_contacts`
--
ALTER TABLE `rel_users_contacts`
  MODIFY `id` bigint(20) NOT NULL AUTO_INCREMENT;

--
-- AUTO_INCREMENT per la tabella `rel_users_user_details`
--
ALTER TABLE `rel_users_user_details`
  MODIFY `id` bigint(20) NOT NULL AUTO_INCREMENT;

--
-- AUTO_INCREMENT per la tabella `rel_user_types_menu_pages`
--
ALTER TABLE `rel_user_types_menu_pages`
  MODIFY `id` bigint(20) NOT NULL AUTO_INCREMENT, AUTO_INCREMENT=369;

--
-- AUTO_INCREMENT per la tabella `repeating_alarms`
--
ALTER TABLE `repeating_alarms`
  MODIFY `id` bigint(20) NOT NULL AUTO_INCREMENT;

--
-- AUTO_INCREMENT per la tabella `sensor_data`
--
ALTER TABLE `sensor_data`
  MODIFY `id` bigint(20) NOT NULL AUTO_INCREMENT;

--
-- AUTO_INCREMENT per la tabella `sensor_inputs`
--
ALTER TABLE `sensor_inputs`
  MODIFY `id` bigint(20) NOT NULL AUTO_INCREMENT;

--
-- AUTO_INCREMENT per la tabella `service_licenses`
--
ALTER TABLE `service_licenses`
  MODIFY `id` bigint(20) NOT NULL AUTO_INCREMENT, AUTO_INCREMENT=2;

--
-- AUTO_INCREMENT per la tabella `sessions`
--
ALTER TABLE `sessions`
  MODIFY `id` bigint(20) NOT NULL AUTO_INCREMENT;

--
-- AUTO_INCREMENT per la tabella `sms`
--
ALTER TABLE `sms`
  MODIFY `id` bigint(20) NOT NULL AUTO_INCREMENT;

--
-- AUTO_INCREMENT per la tabella `sms_received`
--
ALTER TABLE `sms_received`
  MODIFY `id` bigint(20) NOT NULL AUTO_INCREMENT;

--
-- AUTO_INCREMENT per la tabella `states`
--
ALTER TABLE `states`
  MODIFY `id` bigint(20) NOT NULL AUTO_INCREMENT, AUTO_INCREMENT=251;

--
-- AUTO_INCREMENT per la tabella `string_internal_pbx`
--
ALTER TABLE `string_internal_pbx`
  MODIFY `id` bigint(20) NOT NULL AUTO_INCREMENT;

--
-- AUTO_INCREMENT per la tabella `time_conditions`
--
ALTER TABLE `time_conditions`
  MODIFY `id` bigint(20) NOT NULL AUTO_INCREMENT, AUTO_INCREMENT=15;

--
-- AUTO_INCREMENT per la tabella `tm_raw_events`
--
ALTER TABLE `tm_raw_events`
  MODIFY `id` bigint(20) NOT NULL AUTO_INCREMENT;

--
-- AUTO_INCREMENT per la tabella `tm_raw_watchdog`
--
ALTER TABLE `tm_raw_watchdog`
  MODIFY `id` bigint(20) NOT NULL AUTO_INCREMENT;

--
-- AUTO_INCREMENT per la tabella `totem_status`
--
ALTER TABLE `totem_status`
  MODIFY `id` bigint(20) NOT NULL AUTO_INCREMENT, AUTO_INCREMENT=3;

--
-- AUTO_INCREMENT per la tabella `translations`
--
ALTER TABLE `translations`
  MODIFY `id` bigint(20) NOT NULL AUTO_INCREMENT;

--
-- AUTO_INCREMENT per la tabella `troubles`
--
ALTER TABLE `troubles`
  MODIFY `id` bigint(20) NOT NULL AUTO_INCREMENT;

--
-- AUTO_INCREMENT per la tabella `users`
--
ALTER TABLE `users`
  MODIFY `id` bigint(20) NOT NULL AUTO_INCREMENT, AUTO_INCREMENT=7;

--
-- AUTO_INCREMENT per la tabella `user_details`
--
ALTER TABLE `user_details`
  MODIFY `id` bigint(20) NOT NULL AUTO_INCREMENT;

--
-- AUTO_INCREMENT per la tabella `user_types`
--
ALTER TABLE `user_types`
  MODIFY `id` bigint(20) NOT NULL AUTO_INCREMENT, AUTO_INCREMENT=13;

--
-- AUTO_INCREMENT per la tabella `waiting_alarms`
--
ALTER TABLE `waiting_alarms`
  MODIFY `id` bigint(20) NOT NULL AUTO_INCREMENT;

--
-- AUTO_INCREMENT per la tabella `web_notifications`
--
ALTER TABLE `web_notifications`
  MODIFY `id` bigint(20) NOT NULL AUTO_INCREMENT;

--
-- AUTO_INCREMENT per la tabella `week_days`
--
ALTER TABLE `week_days`
  MODIFY `id` bigint(20) NOT NULL AUTO_INCREMENT, AUTO_INCREMENT=8;

--
-- Limiti per le tabelle scaricate
--

--
-- Limiti per la tabella `alarm_audio_files`
--
ALTER TABLE `alarm_audio_files`
  ADD CONSTRAINT `alarm_audio_files_ibfk_1` FOREIGN KEY (`id_alarms`) REFERENCES `alarms` (`id`);

--
-- Limiti per la tabella `alarm_extra_logs`
--
ALTER TABLE `alarm_extra_logs`
  ADD CONSTRAINT `alarm_extra_logs_ibfk_1` FOREIGN KEY (`id_alarm_logs`) REFERENCES `alarm_logs` (`id`),
  ADD CONSTRAINT `alarm_extra_logs_ibfk_2` FOREIGN KEY (`id_contacts`) REFERENCES `contacts` (`id`);

--
-- Limiti per la tabella `alarm_logs`
--
ALTER TABLE `alarm_logs`
  ADD CONSTRAINT `alarm_logs_ibfk_1` FOREIGN KEY (`id_alarm_statuses`) REFERENCES `alarm_statuses` (`id`),
  ADD CONSTRAINT `alarm_logs_ibfk_2` FOREIGN KEY (`id_alarms`) REFERENCES `alarms` (`id`),
  ADD CONSTRAINT `alarm_logs_ibfk_3` FOREIGN KEY (`id_map_alarms`) REFERENCES `map_alarms` (`id`);

--
-- Limiti per la tabella `appointment_persons`
--
ALTER TABLE `appointment_persons`
  ADD CONSTRAINT `appointment_persons_ibfk_1` FOREIGN KEY (`id_appointments`) REFERENCES `appointments` (`id`);

--
-- Limiti per la tabella `app_alarm_notifications`
--
ALTER TABLE `app_alarm_notifications`
  ADD CONSTRAINT `app_alarm_notifications_ibfk_1` FOREIGN KEY (`id_alarm_logs`) REFERENCES `alarm_logs` (`id`),
  ADD CONSTRAINT `app_alarm_notifications_ibfk_2` FOREIGN KEY (`id_app_names`) REFERENCES `app_names` (`id`),
  ADD CONSTRAINT `app_alarm_notifications_ibfk_3` FOREIGN KEY (`id_app_users`) REFERENCES `app_users` (`id`),
  ADD CONSTRAINT `app_alarm_notifications_ibfk_4` FOREIGN KEY (`id_devices`) REFERENCES `devices` (`id`),
  ADD CONSTRAINT `app_alarm_notifications_ibfk_5` FOREIGN KEY (`id_contacts`) REFERENCES `contacts` (`id`);

--
-- Limiti per la tabella `app_keys`
--
ALTER TABLE `app_keys`
  ADD CONSTRAINT `app_keys_ibfk_1` FOREIGN KEY (`id_app_names`) REFERENCES `app_names` (`id`);

--
-- Limiti per la tabella `app_names_users_nfc`
--
ALTER TABLE `app_names_users_nfc`
  ADD CONSTRAINT `app_names_users_nfc_ibfk_1` FOREIGN KEY (`id_app_names`) REFERENCES `app_names` (`id`),
  ADD CONSTRAINT `app_names_users_nfc_ibfk_2` FOREIGN KEY (`id_app_users`) REFERENCES `app_users` (`id`),
  ADD CONSTRAINT `app_names_users_nfc_ibfk_3` FOREIGN KEY (`id_devices_nfc`) REFERENCES `devices` (`id`);

--
-- Limiti per la tabella `app_user_pbx`
--
ALTER TABLE `app_user_pbx`
  ADD CONSTRAINT `app_user_pbx_ibfk_1` FOREIGN KEY (`id_app_users`) REFERENCES `app_users` (`id`),
  ADD CONSTRAINT `app_user_pbx_ibfk_2` FOREIGN KEY (`id_app_names`) REFERENCES `app_names` (`id`);

--
-- Limiti per la tabella `app_user_sessions`
--
ALTER TABLE `app_user_sessions`
  ADD CONSTRAINT `app_user_sessions_ibfk_1` FOREIGN KEY (`id_app_users`) REFERENCES `app_users` (`id`),
  ADD CONSTRAINT `app_user_sessions_ibfk_2` FOREIGN KEY (`id_app_names`) REFERENCES `app_names` (`id`);

--
-- Limiti per la tabella `app_user_type_aliases`
--
ALTER TABLE `app_user_type_aliases`
  ADD CONSTRAINT `app_user_type_aliases_ibfk_1` FOREIGN KEY (`id_app_names`) REFERENCES `app_names` (`id`),
  ADD CONSTRAINT `app_user_type_aliases_ibfk_2` FOREIGN KEY (`id_app_user_types`) REFERENCES `app_user_types` (`id`);

--
-- Limiti per la tabella `area_coordinates`
--
ALTER TABLE `area_coordinates`
  ADD CONSTRAINT `area_coordinates_ibfk_1` FOREIGN KEY (`id_area`) REFERENCES `areas` (`id`);

--
-- Limiti per la tabella `calls`
--
ALTER TABLE `calls`
  ADD CONSTRAINT `calls_ibfk_1` FOREIGN KEY (`id_alarm_logs`) REFERENCES `alarm_logs` (`id`);

--
-- Limiti per la tabella `call_group_settings`
--
ALTER TABLE `call_group_settings`
  ADD CONSTRAINT `call_group_settings_ibfk_1` FOREIGN KEY (`id_call_groups`) REFERENCES `call_groups` (`id`);

--
-- Limiti per la tabella `contacts`
--
ALTER TABLE `contacts`
  ADD CONSTRAINT `contacts_ibfk_1` FOREIGN KEY (`id_contact_types`) REFERENCES `contact_types` (`id`),
  ADD CONSTRAINT `contacts_ibfk_2` FOREIGN KEY (`id_users`) REFERENCES `users` (`id`);

--
-- Limiti per la tabella `devices`
--
ALTER TABLE `devices`
  ADD CONSTRAINT `devices_ibfk_1` FOREIGN KEY (`id_device_types`) REFERENCES `device_types` (`id`);

--
-- Limiti per la tabella `devices_location_control`
--
ALTER TABLE `devices_location_control`
  ADD CONSTRAINT `devices_location_control_ibfk_1` FOREIGN KEY (`id_device_location`) REFERENCES `devices` (`id`),
  ADD CONSTRAINT `devices_location_control_ibfk_2` FOREIGN KEY (`id_device_source`) REFERENCES `devices` (`id`);

--
-- Limiti per la tabella `device_alarm_logs`
--
ALTER TABLE `device_alarm_logs`
  ADD CONSTRAINT `device_alarm_logs_ibfk_1` FOREIGN KEY (`id_devices`) REFERENCES `devices` (`id`);

--
-- Limiti per la tabella `device_infos`
--
ALTER TABLE `device_infos`
  ADD CONSTRAINT `device_infos_ibfk_1` FOREIGN KEY (`id_devices`) REFERENCES `devices` (`id`);

--
-- Limiti per la tabella `device_locations`
--
ALTER TABLE `device_locations`
  ADD CONSTRAINT `device_locations_ibfk_2` FOREIGN KEY (`id_device_source`) REFERENCES `devices` (`id`);

--
-- Limiti per la tabella `device_location_alarms`
--
ALTER TABLE `device_location_alarms`
  ADD CONSTRAINT `device_location_alarms_ibfk_1` FOREIGN KEY (`id_devices`) REFERENCES `devices` (`id`);

--
-- Limiti per la tabella `device_logs`
--
ALTER TABLE `device_logs`
  ADD CONSTRAINT `device_logs_ibfk_1` FOREIGN KEY (`id_device`) REFERENCES `devices` (`id`);

--
-- Limiti per la tabella `device_pending`
--
ALTER TABLE `device_pending`
  ADD CONSTRAINT `device_pending_ibfk_1` FOREIGN KEY (`id_device`) REFERENCES `devices` (`id`),
  ADD CONSTRAINT `device_pending_ibfk_2` FOREIGN KEY (`id_menu_pages`) REFERENCES `menu_pages` (`id`);

--
-- Limiti per la tabella `device_positions`
--
ALTER TABLE `device_positions`
  ADD CONSTRAINT `device_positions_ibfk_1` FOREIGN KEY (`id_indoor_maps`) REFERENCES `indoor_maps` (`id`),
  ADD CONSTRAINT `device_positions_ibfk_2` FOREIGN KEY (`id_devices`) REFERENCES `devices` (`id`);

--
-- Limiti per la tabella `device_status`
--
ALTER TABLE `device_status`
  ADD CONSTRAINT `device_status_ibfk_1` FOREIGN KEY (`id_devices`) REFERENCES `devices` (`id`);

--
-- Limiti per la tabella `device_tracking`
--
ALTER TABLE `device_tracking`
  ADD CONSTRAINT `device_tracking_ibfk_1` FOREIGN KEY (`id_device_position`) REFERENCES `devices` (`id`),
  ADD CONSTRAINT `device_tracking_ibfk_2` FOREIGN KEY (`id_device_source`) REFERENCES `devices` (`id`);

--
-- Limiti per la tabella `menu_pages`
--
ALTER TABLE `menu_pages`
  ADD CONSTRAINT `menu_pages_ibfk_1` FOREIGN KEY (`parent_id`) REFERENCES `menu_pages` (`id`);

--
-- Limiti per la tabella `notification_types`
--
ALTER TABLE `notification_types`
  ADD CONSTRAINT `notification_types_ibfk_1` FOREIGN KEY (`id_app_names`) REFERENCES `app_names` (`id`);

--
-- Limiti per la tabella `nurse_monitor_events`
--
ALTER TABLE `nurse_monitor_events`
  ADD CONSTRAINT `nurse_monitor_events_ibfk_1` FOREIGN KEY (`id_devices`) REFERENCES `devices` (`id`),
  ADD CONSTRAINT `nurse_monitor_events_ibfk_2` FOREIGN KEY (`id_monitors`) REFERENCES `monitors` (`id`);

--
-- Limiti per la tabella `rel_alarms_alarm_types`
--
ALTER TABLE `rel_alarms_alarm_types`
  ADD CONSTRAINT `rel_alarms_alarm_types_ibfk_1` FOREIGN KEY (`id_alarm_types`) REFERENCES `alarm_types` (`id`),
  ADD CONSTRAINT `rel_alarms_alarm_types_ibfk_2` FOREIGN KEY (`id_alarms`) REFERENCES `alarms` (`id`);

--
-- Limiti per la tabella `rel_alarms_map_alarms`
--
ALTER TABLE `rel_alarms_map_alarms`
  ADD CONSTRAINT `rel_alarms_map_alarms_ibfk_1` FOREIGN KEY (`id_alarms`) REFERENCES `alarms` (`id`),
  ADD CONSTRAINT `rel_alarms_map_alarms_ibfk_2` FOREIGN KEY (`id_map_alarms`) REFERENCES `map_alarms` (`id`);

--
-- Limiti per la tabella `rel_app_name_app_users`
--
ALTER TABLE `rel_app_name_app_users`
  ADD CONSTRAINT `rel_app_name_app_users_ibfk_1` FOREIGN KEY (`id_app_names`) REFERENCES `app_names` (`id`),
  ADD CONSTRAINT `rel_app_name_app_users_ibfk_2` FOREIGN KEY (`id_app_users`) REFERENCES `app_users` (`id`),
  ADD CONSTRAINT `rel_app_name_app_users_ibfk_3` FOREIGN KEY (`id_app_user_types`) REFERENCES `app_user_types` (`id`);

--
-- Limiti per la tabella `rel_app_users_activities`
--
ALTER TABLE `rel_app_users_activities`
  ADD CONSTRAINT `rel_app_users_activities_ibfk_1` FOREIGN KEY (`id_activities`) REFERENCES `activities` (`id`),
  ADD CONSTRAINT `rel_app_users_activities_ibfk_2` FOREIGN KEY (`id_app_users`) REFERENCES `app_users` (`id`),
  ADD CONSTRAINT `rel_app_users_activities_ibfk_3` FOREIGN KEY (`id_devices`) REFERENCES `devices` (`id`),
  ADD CONSTRAINT `rel_app_users_activities_ibfk_4` FOREIGN KEY (`id_app_names`) REFERENCES `app_names` (`id`);

--
-- Limiti per la tabella `rel_app_users_tm_raw_events`
--
ALTER TABLE `rel_app_users_tm_raw_events`
  ADD CONSTRAINT `rel_app_users_tm_raw_events_ibfk_1` FOREIGN KEY (`id_app_users`) REFERENCES `app_users` (`id`),
  ADD CONSTRAINT `rel_app_users_tm_raw_events_ibfk_2` FOREIGN KEY (`id_tm_raw_events`) REFERENCES `tm_raw_events` (`id`),
  ADD CONSTRAINT `rel_app_users_tm_raw_events_ibfk_3` FOREIGN KEY (`id_contacts`) REFERENCES `contacts` (`id`);

--
-- Limiti per la tabella `rel_areas_areas_details`
--
ALTER TABLE `rel_areas_areas_details`
  ADD CONSTRAINT `rel_areas_areas_details_ibfk_1` FOREIGN KEY (`id_areas`) REFERENCES `areas` (`id`),
  ADD CONSTRAINT `rel_areas_areas_details_ibfk_2` FOREIGN KEY (`id_area_details`) REFERENCES `area_details` (`id`);

--
-- Limiti per la tabella `rel_areas_devices`
--
ALTER TABLE `rel_areas_devices`
  ADD CONSTRAINT `rel_areas_devices_ibfk_1` FOREIGN KEY (`id_device`) REFERENCES `devices` (`id`),
  ADD CONSTRAINT `rel_areas_devices_ibfk_2` FOREIGN KEY (`id_area`) REFERENCES `areas` (`id`);

--
-- Limiti per la tabella `rel_call_groups_alarms`
--
ALTER TABLE `rel_call_groups_alarms`
  ADD CONSTRAINT `rel_call_groups_alarms_ibfk_1` FOREIGN KEY (`id_call_groups`) REFERENCES `call_groups` (`id`),
  ADD CONSTRAINT `rel_call_groups_alarms_ibfk_2` FOREIGN KEY (`id_alarms`) REFERENCES `alarms` (`id`);

--
-- Limiti per la tabella `rel_call_groups_call_groups_modalities`
--
ALTER TABLE `rel_call_groups_call_groups_modalities`
  ADD CONSTRAINT `rel_call_groups_call_groups_modalities_ibfk_1` FOREIGN KEY (`id_call_groups`) REFERENCES `call_groups` (`id`),
  ADD CONSTRAINT `rel_call_groups_call_groups_modalities_ibfk_2` FOREIGN KEY (`id_call_groups_modalities`) REFERENCES `call_groups_modalities` (`id`);

--
-- Limiti per la tabella `rel_call_groups_tm_raw_events`
--
ALTER TABLE `rel_call_groups_tm_raw_events`
  ADD CONSTRAINT `rel_call_groups_tm_raw_events_ibfk_1` FOREIGN KEY (`id_call_groups`) REFERENCES `call_groups` (`id`),
  ADD CONSTRAINT `rel_call_groups_tm_raw_events_ibfk_2` FOREIGN KEY (`id_tm_raw_events`) REFERENCES `tm_raw_events` (`id`);

--
-- Limiti per la tabella `rel_contacts_alarm_logs`
--
ALTER TABLE `rel_contacts_alarm_logs`
  ADD CONSTRAINT `rel_contacts_alarm_logs_ibfk_2` FOREIGN KEY (`id_contacts`) REFERENCES `contacts` (`id`),
  ADD CONSTRAINT `rel_contacts_alarm_logs_ibfk_3` FOREIGN KEY (`id_alarm_logs`) REFERENCES `alarm_logs` (`id`);

--
-- Limiti per la tabella `rel_contacts_call_groups`
--
ALTER TABLE `rel_contacts_call_groups`
  ADD CONSTRAINT `rel_contacts_call_groups_ibfk_1` FOREIGN KEY (`id_contacts`) REFERENCES `contacts` (`id`),
  ADD CONSTRAINT `rel_contacts_call_groups_ibfk_2` FOREIGN KEY (`id_call_groups`) REFERENCES `call_groups` (`id`);

--
-- Limiti per la tabella `rel_devices_alarms`
--
ALTER TABLE `rel_devices_alarms`
  ADD CONSTRAINT `rel_devices_alarms_ibfk_1` FOREIGN KEY (`id_alarms`) REFERENCES `alarms` (`id`),
  ADD CONSTRAINT `rel_devices_alarms_ibfk_2` FOREIGN KEY (`id_devices`) REFERENCES `devices` (`id`);

--
-- Limiti per la tabella `rel_devices_call_groups`
--
ALTER TABLE `rel_devices_call_groups`
  ADD CONSTRAINT `rel_devices_call_groups_ibfk_1` FOREIGN KEY (`id_call_groups`) REFERENCES `call_groups` (`id`),
  ADD CONSTRAINT `rel_devices_call_groups_ibfk_2` FOREIGN KEY (`id_devices`) REFERENCES `devices` (`id`);

--
-- Limiti per la tabella `rel_devices_devices`
--
ALTER TABLE `rel_devices_devices`
  ADD CONSTRAINT `rel_devices_devices_ibfk_1` FOREIGN KEY (`id_device_parent`) REFERENCES `devices` (`id`),
  ADD CONSTRAINT `rel_devices_devices_ibfk_2` FOREIGN KEY (`id_device_son`) REFERENCES `devices` (`id`);

--
-- Limiti per la tabella `rel_devices_device_details`
--
ALTER TABLE `rel_devices_device_details`
  ADD CONSTRAINT `rel_devices_device_details_ibfk_1` FOREIGN KEY (`id_devices`) REFERENCES `devices` (`id`),
  ADD CONSTRAINT `rel_devices_device_details_ibfk_2` FOREIGN KEY (`id_device_details`) REFERENCES `device_details` (`id`);

--
-- Limiti per la tabella `rel_devices_device_modalities`
--
ALTER TABLE `rel_devices_device_modalities`
  ADD CONSTRAINT `rel_devices_device_modalities_ibfk_1` FOREIGN KEY (`id_devices`) REFERENCES `devices` (`id`),
  ADD CONSTRAINT `rel_devices_device_modalities_ibfk_2` FOREIGN KEY (`id_device_modalities`) REFERENCES `device_modalities` (`id`),
  ADD CONSTRAINT `rel_devices_device_modalities_ibfk_3` FOREIGN KEY (`id_parent_devices`) REFERENCES `devices` (`id`);

--
-- Limiti per la tabella `rel_devices_menu_pages`
--
ALTER TABLE `rel_devices_menu_pages`
  ADD CONSTRAINT `rel_devices_menu_pages_ibfk_1` FOREIGN KEY (`id_devices`) REFERENCES `devices` (`id`),
  ADD CONSTRAINT `rel_devices_menu_pages_ibfk_2` FOREIGN KEY (`id_menu_pages`) REFERENCES `menu_pages` (`id`);

--
-- Limiti per la tabella `rel_device_types_alarm_types`
--
ALTER TABLE `rel_device_types_alarm_types`
  ADD CONSTRAINT `rel_device_types_alarm_types_ibfk_1` FOREIGN KEY (`id_alarm_types`) REFERENCES `alarm_types` (`id`),
  ADD CONSTRAINT `rel_device_types_alarm_types_ibfk_2` FOREIGN KEY (`id_device_types`) REFERENCES `device_types` (`id`);

--
-- Limiti per la tabella `rel_events_alarm_logs`
--
ALTER TABLE `rel_events_alarm_logs`
  ADD CONSTRAINT `rel_events_alarm_logs_ibfk_1` FOREIGN KEY (`id_alarm_logs`) REFERENCES `alarm_logs` (`id`),
  ADD CONSTRAINT `rel_events_alarm_logs_ibfk_2` FOREIGN KEY (`id_events`) REFERENCES `events` (`id`);

--
-- Limiti per la tabella `rel_notification_sounds_notification_types`
--
ALTER TABLE `rel_notification_sounds_notification_types`
  ADD CONSTRAINT `rel_notification_sounds_notification_types_ibfk_1` FOREIGN KEY (`id_notification_sounds`) REFERENCES `notification_sounds` (`id`),
  ADD CONSTRAINT `rel_notification_sounds_notification_types_ibfk_2` FOREIGN KEY (`id_notification_types`) REFERENCES `notification_types` (`id`);

--
-- Limiti per la tabella `rel_sessions_web_notifications`
--
ALTER TABLE `rel_sessions_web_notifications`
  ADD CONSTRAINT `rel_sessions_web_notifications_ibfk_1` FOREIGN KEY (`id_sessions`) REFERENCES `sessions` (`id`),
  ADD CONSTRAINT `rel_sessions_web_notifications_ibfk_2` FOREIGN KEY (`id_web_notifications`) REFERENCES `web_notifications` (`id`);

--
-- Limiti per la tabella `rel_troubles_alarm_logs`
--
ALTER TABLE `rel_troubles_alarm_logs`
  ADD CONSTRAINT `rel_troubles_alarm_logs_ibfk_1` FOREIGN KEY (`id_alarm_logs`) REFERENCES `alarm_logs` (`id`),
  ADD CONSTRAINT `rel_troubles_alarm_logs_ibfk_2` FOREIGN KEY (`id_troubles`) REFERENCES `troubles` (`id`);

--
-- Limiti per la tabella `rel_users_user_details`
--
ALTER TABLE `rel_users_user_details`
  ADD CONSTRAINT `rel_users_user_details_ibfk_1` FOREIGN KEY (`id_users`) REFERENCES `users` (`id`),
  ADD CONSTRAINT `rel_users_user_details_ibfk_2` FOREIGN KEY (`id_user_details`) REFERENCES `user_details` (`id`);

--
-- Limiti per la tabella `rel_user_types_menu_pages`
--
ALTER TABLE `rel_user_types_menu_pages`
  ADD CONSTRAINT `rel_user_types_menu_pages_ibfk_1` FOREIGN KEY (`id_user_types`) REFERENCES `user_types` (`id`),
  ADD CONSTRAINT `rel_user_types_menu_pages_ibfk_2` FOREIGN KEY (`id_menu_pages`) REFERENCES `menu_pages` (`id`);

--
-- Limiti per la tabella `repeating_alarms`
--
ALTER TABLE `repeating_alarms`
  ADD CONSTRAINT `repeating_alarms_ibfk_1` FOREIGN KEY (`id_devices`) REFERENCES `devices` (`id`);

--
-- Limiti per la tabella `sensor_data`
--
ALTER TABLE `sensor_data`
  ADD CONSTRAINT `sensor_data_ibfk_1` FOREIGN KEY (`id_devices`) REFERENCES `devices` (`id`);

--
-- Limiti per la tabella `sessions`
--
ALTER TABLE `sessions`
  ADD CONSTRAINT `sessions_ibfk_1` FOREIGN KEY (`id_users`) REFERENCES `users` (`id`);

--
-- Limiti per la tabella `sms`
--
ALTER TABLE `sms`
  ADD CONSTRAINT `sms_ibfk_1` FOREIGN KEY (`id_users`) REFERENCES `users` (`id`),
  ADD CONSTRAINT `sms_ibfk_2` FOREIGN KEY (`id_alarm_logs`) REFERENCES `alarm_logs` (`id`);

--
-- Limiti per la tabella `time_conditions`
--
ALTER TABLE `time_conditions`
  ADD CONSTRAINT `time_conditions_ibfk_1` FOREIGN KEY (`id_week_days`) REFERENCES `week_days` (`id`),
  ADD CONSTRAINT `time_conditions_ibfk_2` FOREIGN KEY (`id_call_groups`) REFERENCES `call_groups` (`id`);

--
-- Limiti per la tabella `tm_raw_events`
--
ALTER TABLE `tm_raw_events`
  ADD CONSTRAINT `tm_raw_events_ibfk_1` FOREIGN KEY (`id_tm_raw_events`) REFERENCES `tm_raw_events` (`id`),
  ADD CONSTRAINT `tm_raw_events_ibfk_2` FOREIGN KEY (`id_events`) REFERENCES `events` (`id`);

--
-- Limiti per la tabella `users`
--
ALTER TABLE `users`
  ADD CONSTRAINT `users_ibfk_1` FOREIGN KEY (`id_user_types`) REFERENCES `user_types` (`id`);

DELIMITER $$
--
-- Eventi
--
CREATE DEFINER=`root`@`localhost` EVENT `Delete SMS` ON SCHEDULE EVERY 1 WEEK STARTS '2023-03-22 09:39:12' ON COMPLETION NOT PRESERVE ENABLE DO BEGIN
delete from isafe.sms where sent=1;
ALTER TABLE isafe.sms AUTO_INCREMENT = 1;
END$$

DELIMITER ;
COMMIT;

